{"id":1016,"date":"2022-02-16T15:12:40","date_gmt":"2022-02-16T15:12:40","guid":{"rendered":"https:\/\/mybody5.ee.mybody.ee\/proov\/product\/parandab-sudame-toovoimet-self-taurine-2-1853\/"},"modified":"2022-02-16T15:12:40","modified_gmt":"2022-02-16T15:12:40","slug":"parandab-sudame-toovoimet-self-taurine-2-1853","status":"publish","type":"product","link":"https:\/\/mybody5.ee.mybody.ee\/proov\/product\/parandab-sudame-toovoimet-self-taurine-2-1853\/","title":{"rendered":"Parandab s\u00fcdame t\u00f6\u00f6v\u00f5imet &#8211; SELF Taurine"},"content":{"rendered":"<p><strong>Tauriin<\/strong> on k\u00f5rge kvaliteediga toidulisand, mis t\u00e4idab t\u00e4htsaid metaboolseid \u00fclesandeid, m\u00e4ngides v\u00e4ga olulist rolli aminohapete tranformatsiooniprotsessides.<\/p>\n<p> Tauriin aitab reguleerida pulssi, s\u00e4ilitada rakumembraani stabiilsust ning v\u00e4ltida raku \u00fcletegevust. Osaleb sapphapete s\u00fcnteesis, s\u00fcdamel\u00f6\u00f6kide regulatsioonis, aju neuronite ja keskn\u00e4rvis\u00fcsteemi tegevuses. Tauriin takistab ka serotoniini moodustumist, mis eritub f\u00fc\u00fcsilise aktiivsuse korral ja p\u00f5hjustab v\u00e4simust. Toimib ka antioks\u00fcdandina. Sarnaselt insuliinile aitab tauriin kaasa kreatiini transpordile lihasrakkudesse, muutes selle toime veelgi efektiivsemaks.<\/p>\n<h3 style=\"text-align: justify;\">Toime<\/h3>\n<ul>\n<li>Toetab valgus\u00fcnteesi<\/li>\n<li>Aitab s\u00e4ilitada rakumembraani stabiilsust<\/li>\n<li>Toetab ainevahetust<\/li>\n<li>Parandab s\u00fcdame funktsiooni<\/li>\n<\/ul>\n<h3 style=\"text-align: justify;\">Kasutamine<\/h3>\n<p>Soovituslik annus on 1-6 g p\u00e4evas. N\u00e4iteks 3g enne trenni ja 3g p\u00e4rast trenni.<\/p>\n<h3 style=\"text-align: justify;\">Kellele sobib?<\/h3>\n<p>\u00dcks parimaid kombinatsioone on tauriin ja kreatiin koos, mis parandavad lihaste j\u00f5udu f\u00fc\u00fcsilise aktiivsuse ajal. Just sellep\u00e4rast leidubki tauriini paljudes trennieelsetes lisandites. Lisaks s\u00fcdame t\u00f6\u00f6v\u00f5ime parandamisele treenitud sportlastel,&nbsp;on tauriini heaks omaduseks veel ka lihasraku suurendamine.<\/p>\n<h3 style=\"text-align: justify;\">Pakend:&nbsp;<span style=\"font-family:arial,helvetica,sans-serif;\"><span style=\"font-size: 12px; line-height: 1.6em;\">200g<\/span><\/span><\/h3>\n<h3 style=\"text-align: justify;\">Koostis:&nbsp;<span style=\"font-size: 13px; line-height: 1.6em;\"><span style=\"font-size:12px;\"><span style=\"font-family: arial,helvetica,sans-serif;\">100%<\/span><\/span> <span style=\"font-size:12px;\"><span style=\"font-family: arial,helvetica,sans-serif;\">tauriini&nbsp;pulber<\/span><\/span><\/span><\/h3>\n<p style=\"text-align: justify;\">Amino Taurine kg hind on 99.25\u20ac<\/p>\n<p style=\"text-align: justify;\">Artikkel: <em><a href=\"http:\/\/mybody.ee\/tauriin-on-vajalik-narvisusteemi-arenguks-sudametegevuseks-toidurasvade-seedumiseks\/\"><span itemprop=\"name\">Tauriin on vajalik n\u00e4rvis\u00fcsteemi arenguks, s\u00fcdametegevuseks, toidurasvade seedumiseks<\/span><\/a><\/em><\/p>\n<p style=\"text-align: justify;\">Konsultatsioon<\/p>\n<ul>\n<li style=\"text-align: justify;\">Oled oodatud tasuta konsultatsioonile MYBODY Audentese kauplusesse,<\/li>\n<li style=\"text-align: justify;\">Asukoht: Audentese Spordikeskus, Tondi 84.<\/li>\n<li style=\"text-align: justify;\">Telefon EST\/RUS\/ENG +372&nbsp;523 1960<\/li>\n<li style=\"text-align: justify;\">Telefon EST\/ENG +372 56&nbsp;458&nbsp;688<\/li>\n<li style=\"text-align: justify;\"><a href=\"mailto:info@mybody.ee\">info@mybody.ee<\/a><\/li>\n<li style=\"text-align: justify;\"><a href=\"http:\/\/www.facebook.com\/mybody.ee\">www.facebook.com\/mybody.ee<\/a><\/li>\n<\/ul>\n","protected":false},"excerpt":{"rendered":"<p>Tauriin on k\u00f5rge kvaliteediga toidulisand, mis t\u00e4idab t\u00e4htsaid metaboolseid \u00fclesandeid, m\u00e4ngides v\u00e4ga olulist rolli aminohapete tranformatsiooniprotsessides. Tauriin aitab reguleerida pulssi, s\u00e4ilitada rakumembraani stabiilsust ning v\u00e4ltida raku \u00fcletegevust. Osaleb sapphapete s\u00fcnteesis, s\u00fcdamel\u00f6\u00f6kide regulatsioonis, aju neuronite ja keskn\u00e4rvis\u00fcsteemi tegevuses. Tauriin takistab ka serotoniini moodustumist, mis eritub f\u00fc\u00fcsilise aktiivsuse korral ja p\u00f5hjustab v\u00e4simust. Toimib ka antioks\u00fcdandina. Sarnaselt insuliinile [&hellip;]<\/p>\n","protected":false},"featured_media":0,"comment_status":"open","ping_status":"closed","template":"","meta":{"inline_featured_image":false},"product_cat":[17,25,49,29],"product_tag":[],"class_list":{"0":"post-1016","1":"product","2":"type-product","3":"status-publish","5":"product_cat-aminohapped","6":"product_cat-naturaalsed-toidulisandid","7":"product_cat-puhtad-aminohapped","8":"product_cat-sooduspakkumised","9":"pa_kogusg-200g","10":"pa_kunakasutada-ennetrenniparasttrenni","11":"pa_vorm-pulber","13":"first","14":"instock","15":"shipping-taxable","16":"purchasable","17":"product-type-simple"},"yoast_head":"<!-- This site is optimized with the Yoast SEO plugin v27.3 - https:\/\/yoast.com\/product\/yoast-seo-wordpress\/ -->\n<title>Parandab s\u00fcdame t\u00f6\u00f6v\u00f5imet - SELF Taurine - MyBody.ee - Toidulisandid ja sporditarvikud<\/title>\n<meta name=\"description\" content=\"Tauriin on k\u00f5rge kvaliteediga toidulisand, mis t\u00e4idab t\u00e4\" \/>\n<meta name=\"robots\" content=\"index, follow, max-snippet:-1, max-image-preview:large, max-video-preview:-1\" \/>\n<link rel=\"canonical\" href=\"https:\/\/mybody5.ee.mybody.ee\/proov\/product\/parandab-sudame-toovoimet-self-taurine-2-1853\/\" \/>\n<meta property=\"og:locale\" content=\"et_EE\" \/>\n<meta property=\"og:type\" content=\"article\" \/>\n<meta property=\"og:title\" content=\"Parandab s\u00fcdame t\u00f6\u00f6v\u00f5imet - SELF Taurine - MyBody.ee - Toidulisandid ja sporditarvikud\" \/>\n<meta property=\"og:description\" content=\"Tauriin on k\u00f5rge kvaliteediga toidulisand, mis t\u00e4idab t\u00e4\" \/>\n<meta property=\"og:url\" content=\"https:\/\/mybody5.ee.mybody.ee\/proov\/product\/parandab-sudame-toovoimet-self-taurine-2-1853\/\" \/>\n<meta property=\"og:site_name\" content=\"supplero\" \/>\n<meta property=\"article:publisher\" content=\"https:\/\/facebook.com\/MyBody.ee\/\" \/>\n<meta property=\"og:image\" content=\"https:\/\/mybody5.ee.mybody.ee\/proov\/wp-content\/uploads\/2023\/11\/mybody_logo_h65.png\" \/>\n\t<meta property=\"og:image:width\" content=\"229\" \/>\n\t<meta property=\"og:image:height\" content=\"65\" \/>\n\t<meta property=\"og:image:type\" content=\"image\/png\" \/>\n<meta name=\"twitter:card\" content=\"summary_large_image\" \/>\n<meta name=\"twitter:label1\" content=\"Est. reading time\" \/>\n\t<meta name=\"twitter:data1\" content=\"1 minut\" \/>\n<script type=\"application\/ld+json\" class=\"yoast-schema-graph\">{\"@context\":\"https:\\\/\\\/schema.org\",\"@graph\":[{\"@type\":\"WebPage\",\"@id\":\"https:\\\/\\\/mybody5.ee.mybody.ee\\\/proov\\\/product\\\/parandab-sudame-toovoimet-self-taurine-2-1853\\\/\",\"url\":\"https:\\\/\\\/mybody5.ee.mybody.ee\\\/proov\\\/product\\\/parandab-sudame-toovoimet-self-taurine-2-1853\\\/\",\"name\":\"Parandab s\u00fcdame t\u00f6\u00f6v\u00f5imet - SELF Taurine - MyBody.ee - Toidulisandid ja sporditarvikud\",\"isPartOf\":{\"@id\":\"https:\\\/\\\/mybody5.ee.mybody.ee\\\/proov\\\/#website\"},\"datePublished\":\"2022-02-16T15:12:40+00:00\",\"description\":\"Tauriin on k\u00f5rge kvaliteediga toidulisand, mis t\u00e4idab t\u00e4\",\"breadcrumb\":{\"@id\":\"https:\\\/\\\/mybody5.ee.mybody.ee\\\/proov\\\/product\\\/parandab-sudame-toovoimet-self-taurine-2-1853\\\/#breadcrumb\"},\"inLanguage\":\"et\",\"potentialAction\":[{\"@type\":\"ReadAction\",\"target\":[\"https:\\\/\\\/mybody5.ee.mybody.ee\\\/proov\\\/product\\\/parandab-sudame-toovoimet-self-taurine-2-1853\\\/\"]}]},{\"@type\":\"BreadcrumbList\",\"@id\":\"https:\\\/\\\/mybody5.ee.mybody.ee\\\/proov\\\/product\\\/parandab-sudame-toovoimet-self-taurine-2-1853\\\/#breadcrumb\",\"itemListElement\":[{\"@type\":\"ListItem\",\"position\":1,\"name\":\"Home\",\"item\":\"https:\\\/\\\/mybody5.ee.mybody.ee\\\/proov\\\/\"},{\"@type\":\"ListItem\",\"position\":2,\"name\":\"Shop\",\"item\":\"https:\\\/\\\/mybody5.ee.mybody.ee\\\/proov\\\/shop\\\/\"},{\"@type\":\"ListItem\",\"position\":3,\"name\":\"Parandab s\u00fcdame t\u00f6\u00f6v\u00f5imet &#8211; SELF Taurine\"}]},{\"@type\":\"WebSite\",\"@id\":\"https:\\\/\\\/mybody5.ee.mybody.ee\\\/proov\\\/#website\",\"url\":\"https:\\\/\\\/mybody5.ee.mybody.ee\\\/proov\\\/\",\"name\":\"MyBody.ee - Toidulisandid ja sporditarvikud\",\"description\":\"Just another WordPress site\",\"publisher\":{\"@id\":\"https:\\\/\\\/mybody5.ee.mybody.ee\\\/proov\\\/#organization\"},\"potentialAction\":[{\"@type\":\"SearchAction\",\"target\":{\"@type\":\"EntryPoint\",\"urlTemplate\":\"https:\\\/\\\/mybody5.ee.mybody.ee\\\/proov\\\/?s={search_term_string}\"},\"query-input\":{\"@type\":\"PropertyValueSpecification\",\"valueRequired\":true,\"valueName\":\"search_term_string\"}}],\"inLanguage\":\"et\"},{\"@type\":\"Organization\",\"@id\":\"https:\\\/\\\/mybody5.ee.mybody.ee\\\/proov\\\/#organization\",\"name\":\"MyBody.ee\",\"url\":\"https:\\\/\\\/mybody5.ee.mybody.ee\\\/proov\\\/\",\"logo\":{\"@type\":\"ImageObject\",\"inLanguage\":\"et\",\"@id\":\"https:\\\/\\\/mybody5.ee.mybody.ee\\\/proov\\\/#\\\/schema\\\/logo\\\/image\\\/\",\"url\":\"https:\\\/\\\/mybody5.ee.mybody.ee\\\/proov\\\/wp-content\\\/uploads\\\/2023\\\/11\\\/mybody_logo_h65-2.png\",\"contentUrl\":\"https:\\\/\\\/mybody5.ee.mybody.ee\\\/proov\\\/wp-content\\\/uploads\\\/2023\\\/11\\\/mybody_logo_h65-2.png\",\"width\":229,\"height\":65,\"caption\":\"MyBody.ee\"},\"image\":{\"@id\":\"https:\\\/\\\/mybody5.ee.mybody.ee\\\/proov\\\/#\\\/schema\\\/logo\\\/image\\\/\"},\"sameAs\":[\"https:\\\/\\\/facebook.com\\\/MyBody.ee\\\/\"]}]}<\/script>\n<!-- \/ Yoast SEO plugin. -->","yoast_head_json":{"title":"Parandab s\u00fcdame t\u00f6\u00f6v\u00f5imet - SELF Taurine - MyBody.ee - Toidulisandid ja sporditarvikud","description":"Tauriin on k\u00f5rge kvaliteediga toidulisand, mis t\u00e4idab t\u00e4","robots":{"index":"index","follow":"follow","max-snippet":"max-snippet:-1","max-image-preview":"max-image-preview:large","max-video-preview":"max-video-preview:-1"},"canonical":"https:\/\/mybody5.ee.mybody.ee\/proov\/product\/parandab-sudame-toovoimet-self-taurine-2-1853\/","og_locale":"et_EE","og_type":"article","og_title":"Parandab s\u00fcdame t\u00f6\u00f6v\u00f5imet - SELF Taurine - MyBody.ee - Toidulisandid ja sporditarvikud","og_description":"Tauriin on k\u00f5rge kvaliteediga toidulisand, mis t\u00e4idab t\u00e4","og_url":"https:\/\/mybody5.ee.mybody.ee\/proov\/product\/parandab-sudame-toovoimet-self-taurine-2-1853\/","og_site_name":"supplero","article_publisher":"https:\/\/facebook.com\/MyBody.ee\/","og_image":[{"width":229,"height":65,"url":"https:\/\/mybody5.ee.mybody.ee\/proov\/wp-content\/uploads\/2023\/11\/mybody_logo_h65.png","type":"image\/png"}],"twitter_card":"summary_large_image","twitter_misc":{"Est. reading time":"1 minut"},"schema":{"@context":"https:\/\/schema.org","@graph":[{"@type":"WebPage","@id":"https:\/\/mybody5.ee.mybody.ee\/proov\/product\/parandab-sudame-toovoimet-self-taurine-2-1853\/","url":"https:\/\/mybody5.ee.mybody.ee\/proov\/product\/parandab-sudame-toovoimet-self-taurine-2-1853\/","name":"Parandab s\u00fcdame t\u00f6\u00f6v\u00f5imet - SELF Taurine - MyBody.ee - Toidulisandid ja sporditarvikud","isPartOf":{"@id":"https:\/\/mybody5.ee.mybody.ee\/proov\/#website"},"datePublished":"2022-02-16T15:12:40+00:00","description":"Tauriin on k\u00f5rge kvaliteediga toidulisand, mis t\u00e4idab t\u00e4","breadcrumb":{"@id":"https:\/\/mybody5.ee.mybody.ee\/proov\/product\/parandab-sudame-toovoimet-self-taurine-2-1853\/#breadcrumb"},"inLanguage":"et","potentialAction":[{"@type":"ReadAction","target":["https:\/\/mybody5.ee.mybody.ee\/proov\/product\/parandab-sudame-toovoimet-self-taurine-2-1853\/"]}]},{"@type":"BreadcrumbList","@id":"https:\/\/mybody5.ee.mybody.ee\/proov\/product\/parandab-sudame-toovoimet-self-taurine-2-1853\/#breadcrumb","itemListElement":[{"@type":"ListItem","position":1,"name":"Home","item":"https:\/\/mybody5.ee.mybody.ee\/proov\/"},{"@type":"ListItem","position":2,"name":"Shop","item":"https:\/\/mybody5.ee.mybody.ee\/proov\/shop\/"},{"@type":"ListItem","position":3,"name":"Parandab s\u00fcdame t\u00f6\u00f6v\u00f5imet &#8211; SELF Taurine"}]},{"@type":"WebSite","@id":"https:\/\/mybody5.ee.mybody.ee\/proov\/#website","url":"https:\/\/mybody5.ee.mybody.ee\/proov\/","name":"MyBody.ee - Toidulisandid ja sporditarvikud","description":"Just another WordPress site","publisher":{"@id":"https:\/\/mybody5.ee.mybody.ee\/proov\/#organization"},"potentialAction":[{"@type":"SearchAction","target":{"@type":"EntryPoint","urlTemplate":"https:\/\/mybody5.ee.mybody.ee\/proov\/?s={search_term_string}"},"query-input":{"@type":"PropertyValueSpecification","valueRequired":true,"valueName":"search_term_string"}}],"inLanguage":"et"},{"@type":"Organization","@id":"https:\/\/mybody5.ee.mybody.ee\/proov\/#organization","name":"MyBody.ee","url":"https:\/\/mybody5.ee.mybody.ee\/proov\/","logo":{"@type":"ImageObject","inLanguage":"et","@id":"https:\/\/mybody5.ee.mybody.ee\/proov\/#\/schema\/logo\/image\/","url":"https:\/\/mybody5.ee.mybody.ee\/proov\/wp-content\/uploads\/2023\/11\/mybody_logo_h65-2.png","contentUrl":"https:\/\/mybody5.ee.mybody.ee\/proov\/wp-content\/uploads\/2023\/11\/mybody_logo_h65-2.png","width":229,"height":65,"caption":"MyBody.ee"},"image":{"@id":"https:\/\/mybody5.ee.mybody.ee\/proov\/#\/schema\/logo\/image\/"},"sameAs":["https:\/\/facebook.com\/MyBody.ee\/"]}]}},"_links":{"self":[{"href":"https:\/\/mybody5.ee.mybody.ee\/proov\/wp-json\/wp\/v2\/product\/1016","targetHints":{"allow":["GET"]}}],"collection":[{"href":"https:\/\/mybody5.ee.mybody.ee\/proov\/wp-json\/wp\/v2\/product"}],"about":[{"href":"https:\/\/mybody5.ee.mybody.ee\/proov\/wp-json\/wp\/v2\/types\/product"}],"replies":[{"embeddable":true,"href":"https:\/\/mybody5.ee.mybody.ee\/proov\/wp-json\/wp\/v2\/comments?post=1016"}],"wp:attachment":[{"href":"https:\/\/mybody5.ee.mybody.ee\/proov\/wp-json\/wp\/v2\/media?parent=1016"}],"wp:term":[{"taxonomy":"product_cat","embeddable":true,"href":"https:\/\/mybody5.ee.mybody.ee\/proov\/wp-json\/wp\/v2\/product_cat?post=1016"},{"taxonomy":"product_tag","embeddable":true,"href":"https:\/\/mybody5.ee.mybody.ee\/proov\/wp-json\/wp\/v2\/product_tag?post=1016"}],"curies":[{"name":"wp","href":"https:\/\/api.w.org\/{rel}","templated":true}]}}