{"id":1064,"date":"2023-06-14T14:22:12","date_gmt":"2023-06-14T14:22:12","guid":{"rendered":"https:\/\/mybody5.ee.mybody.ee\/proov\/product\/all-stars-plant-based-vegan-protein-bar\/"},"modified":"2023-06-14T14:22:12","modified_gmt":"2023-06-14T14:22:12","slug":"all-stars-plant-based-vegan-protein-bar","status":"publish","type":"product","link":"https:\/\/mybody5.ee.mybody.ee\/proov\/product\/all-stars-plant-based-vegan-protein-bar\/","title":{"rendered":"ALL STARS Plant Based Vegan Protein Bar"},"content":{"rendered":"<div>\n<p><font face=\"Helvetica Neue\"><strong><span style=\"font-size: 14px;\">Plant Based Vegan Protein bar<\/span><\/strong><span style=\"font-size: 14px;\"><span style=\"font-size: 14px;\">&nbsp;on 100% taimne valgubatoon k\u00f5igile, kes peavad lugu taimsest toidust.&nbsp;<\/span><\/span><\/font><strong style=\"font-family: &quot;Helvetica Neue&quot;;\"><span style=\"font-size: 14px;\">Plant Based Vegan Protein<\/span><\/strong><font face=\"Helvetica Neue\"><span style=\"font-size: 14px;\"><span style=\"font-size: 14px;\">&nbsp;on valmistatud kvaliteetsest hernevalgu isolaadist ja .<\/span><\/span><\/font><\/p>\n<p style=\"margin-bottom: 1.3em; caret-color: rgb(119, 119, 119); font-size: 15.199999809265137px;\"><font face=\"Helvetica Neue\"><span style=\"font-size: 14px;\"><b>Pea proteiin isolaat<\/b> on taimne proteiiniallikas hernestest. Selle eriti&nbsp;<\/span><span style=\"font-size: 14px;\">k\u00f5rge 85% proteiinisisaldus<\/span><span style=\"font-size: 14px;\">&nbsp;on sobilik nii sportlastele, kui ka koduseks kasutamiseks, et oma men\u00fc\u00fcs proteiini taset t\u00f5sta.&nbsp;Tegemist on puhta p\u00e4hkliga maitsestatud batooniga &nbsp;ning sobib h\u00e4sti ka erinevate taimetoitude, vegan toitude ja smuutidega segamiseks.<\/span><\/font><\/p>\n<p><span style=\"font-size: 14px;\"><font face=\"Helvetica Neue\">  <\/font><\/span><\/p>\n<ul><span style=\"font-size: 14px;\"><font face=\"Helvetica Neue\"> \t<\/font><\/span><\/p>\n<li><font face=\"Helvetica Neue\"><span style=\"font-size: 14px;\">Sisaldab k\u00f5rgkvaliteetset hernevalgu isolaati<\/span><\/font><\/li>\n<p><span style=\"font-size: 14px;\"> \t<\/span><\/p>\n<li><font face=\"Helvetica Neue\"><span style=\"font-size: 14px;\">Laktoosivaba<\/span><\/font><\/li>\n<p><span style=\"font-size: 14px;\"> \t<\/span><\/p>\n<li><font face=\"Helvetica Neue\"><span style=\"font-size: 14px;\">Gluteenivaba<\/span><\/font><\/li>\n<li><font face=\"Helvetica Neue\"><span style=\"font-size: 14px;\">k\u00f5igest 167kcal<\/span><\/font><\/li>\n<\/ul>\n<p><span style=\"font-size: 14px;\">  <\/span><\/p>\n<h3><font face=\"Helvetica Neue\"><span style=\"font-size: 14px;\">Kellele sobib?<\/span><\/font><\/h3>\n<p><span style=\"font-size: 14px;\">  <\/span><\/p>\n<p><font face=\"Helvetica Neue\"><span style=\"font-size: 14px;\">Plant Protein sobib h\u00e4sti n\u00e4iteks sportlastele ja taimetoitlastele, aga ka neile, kes soovivad kaalu langetada.<\/span><\/font><\/p>\n<p><span style=\"font-size: 14px;\">  <\/span><\/p>\n<h3><font face=\"Helvetica Neue\"><span style=\"font-size: 14px;\">Pakend: 1<\/span><span style=\"font-size: 14px;\">00g<\/span><\/font><\/h3>\n<p><span style=\"font-size: 14px;\"> <\/span><\/div>\n<p><span style=\"font-size: 14px;\">  <\/span><span style=\"font-size: 14px;\"> \t<\/span><span style=\"font-size: 14px;\"> \t\t<\/span><span style=\"font-size: 14px;\"> \t\t\t<\/span><span style=\"font-size: 14px;\"> \t\t\t<\/span><span style=\"font-size: 14px;\"> \t\t\t<\/span><span style=\"font-size: 14px;\"> \t\t<\/span><span style=\"font-size: 14px;\"> \t\t<\/span><span style=\"font-size: 14px;\"> \t\t\t<\/span><span style=\"font-size: 14px;\"> \t\t\t<\/span><span style=\"font-size: 14px;\"> \t\t\t<\/span><span style=\"font-size: 14px;\"> \t\t<\/span><span style=\"font-size: 14px;\"> \t\t<\/span><span style=\"font-size: 14px;\"> \t\t\t<\/span><span style=\"font-size: 14px;\"> \t\t\t<\/span><span style=\"font-size: 14px;\"> \t\t\t<\/span><span style=\"font-size: 14px;\"> \t\t<\/span><span style=\"font-size: 14px;\"> \t\t<\/span><span style=\"font-size: 14px;\"> \t\t\t<\/span><span style=\"font-size: 14px;\"> \t\t\t<\/span><span style=\"font-size: 14px;\"> \t\t\t<\/span><span style=\"font-size: 14px;\"> \t\t<\/span><span style=\"font-size: 14px;\"> \t\t<\/span><span style=\"font-size: 14px;\"> \t\t\t<\/span><span style=\"font-size: 14px;\"> \t\t\t<\/span><span style=\"font-size: 14px;\"> \t\t\t<\/span><span style=\"font-size: 14px;\"> \t\t<\/span><span style=\"font-size: 14px;\"> \t\t<\/span><span style=\"font-size: 14px;\"> \t\t\t<\/span><span style=\"font-size: 14px;\"> \t\t\t<\/span><span style=\"font-size: 14px;\"> \t\t\t<\/span><span style=\"font-size: 14px;\"> \t\t<\/span><span style=\"font-size: 14px;\"> \t\t<\/span><span style=\"font-size: 14px;\"> \t\t\t<\/span><span style=\"font-size: 14px;\"> \t\t<\/span><span style=\"font-size: 14px;\"> \t<\/span><span style=\"font-size: 14px;\"> <\/span><\/p>\n<table border=\"1\" cellpadding=\"1\" cellspacing=\"1\" style=\"width: 500px;\">\n<tbody>\n<tr>\n<td><strong><font face=\"Helvetica Neue\"><span style=\"font-size: 14px;\">Vegan Protein toitev\u00e4\u00e4rtus<\/span><\/font><\/strong><\/td>\n<td><strong><font face=\"Helvetica Neue\"><span style=\"font-size: 14px;\">45g<\/span><\/font><\/strong><\/td>\n<td><strong><font face=\"Helvetica Neue\"><span style=\"font-size: 14px;\">100g<\/span><\/font><\/strong><\/td>\n<\/tr>\n<tr>\n<td><font face=\"Helvetica Neue\"><span style=\"font-size: 14px;\">Energiat<\/span><\/font><\/td>\n<td><font face=\"Helvetica Neue\"><span style=\"font-size: 14px;\">167kcal(691KJ)<\/span><\/font><\/td>\n<td><font face=\"Helvetica Neue\"><span style=\"font-size: 14px;\">372kcal(1535KJ)<\/span><\/font><\/td>\n<\/tr>\n<tr>\n<td><font face=\"Helvetica Neue\"><span style=\"font-size: 14px;\">Valke<\/span><\/font><\/td>\n<td><font face=\"Helvetica Neue\"><span style=\"font-size: 14px;\">14.4g<\/span><\/font><\/td>\n<td><font face=\"Helvetica Neue\"><span style=\"font-size: 14px;\">32g<\/span><\/font><\/td>\n<\/tr>\n<tr>\n<td><font face=\"Helvetica Neue\"><span style=\"font-size: 14px;\">S\u00fcsivesikuid,<\/span><br \/><span style=\"font-size: 14px;\"> \t\t\tmilles suhkrut<\/span><\/font><\/td>\n<td><font face=\"Helvetica Neue\"><span style=\"font-size: 14px;\">13.5g<\/span><br \/><span style=\"font-size: 14px;\"> \t\t\t0,6g<\/span><\/font><\/td>\n<td><font face=\"Helvetica Neue\"><span style=\"font-size: 14px;\">30g<\/span><br \/><span style=\"font-size: 14px;\">1,3g<\/span><\/font><\/td>\n<\/tr>\n<tr>\n<td><font face=\"Helvetica Neue\"><span style=\"font-size: 14px;\">Rasvu,<\/span><br \/><span style=\"font-size: 14px;\"> \t\t\tmillest k\u00fcllastunud rasvu<\/span><\/font><\/td>\n<td><font face=\"Helvetica Neue\"><span style=\"font-size: 14px;\">1,8g<\/span><br \/><span style=\"font-size: 14px;\">1,5g<\/span><\/font><\/td>\n<td><font face=\"Helvetica Neue\"><span style=\"font-size: 14px;\">6g<\/span><br \/><span style=\"font-size: 14px;\">5g<\/span><\/font><\/td>\n<\/tr>\n<tr>\n<td><font face=\"Helvetica Neue\"><span style=\"font-size: 14px;\">Soola<\/span><\/font><\/td>\n<td><font face=\"Helvetica Neue\"><span style=\"font-size: 14px;\">8,5g<\/span><\/font><\/td>\n<td><font face=\"Helvetica Neue\"><span style=\"font-size: 14px;\">18.8g<\/span><\/font><\/td>\n<\/tr>\n<tr>\n<td colspan=\"3\"><span style=\"font-size: 14px;\"> \t\t\t<\/span><\/p>\n<p><span style=\"font-size: 14px;\"><font face=\"Helvetica Neue\">Koostis: herne proteiinid&nbsp;<\/font><\/span><\/p>\n<p><span style=\"font-size: 14px;\"> \t\t\t<\/span><\/td>\n<\/tr>\n<\/tbody>\n<\/table>\n<p><span style=\"font-size: 14px;\">  <\/span><\/p>\n<p><font face=\"Helvetica Neue\"><span style=\"font-size: 14px;\">Konsultatsioon:<\/span><\/font><\/p>\n<p><span style=\"font-size: 14px;\">  <\/span><\/p>\n<ul><span style=\"font-size: 14px;\"> \t<\/span><\/p>\n<li style=\"text-align:justify\"><span style=\"font-size: 14px;\"><font face=\"Helvetica Neue\">Oled oodatud tasuta konsultatsioonile MYBODY Audentese kauplusesse,<\/font><\/span><\/li>\n<p><span style=\"font-size: 14px;\"> \t<\/span><\/p>\n<li style=\"text-align:justify\"><span style=\"font-size: 14px;\"><font face=\"Helvetica Neue\">Asukoht: Audentese Spordikeskus, Tondi 84.<\/font><\/span><\/li>\n<p><span style=\"font-size: 14px;\"> \t<\/span><\/p>\n<li style=\"text-align:justify\"><span style=\"font-size: 14px;\"><font face=\"Helvetica Neue\">Telefon EST\/RUS\/ENG +372&nbsp;523 1960<\/font><\/span><\/li>\n<p><span style=\"font-size: 14px;\"> \t<\/span><\/p>\n<li style=\"text-align:justify\"><span style=\"font-size: 14px;\"><font face=\"Helvetica Neue\">Telefon EST\/ENG +372 56&nbsp;458&nbsp;688<\/font><\/span><\/li>\n<p><span style=\"font-size: 14px;\"> \t<\/span><\/p>\n<li style=\"text-align:justify\"><span style=\"font-size: 14px;\"><a href=\"mailto:info@mybody.ee\"><font face=\"Helvetica Neue\">info@mybody.ee<\/font><\/a><\/span><\/li>\n<p><span style=\"font-size: 14px;\"> \t<\/span><\/p>\n<li style=\"text-align:justify\"><span style=\"font-size: 14px;\"><a href=\"http:\/\/www.facebook.com\/mybody.ee\"><font face=\"Helvetica Neue\">www.facebook.com\/mybody.ee<\/font><\/a><\/span><\/li>\n<\/ul>\n","protected":false},"excerpt":{"rendered":"<p>Plant Based Vegan Protein bar&nbsp;on 100% taimne valgubatoon k\u00f5igile, kes peavad lugu taimsest toidust.&nbsp;Plant Based Vegan Protein&nbsp;on valmistatud kvaliteetsest hernevalgu isolaadist ja . Pea proteiin isolaat on taimne proteiiniallikas hernestest. Selle eriti&nbsp;k\u00f5rge 85% proteiinisisaldus&nbsp;on sobilik nii sportlastele, kui ka koduseks kasutamiseks, et oma men\u00fc\u00fcs proteiini taset t\u00f5sta.&nbsp;Tegemist on puhta p\u00e4hkliga maitsestatud batooniga &nbsp;ning sobib h\u00e4sti [&hellip;]<\/p>\n","protected":false},"featured_media":0,"comment_status":"open","ping_status":"closed","template":"","meta":{"inline_featured_image":false},"product_cat":[60,47,27,31],"product_tag":[397,376,359,398,399,400],"class_list":{"0":"post-1064","1":"product","2":"type-product","3":"status-publish","5":"product_cat-batoonid","6":"product_cat-muud-valgud","7":"product_cat-proteiinid","8":"product_cat-vegan","9":"product_tag-397","10":"product_tag-protein","11":"product_tag-self","12":"product_tag-taimne","13":"product_tag-valguallikas","14":"product_tag-vegan","16":"first","17":"instock","18":"shipping-taxable","19":"purchasable","20":"product-type-simple"},"yoast_head":"<!-- This site is optimized with the Yoast SEO plugin v27.3 - https:\/\/yoast.com\/product\/yoast-seo-wordpress\/ -->\n<title>100% taimne valguallikas - SELF Vegan Protein - MyBody.ee - Toidulisandid ja sporditarvikud<\/title>\n<meta name=\"description\" content=\"SELF Vegan Protein on 100% taimne valgupulber k\u00f5igile kes\" \/>\n<meta name=\"robots\" content=\"index, follow, max-snippet:-1, max-image-preview:large, max-video-preview:-1\" \/>\n<link rel=\"canonical\" href=\"https:\/\/mybody5.ee.mybody.ee\/proov\/product\/all-stars-plant-based-vegan-protein-bar\/\" \/>\n<meta property=\"og:locale\" content=\"et_EE\" \/>\n<meta property=\"og:type\" content=\"article\" \/>\n<meta property=\"og:title\" content=\"100% taimne valguallikas - SELF Vegan Protein - MyBody.ee - Toidulisandid ja sporditarvikud\" \/>\n<meta property=\"og:description\" content=\"SELF Vegan Protein on 100% taimne valgupulber k\u00f5igile kes\" \/>\n<meta property=\"og:url\" content=\"https:\/\/mybody5.ee.mybody.ee\/proov\/product\/all-stars-plant-based-vegan-protein-bar\/\" \/>\n<meta property=\"og:site_name\" content=\"supplero\" \/>\n<meta property=\"article:publisher\" content=\"https:\/\/facebook.com\/MyBody.ee\/\" \/>\n<meta property=\"og:image\" content=\"https:\/\/mybody5.ee.mybody.ee\/proov\/wp-content\/uploads\/2023\/11\/mybody_logo_h65.png\" \/>\n\t<meta property=\"og:image:width\" content=\"229\" \/>\n\t<meta property=\"og:image:height\" content=\"65\" \/>\n\t<meta property=\"og:image:type\" content=\"image\/png\" \/>\n<meta name=\"twitter:card\" content=\"summary_large_image\" \/>\n<meta name=\"twitter:label1\" content=\"Est. reading time\" \/>\n\t<meta name=\"twitter:data1\" content=\"1 minut\" \/>\n<script type=\"application\/ld+json\" class=\"yoast-schema-graph\">{\"@context\":\"https:\\\/\\\/schema.org\",\"@graph\":[{\"@type\":\"WebPage\",\"@id\":\"https:\\\/\\\/mybody5.ee.mybody.ee\\\/proov\\\/product\\\/all-stars-plant-based-vegan-protein-bar\\\/\",\"url\":\"https:\\\/\\\/mybody5.ee.mybody.ee\\\/proov\\\/product\\\/all-stars-plant-based-vegan-protein-bar\\\/\",\"name\":\"100% taimne valguallikas - SELF Vegan Protein - MyBody.ee - Toidulisandid ja sporditarvikud\",\"isPartOf\":{\"@id\":\"https:\\\/\\\/mybody5.ee.mybody.ee\\\/proov\\\/#website\"},\"datePublished\":\"2023-06-14T14:22:12+00:00\",\"description\":\"SELF Vegan Protein on 100% taimne valgupulber k\u00f5igile kes\",\"breadcrumb\":{\"@id\":\"https:\\\/\\\/mybody5.ee.mybody.ee\\\/proov\\\/product\\\/all-stars-plant-based-vegan-protein-bar\\\/#breadcrumb\"},\"inLanguage\":\"et\",\"potentialAction\":[{\"@type\":\"ReadAction\",\"target\":[\"https:\\\/\\\/mybody5.ee.mybody.ee\\\/proov\\\/product\\\/all-stars-plant-based-vegan-protein-bar\\\/\"]}]},{\"@type\":\"BreadcrumbList\",\"@id\":\"https:\\\/\\\/mybody5.ee.mybody.ee\\\/proov\\\/product\\\/all-stars-plant-based-vegan-protein-bar\\\/#breadcrumb\",\"itemListElement\":[{\"@type\":\"ListItem\",\"position\":1,\"name\":\"Home\",\"item\":\"https:\\\/\\\/mybody5.ee.mybody.ee\\\/proov\\\/\"},{\"@type\":\"ListItem\",\"position\":2,\"name\":\"Shop\",\"item\":\"https:\\\/\\\/mybody5.ee.mybody.ee\\\/proov\\\/shop\\\/\"},{\"@type\":\"ListItem\",\"position\":3,\"name\":\"ALL STARS Plant Based Vegan Protein Bar\"}]},{\"@type\":\"WebSite\",\"@id\":\"https:\\\/\\\/mybody5.ee.mybody.ee\\\/proov\\\/#website\",\"url\":\"https:\\\/\\\/mybody5.ee.mybody.ee\\\/proov\\\/\",\"name\":\"MyBody.ee - Toidulisandid ja sporditarvikud\",\"description\":\"Just another WordPress site\",\"publisher\":{\"@id\":\"https:\\\/\\\/mybody5.ee.mybody.ee\\\/proov\\\/#organization\"},\"potentialAction\":[{\"@type\":\"SearchAction\",\"target\":{\"@type\":\"EntryPoint\",\"urlTemplate\":\"https:\\\/\\\/mybody5.ee.mybody.ee\\\/proov\\\/?s={search_term_string}\"},\"query-input\":{\"@type\":\"PropertyValueSpecification\",\"valueRequired\":true,\"valueName\":\"search_term_string\"}}],\"inLanguage\":\"et\"},{\"@type\":\"Organization\",\"@id\":\"https:\\\/\\\/mybody5.ee.mybody.ee\\\/proov\\\/#organization\",\"name\":\"MyBody.ee\",\"url\":\"https:\\\/\\\/mybody5.ee.mybody.ee\\\/proov\\\/\",\"logo\":{\"@type\":\"ImageObject\",\"inLanguage\":\"et\",\"@id\":\"https:\\\/\\\/mybody5.ee.mybody.ee\\\/proov\\\/#\\\/schema\\\/logo\\\/image\\\/\",\"url\":\"https:\\\/\\\/mybody5.ee.mybody.ee\\\/proov\\\/wp-content\\\/uploads\\\/2023\\\/11\\\/mybody_logo_h65-2.png\",\"contentUrl\":\"https:\\\/\\\/mybody5.ee.mybody.ee\\\/proov\\\/wp-content\\\/uploads\\\/2023\\\/11\\\/mybody_logo_h65-2.png\",\"width\":229,\"height\":65,\"caption\":\"MyBody.ee\"},\"image\":{\"@id\":\"https:\\\/\\\/mybody5.ee.mybody.ee\\\/proov\\\/#\\\/schema\\\/logo\\\/image\\\/\"},\"sameAs\":[\"https:\\\/\\\/facebook.com\\\/MyBody.ee\\\/\"]}]}<\/script>\n<!-- \/ Yoast SEO plugin. -->","yoast_head_json":{"title":"100% taimne valguallikas - SELF Vegan Protein - MyBody.ee - Toidulisandid ja sporditarvikud","description":"SELF Vegan Protein on 100% taimne valgupulber k\u00f5igile kes","robots":{"index":"index","follow":"follow","max-snippet":"max-snippet:-1","max-image-preview":"max-image-preview:large","max-video-preview":"max-video-preview:-1"},"canonical":"https:\/\/mybody5.ee.mybody.ee\/proov\/product\/all-stars-plant-based-vegan-protein-bar\/","og_locale":"et_EE","og_type":"article","og_title":"100% taimne valguallikas - SELF Vegan Protein - MyBody.ee - Toidulisandid ja sporditarvikud","og_description":"SELF Vegan Protein on 100% taimne valgupulber k\u00f5igile kes","og_url":"https:\/\/mybody5.ee.mybody.ee\/proov\/product\/all-stars-plant-based-vegan-protein-bar\/","og_site_name":"supplero","article_publisher":"https:\/\/facebook.com\/MyBody.ee\/","og_image":[{"width":229,"height":65,"url":"https:\/\/mybody5.ee.mybody.ee\/proov\/wp-content\/uploads\/2023\/11\/mybody_logo_h65.png","type":"image\/png"}],"twitter_card":"summary_large_image","twitter_misc":{"Est. reading time":"1 minut"},"schema":{"@context":"https:\/\/schema.org","@graph":[{"@type":"WebPage","@id":"https:\/\/mybody5.ee.mybody.ee\/proov\/product\/all-stars-plant-based-vegan-protein-bar\/","url":"https:\/\/mybody5.ee.mybody.ee\/proov\/product\/all-stars-plant-based-vegan-protein-bar\/","name":"100% taimne valguallikas - SELF Vegan Protein - MyBody.ee - Toidulisandid ja sporditarvikud","isPartOf":{"@id":"https:\/\/mybody5.ee.mybody.ee\/proov\/#website"},"datePublished":"2023-06-14T14:22:12+00:00","description":"SELF Vegan Protein on 100% taimne valgupulber k\u00f5igile kes","breadcrumb":{"@id":"https:\/\/mybody5.ee.mybody.ee\/proov\/product\/all-stars-plant-based-vegan-protein-bar\/#breadcrumb"},"inLanguage":"et","potentialAction":[{"@type":"ReadAction","target":["https:\/\/mybody5.ee.mybody.ee\/proov\/product\/all-stars-plant-based-vegan-protein-bar\/"]}]},{"@type":"BreadcrumbList","@id":"https:\/\/mybody5.ee.mybody.ee\/proov\/product\/all-stars-plant-based-vegan-protein-bar\/#breadcrumb","itemListElement":[{"@type":"ListItem","position":1,"name":"Home","item":"https:\/\/mybody5.ee.mybody.ee\/proov\/"},{"@type":"ListItem","position":2,"name":"Shop","item":"https:\/\/mybody5.ee.mybody.ee\/proov\/shop\/"},{"@type":"ListItem","position":3,"name":"ALL STARS Plant Based Vegan Protein Bar"}]},{"@type":"WebSite","@id":"https:\/\/mybody5.ee.mybody.ee\/proov\/#website","url":"https:\/\/mybody5.ee.mybody.ee\/proov\/","name":"MyBody.ee - Toidulisandid ja sporditarvikud","description":"Just another WordPress site","publisher":{"@id":"https:\/\/mybody5.ee.mybody.ee\/proov\/#organization"},"potentialAction":[{"@type":"SearchAction","target":{"@type":"EntryPoint","urlTemplate":"https:\/\/mybody5.ee.mybody.ee\/proov\/?s={search_term_string}"},"query-input":{"@type":"PropertyValueSpecification","valueRequired":true,"valueName":"search_term_string"}}],"inLanguage":"et"},{"@type":"Organization","@id":"https:\/\/mybody5.ee.mybody.ee\/proov\/#organization","name":"MyBody.ee","url":"https:\/\/mybody5.ee.mybody.ee\/proov\/","logo":{"@type":"ImageObject","inLanguage":"et","@id":"https:\/\/mybody5.ee.mybody.ee\/proov\/#\/schema\/logo\/image\/","url":"https:\/\/mybody5.ee.mybody.ee\/proov\/wp-content\/uploads\/2023\/11\/mybody_logo_h65-2.png","contentUrl":"https:\/\/mybody5.ee.mybody.ee\/proov\/wp-content\/uploads\/2023\/11\/mybody_logo_h65-2.png","width":229,"height":65,"caption":"MyBody.ee"},"image":{"@id":"https:\/\/mybody5.ee.mybody.ee\/proov\/#\/schema\/logo\/image\/"},"sameAs":["https:\/\/facebook.com\/MyBody.ee\/"]}]}},"_links":{"self":[{"href":"https:\/\/mybody5.ee.mybody.ee\/proov\/wp-json\/wp\/v2\/product\/1064","targetHints":{"allow":["GET"]}}],"collection":[{"href":"https:\/\/mybody5.ee.mybody.ee\/proov\/wp-json\/wp\/v2\/product"}],"about":[{"href":"https:\/\/mybody5.ee.mybody.ee\/proov\/wp-json\/wp\/v2\/types\/product"}],"replies":[{"embeddable":true,"href":"https:\/\/mybody5.ee.mybody.ee\/proov\/wp-json\/wp\/v2\/comments?post=1064"}],"wp:attachment":[{"href":"https:\/\/mybody5.ee.mybody.ee\/proov\/wp-json\/wp\/v2\/media?parent=1064"}],"wp:term":[{"taxonomy":"product_cat","embeddable":true,"href":"https:\/\/mybody5.ee.mybody.ee\/proov\/wp-json\/wp\/v2\/product_cat?post=1064"},{"taxonomy":"product_tag","embeddable":true,"href":"https:\/\/mybody5.ee.mybody.ee\/proov\/wp-json\/wp\/v2\/product_tag?post=1064"}],"curies":[{"name":"wp","href":"https:\/\/api.w.org\/{rel}","templated":true}]}}