{"id":550,"date":"2019-12-09T22:25:42","date_gmt":"2019-12-09T22:25:42","guid":{"rendered":"https:\/\/mybody5.ee.mybody.ee\/proov\/product\/vedelal-kujul-aminohapped-taastumiseks-all-stars-amino-liquid\/"},"modified":"2019-12-09T22:25:42","modified_gmt":"2019-12-09T22:25:42","slug":"vedelal-kujul-aminohapped-taastumiseks-all-stars-amino-liquid","status":"publish","type":"product","link":"https:\/\/mybody5.ee.mybody.ee\/proov\/product\/vedelal-kujul-aminohapped-taastumiseks-all-stars-amino-liquid\/","title":{"rendered":"Vedelal kujul aminohapped taastumiseks &#8211; All Stars Amino Liquid"},"content":{"rendered":"<p><strong>BF: 05.2023<\/strong><\/p>\n<p><strong>Amino liquid <\/strong>kompleks sisaldab vabal kujul aminohappeid, mis on h\u00e4davajalikud valgus\u00fcnteesiks lihaskoes. Toode sisaldab ekstrakoguses hargnenud ahelaga aminohappeid (L-leutsiin, L-valiin, L-isoleutsiin), olles nii vastavuses inimkeha naturaalse&nbsp;<span style=\"line-height: 1.6em;\">aminohapete profiiliga. Hiljutised uuringud on n\u00e4idanud, et p\u00e4rast f\u00fc\u00fcsilist aktiivsust on v\u00e4ga oluli<\/span><span style=\"line-height: 1.6em;\">sel kohal aminohapped, et k\u00e4ivitada valgus\u00fcntees. T\u00e4nu efektiivsemale valgus\u00fcnteesile paraneb taastumine ja f\u00fc\u00fcsiline v\u00f5imekus. Paljud sportlased, kes teevad <\/span><span style=\"line-height: 20.7999992370605px;\">trenni&nbsp;<\/span><span style=\"line-height: 1.6em;\">mitu korda p\u00e4evas, on t\u00e4hel<\/span><span style=\"line-height: 1.6em;\">danud, et taastumine treeningute vahel on kiirenenud, kui nad on kasutanud toidulisandina&nbsp;aminohappeid.<\/span><\/p>\n<p><strong>Amino Liquid <\/strong>toode on loodud spetsiaalselt aktiivselt treenivatele inimestele, kes vajavad aminohappeid ( mis on spetsiaalsed h\u00fcdrol\u00fcsaadid vadakuvalgust ja kollageenist) enne f\u00fc\u00fcsilist tegevust, f\u00fc\u00fcsilise tegevuse ajal ja p\u00e4rast treeningut. Toode aitab taastuda treeningutest, kasvatab lihasmassi ja tugevust, kaitseb lihasmassi treeningj\u00e4rgse lagunemise eest, s\u00e4ilitab positiivset l\u00e4mmastikutasakaalu. Aminohapete vedelal kujul manustamine tagab parima imendumise ja maksimaalse toime.<\/p>\n<h3>Toime<\/h3>\n<ul>\n<li>Kiirendab taastumist,&nbsp;eriti soovitatav raskete treeningperioodide ajal<\/li>\n<li>Kiire imendumisega<\/li>\n<li>Suurendab vastupidavust, v\u00e4hendab kurnatust, minimeerib lihaste lagunemist<\/li>\n<li>Suur hulk aminohappeid<\/li>\n<\/ul>\n<h3>Kasutamine<\/h3>\n<p>Manustada 25&nbsp;ml lahjendatult 250 ml veega enne hommikus\u00f6\u00f6ki, enne v\u00f5i kohe peale treeningut.&nbsp; Treeningvabal p\u00e4eval v\u00f5tta hommikul&nbsp;25&nbsp;ml lahjendatult 250 ml veega. Enne kasutamist loksuta pudelit tugevalt.&nbsp;P\u00e4rast kasutamist sulge pudel hoolikalt ning pese m\u00f5\u00f5dutops, avatud pudelit s\u00e4ilita k\u00fclmkapis.&nbsp;<\/p>\n<h3>Kellele sobib?<\/h3>\n<p>Sobib k\u00f5ikide&nbsp;spordialade viljelejatele, kellel on suurenenud aminohapetevajadus. Eriti oluline neile sportlastele, kellel on mitu trenni p\u00e4evas. N\u00e4iteks on tulnud positiivset tagasisidet maadlejatelt, kes kasutavad toodet enne treeningut&nbsp;ja ka treeninguaegse joogina veega lahjendatult. Ratturid kasutavad seda s\u00f5idu ajal, et takistada lihasvalkude lagunemist.<\/p>\n<h3>Pakend:&nbsp; &nbsp; &nbsp; <span style=\"font-family:arial,helvetica,sans-serif;\"><span style=\"font-size: 12px;\">1000ml<\/span><\/span><\/h3>\n<h3>Maitsed: <span style=\"font-family:arial,helvetica,sans-serif;\"><span style=\"font-size: 12px;\">apelsin<\/span><\/span><\/h3>\n<table cellpadding=\"1\" cellspacing=\"1\" style=\"width:500px\">\n<tbody>\n<tr>\n<td><span style=\"font-size:12px;\"><strong>Amino liquid toitev\u00e4\u00e4rtus<\/strong><\/span><\/td>\n<td><span style=\"font-size:12px;\"><strong>25ml<\/strong><\/span><\/td>\n<td><span style=\"font-size:12px;\"><strong>100ml<\/strong><\/span><\/td>\n<\/tr>\n<tr>\n<td><span style=\"font-size:12px;\">Valku<\/span><\/td>\n<td><span style=\"font-size:12px;\">11,3g<\/span><\/td>\n<td><span style=\"font-size:12px;\">45,2g<\/span><\/td>\n<\/tr>\n<tr>\n<td><span style=\"font-size:12px;\">S\u00fcsivesikuid<\/span><\/td>\n<td><span style=\"font-size:12px;\">0g<\/span><\/td>\n<td><span style=\"font-size:12px;\">0g<\/span><\/td>\n<\/tr>\n<tr>\n<td><span style=\"font-size:12px;\">Rasvu<\/span><\/td>\n<td><span style=\"font-size:12px;\">0g<\/span><\/td>\n<td><span style=\"font-size:12px;\">0g<\/span><\/td>\n<\/tr>\n<\/tbody>\n<\/table>\n<p>&nbsp;<\/p>\n<table cellpadding=\"1\" cellspacing=\"1\" style=\"height:63px; width:500px\">\n<tbody>\n<tr>\n<td colspan=\"4\"><span style=\"font-size:12px;\"><strong>Amino liquid aminohapete sisaldus 100ml<\/strong><\/span><\/td>\n<\/tr>\n<tr>\n<td><span style=\"font-size:12px;\">L-Leucine(BCAA)<\/span><\/td>\n<td><span style=\"font-size:12px;\">1484mg<\/span><\/td>\n<td><span style=\"font-size:12px;\">L-Theronine<\/span><\/td>\n<td><span style=\"font-size:12px;\">812mg<\/span><\/td>\n<\/tr>\n<tr>\n<td><span style=\"font-size:12px;\">L-Isoleucine(BCAA)<\/span><\/td>\n<td><span style=\"font-size:12px;\">720mg<\/span><\/td>\n<td><span style=\"font-size:12px;\">L-Metonine<\/span><\/td>\n<td><span style=\"font-size:12px;\">272mg<\/span><\/td>\n<\/tr>\n<tr>\n<td><span style=\"font-size:12px;\">L-Valine(BCAA)<\/span><\/td>\n<td><span style=\"font-size:12px;\">2720mg<\/span><\/td>\n<td><span style=\"font-size:12px;\">L-Phenylalanline<\/span><\/td>\n<td><span style=\"font-size:12px;\">2290mg<\/span><\/td>\n<\/tr>\n<tr>\n<td><span style=\"font-size:12px;\">L-Lysine<\/span><\/td>\n<td><span style=\"font-size:12px;\">452mg<\/span><\/td>\n<td><span style=\"font-size:12px;\">L-Typtophan<\/span><\/td>\n<td><span style=\"font-size:12px;\">140mg<\/span><\/td>\n<\/tr>\n<tr>\n<td><span style=\"font-size:12px;\">L-Arginine<\/span><\/td>\n<td><span style=\"font-size:12px;\">8440mg<\/span><\/td>\n<td><span style=\"font-size:12px;\">L-Glycine<\/span><\/td>\n<td><span style=\"font-size:12px;\">9272mg<\/span><\/td>\n<\/tr>\n<tr>\n<td><span style=\"font-size:12px;\">L-Aspartic acid<\/span><\/td>\n<td><span style=\"font-size:12px;\">2700mg<\/span><\/td>\n<td><span style=\"font-size:12px;\">L-Histidine<\/span><\/td>\n<td><span style=\"font-size:12px;\">272mg<\/span><\/td>\n<\/tr>\n<tr>\n<td><span style=\"font-size:12px;\">L-Cystine<\/span><\/td>\n<td><span style=\"font-size:12px;\">100mg<\/span><\/td>\n<td><span style=\"font-size:12px;\">L-Proline<\/span><\/td>\n<td><span style=\"font-size:12px;\">5984mg<\/span><\/td>\n<\/tr>\n<tr>\n<td><span style=\"font-size:12px;\">L-Alanine<\/span><\/td>\n<td><span style=\"font-size:12px;\">3916mg<\/span><\/td>\n<td><span style=\"font-size:12px;\">L-Serine<\/span><\/td>\n<td><span style=\"font-size:12px;\">1396mg<\/span><\/td>\n<\/tr>\n<tr>\n<td colspan=\"4\">\n<p><span style=\"font-size:9px;\">Koostis:<span style=\"color: rgb(0, 0, 0);\"> <\/span><span style=\"font-family: arial,helvetica,sans-serif;\">Invertsuhkrusiirup, h\u00fcdrol\u00fc\u00fcsitud kollageen, h\u00fcdrol\u00fc\u00fcsitud vadakuvalk, hapendaja (sidrunhape), l\u00f5hna- ja&nbsp;v\u00e4rvained (p\u00e4ikeseloojangukollane (E110), apelsinimaitselisel lisaks&nbsp;tartrasiin (E102)), s\u00e4ilitusained (kaaliumsorbaat, naatriumbensoaat), magusaine (sukraloos)..<\/span><\/span><\/p>\n<\/td>\n<\/tr>\n<\/tbody>\n<\/table>\n<p><span style=\"font-size:12px;\">Amino liquid liitri<\/span><span style=\"font-size: 12px; line-height: 1.6em;\">hind on 35.50\u20ac<\/span><\/p>\n<p>Konsultatsioon<\/p>\n<ul>\n<li><span style=\"font-size:12px;\">Oled oodatud tasuta konsultatsioonile MYBODY Audentese kauplusesse.<\/span><\/li>\n<li><span style=\"font-size:12px;\">Asukoht: Audentese Spordikeskus, Tondi 84.<\/span><\/li>\n<li><span style=\"font-size:12px;\">Telefon EST\/RUS\/ENG +372&nbsp;523 1960<\/span><\/li>\n<li><span style=\"font-size:12px;\">Telefon EST\/ENG +372 56&nbsp;458&nbsp;688<\/span><\/li>\n<li><span style=\"font-size:12px;\"><a href=\"mailto:info@mybody.ee\">info@mybody.ee<\/a><\/span><\/li>\n<li><span style=\"font-size:12px;\"><a href=\"http:\/\/www.facebook.com\/mybody.ee\">www.facebook.com\/mybody.ee<\/a><\/span><\/li>\n<\/ul>\n<p><span style=\"font-size:12px;\"><img decoding=\"async\" alt=\"\" src=\"http:\/\/pood.mybody.ee\/image\/data\/B\u00c4NNERID\/soovitab_sticker3_heiki.jpg\" style=\"height:244px; width:400px\"><\/span><\/p>\n<p>&nbsp;<\/p>\n<p>&nbsp;<\/p>\n<p><span style=\"color: rgb(33, 33, 33); font-family: arial, sans-serif; font-size: 16px; white-space: pre-wrap;\">Enne kasutamist raputage h\u00e4sti. 1-3 ampulle AMINO 9500 p\u00e4evas, lahjendatakse veega (umbes 250 ml), eelistatavalt hommikus\u00f6\u00f6giks, enne ja p\u00e4rast kohe p\u00e4rast treenimist ja \/ v\u00f5i enne magamaminekut. Soovitatavat soovitatavat \u00f6\u00f6p\u00e4evast tarbimist ei tohi \u00fcletada.<\/span><\/p>\n<p>&nbsp;<\/p>\n","protected":false},"excerpt":{"rendered":"<p>BF: 05.2023 Amino liquid kompleks sisaldab vabal kujul aminohappeid, mis on h\u00e4davajalikud valgus\u00fcnteesiks lihaskoes. Toode sisaldab ekstrakoguses hargnenud ahelaga aminohappeid (L-leutsiin, L-valiin, L-isoleutsiin), olles nii vastavuses inimkeha naturaalse&nbsp;aminohapete profiiliga. Hiljutised uuringud on n\u00e4idanud, et p\u00e4rast f\u00fc\u00fcsilist aktiivsust on v\u00e4ga olulisel kohal aminohapped, et k\u00e4ivitada valgus\u00fcntees. T\u00e4nu efektiivsemale valgus\u00fcnteesile paraneb taastumine ja f\u00fc\u00fcsiline v\u00f5imekus. Paljud sportlased, [&hellip;]<\/p>\n","protected":false},"featured_media":549,"comment_status":"open","ping_status":"closed","template":"","meta":{"inline_featured_image":false},"product_cat":[48,17,63,29,66,35],"product_tag":[],"class_list":{"0":"post-550","1":"product","2":"type-product","3":"status-publish","4":"has-post-thumbnail","6":"product_cat-aminohapete-segud","7":"product_cat-aminohapped","8":"product_cat-populaarsed-est","9":"product_cat-sooduspakkumised","10":"product_cat-spordialade-soovitused","11":"product_cat-vastupidavusalad","12":"pa_kunakasutada-3a-voistlustekstrenniajalpara","13":"pa_maitse-apelsin","14":"pa_maitse-mustsostra","15":"pa_vorm-vedelik","17":"first","18":"instock","19":"shipping-taxable","20":"purchasable","21":"product-type-variable"},"yoast_head":"<!-- This site is optimized with the Yoast SEO plugin v27.3 - https:\/\/yoast.com\/product\/yoast-seo-wordpress\/ -->\n<title>Vedelal kujul aminohapped taastumiseks - All Stars Amino Liquid - MyBody.ee - Toidulisandid ja sporditarvikud<\/title>\n<meta name=\"description\" content=\"\u00a0 Amino liquid kompleks sisaldab vabal kujul aminohappeid, mis on\" \/>\n<meta name=\"robots\" content=\"index, follow, max-snippet:-1, max-image-preview:large, max-video-preview:-1\" \/>\n<link rel=\"canonical\" href=\"https:\/\/mybody5.ee.mybody.ee\/proov\/product\/vedelal-kujul-aminohapped-taastumiseks-all-stars-amino-liquid\/\" \/>\n<meta property=\"og:locale\" content=\"et_EE\" \/>\n<meta property=\"og:type\" content=\"article\" \/>\n<meta property=\"og:title\" content=\"Vedelal kujul aminohapped taastumiseks - All Stars Amino Liquid - MyBody.ee - Toidulisandid ja sporditarvikud\" \/>\n<meta property=\"og:description\" content=\"\u00a0 Amino liquid kompleks sisaldab vabal kujul aminohappeid, mis on\" \/>\n<meta property=\"og:url\" content=\"https:\/\/mybody5.ee.mybody.ee\/proov\/product\/vedelal-kujul-aminohapped-taastumiseks-all-stars-amino-liquid\/\" \/>\n<meta property=\"og:site_name\" content=\"supplero\" \/>\n<meta property=\"article:publisher\" content=\"https:\/\/facebook.com\/MyBody.ee\/\" \/>\n<meta property=\"og:image\" content=\"https:\/\/mybody5.ee.mybody.ee\/proov\/wp-content\/uploads\/2019\/12\/amino-liquid-500.jpg\" \/>\n\t<meta property=\"og:image:width\" content=\"232\" \/>\n\t<meta property=\"og:image:height\" content=\"598\" \/>\n\t<meta property=\"og:image:type\" content=\"image\/jpeg\" \/>\n<meta name=\"twitter:card\" content=\"summary_large_image\" \/>\n<meta name=\"twitter:label1\" content=\"Est. reading time\" \/>\n\t<meta name=\"twitter:data1\" content=\"2 minutit\" \/>\n<script type=\"application\/ld+json\" class=\"yoast-schema-graph\">{\"@context\":\"https:\\\/\\\/schema.org\",\"@graph\":[{\"@type\":\"WebPage\",\"@id\":\"https:\\\/\\\/mybody5.ee.mybody.ee\\\/proov\\\/product\\\/vedelal-kujul-aminohapped-taastumiseks-all-stars-amino-liquid\\\/\",\"url\":\"https:\\\/\\\/mybody5.ee.mybody.ee\\\/proov\\\/product\\\/vedelal-kujul-aminohapped-taastumiseks-all-stars-amino-liquid\\\/\",\"name\":\"Vedelal kujul aminohapped taastumiseks - All Stars Amino Liquid - MyBody.ee - Toidulisandid ja sporditarvikud\",\"isPartOf\":{\"@id\":\"https:\\\/\\\/mybody5.ee.mybody.ee\\\/proov\\\/#website\"},\"primaryImageOfPage\":{\"@id\":\"https:\\\/\\\/mybody5.ee.mybody.ee\\\/proov\\\/product\\\/vedelal-kujul-aminohapped-taastumiseks-all-stars-amino-liquid\\\/#primaryimage\"},\"image\":{\"@id\":\"https:\\\/\\\/mybody5.ee.mybody.ee\\\/proov\\\/product\\\/vedelal-kujul-aminohapped-taastumiseks-all-stars-amino-liquid\\\/#primaryimage\"},\"thumbnailUrl\":\"https:\\\/\\\/mybody5.ee.mybody.ee\\\/proov\\\/wp-content\\\/uploads\\\/2019\\\/12\\\/amino-liquid-500.jpg\",\"datePublished\":\"2019-12-09T22:25:42+00:00\",\"description\":\"\u00a0 Amino liquid kompleks sisaldab vabal kujul aminohappeid, mis on\",\"breadcrumb\":{\"@id\":\"https:\\\/\\\/mybody5.ee.mybody.ee\\\/proov\\\/product\\\/vedelal-kujul-aminohapped-taastumiseks-all-stars-amino-liquid\\\/#breadcrumb\"},\"inLanguage\":\"et\",\"potentialAction\":[{\"@type\":\"ReadAction\",\"target\":[\"https:\\\/\\\/mybody5.ee.mybody.ee\\\/proov\\\/product\\\/vedelal-kujul-aminohapped-taastumiseks-all-stars-amino-liquid\\\/\"]}]},{\"@type\":\"ImageObject\",\"inLanguage\":\"et\",\"@id\":\"https:\\\/\\\/mybody5.ee.mybody.ee\\\/proov\\\/product\\\/vedelal-kujul-aminohapped-taastumiseks-all-stars-amino-liquid\\\/#primaryimage\",\"url\":\"https:\\\/\\\/mybody5.ee.mybody.ee\\\/proov\\\/wp-content\\\/uploads\\\/2019\\\/12\\\/amino-liquid-500.jpg\",\"contentUrl\":\"https:\\\/\\\/mybody5.ee.mybody.ee\\\/proov\\\/wp-content\\\/uploads\\\/2019\\\/12\\\/amino-liquid-500.jpg\",\"width\":232,\"height\":598,\"caption\":\"Vedelal kujul aminohapped taastumiseks - All Stars Amino Liquid\"},{\"@type\":\"BreadcrumbList\",\"@id\":\"https:\\\/\\\/mybody5.ee.mybody.ee\\\/proov\\\/product\\\/vedelal-kujul-aminohapped-taastumiseks-all-stars-amino-liquid\\\/#breadcrumb\",\"itemListElement\":[{\"@type\":\"ListItem\",\"position\":1,\"name\":\"Home\",\"item\":\"https:\\\/\\\/mybody5.ee.mybody.ee\\\/proov\\\/\"},{\"@type\":\"ListItem\",\"position\":2,\"name\":\"Shop\",\"item\":\"https:\\\/\\\/mybody5.ee.mybody.ee\\\/proov\\\/shop\\\/\"},{\"@type\":\"ListItem\",\"position\":3,\"name\":\"Vedelal kujul aminohapped taastumiseks &#8211; All Stars Amino Liquid\"}]},{\"@type\":\"WebSite\",\"@id\":\"https:\\\/\\\/mybody5.ee.mybody.ee\\\/proov\\\/#website\",\"url\":\"https:\\\/\\\/mybody5.ee.mybody.ee\\\/proov\\\/\",\"name\":\"MyBody.ee - Toidulisandid ja sporditarvikud\",\"description\":\"Just another WordPress site\",\"publisher\":{\"@id\":\"https:\\\/\\\/mybody5.ee.mybody.ee\\\/proov\\\/#organization\"},\"potentialAction\":[{\"@type\":\"SearchAction\",\"target\":{\"@type\":\"EntryPoint\",\"urlTemplate\":\"https:\\\/\\\/mybody5.ee.mybody.ee\\\/proov\\\/?s={search_term_string}\"},\"query-input\":{\"@type\":\"PropertyValueSpecification\",\"valueRequired\":true,\"valueName\":\"search_term_string\"}}],\"inLanguage\":\"et\"},{\"@type\":\"Organization\",\"@id\":\"https:\\\/\\\/mybody5.ee.mybody.ee\\\/proov\\\/#organization\",\"name\":\"MyBody.ee\",\"url\":\"https:\\\/\\\/mybody5.ee.mybody.ee\\\/proov\\\/\",\"logo\":{\"@type\":\"ImageObject\",\"inLanguage\":\"et\",\"@id\":\"https:\\\/\\\/mybody5.ee.mybody.ee\\\/proov\\\/#\\\/schema\\\/logo\\\/image\\\/\",\"url\":\"https:\\\/\\\/mybody5.ee.mybody.ee\\\/proov\\\/wp-content\\\/uploads\\\/2023\\\/11\\\/mybody_logo_h65-2.png\",\"contentUrl\":\"https:\\\/\\\/mybody5.ee.mybody.ee\\\/proov\\\/wp-content\\\/uploads\\\/2023\\\/11\\\/mybody_logo_h65-2.png\",\"width\":229,\"height\":65,\"caption\":\"MyBody.ee\"},\"image\":{\"@id\":\"https:\\\/\\\/mybody5.ee.mybody.ee\\\/proov\\\/#\\\/schema\\\/logo\\\/image\\\/\"},\"sameAs\":[\"https:\\\/\\\/facebook.com\\\/MyBody.ee\\\/\"]}]}<\/script>\n<!-- \/ Yoast SEO plugin. -->","yoast_head_json":{"title":"Vedelal kujul aminohapped taastumiseks - All Stars Amino Liquid - MyBody.ee - Toidulisandid ja sporditarvikud","description":"\u00a0 Amino liquid kompleks sisaldab vabal kujul aminohappeid, mis on","robots":{"index":"index","follow":"follow","max-snippet":"max-snippet:-1","max-image-preview":"max-image-preview:large","max-video-preview":"max-video-preview:-1"},"canonical":"https:\/\/mybody5.ee.mybody.ee\/proov\/product\/vedelal-kujul-aminohapped-taastumiseks-all-stars-amino-liquid\/","og_locale":"et_EE","og_type":"article","og_title":"Vedelal kujul aminohapped taastumiseks - All Stars Amino Liquid - MyBody.ee - Toidulisandid ja sporditarvikud","og_description":"\u00a0 Amino liquid kompleks sisaldab vabal kujul aminohappeid, mis on","og_url":"https:\/\/mybody5.ee.mybody.ee\/proov\/product\/vedelal-kujul-aminohapped-taastumiseks-all-stars-amino-liquid\/","og_site_name":"supplero","article_publisher":"https:\/\/facebook.com\/MyBody.ee\/","og_image":[{"width":232,"height":598,"url":"https:\/\/mybody5.ee.mybody.ee\/proov\/wp-content\/uploads\/2019\/12\/amino-liquid-500.jpg","type":"image\/jpeg"}],"twitter_card":"summary_large_image","twitter_misc":{"Est. reading time":"2 minutit"},"schema":{"@context":"https:\/\/schema.org","@graph":[{"@type":"WebPage","@id":"https:\/\/mybody5.ee.mybody.ee\/proov\/product\/vedelal-kujul-aminohapped-taastumiseks-all-stars-amino-liquid\/","url":"https:\/\/mybody5.ee.mybody.ee\/proov\/product\/vedelal-kujul-aminohapped-taastumiseks-all-stars-amino-liquid\/","name":"Vedelal kujul aminohapped taastumiseks - All Stars Amino Liquid - MyBody.ee - Toidulisandid ja sporditarvikud","isPartOf":{"@id":"https:\/\/mybody5.ee.mybody.ee\/proov\/#website"},"primaryImageOfPage":{"@id":"https:\/\/mybody5.ee.mybody.ee\/proov\/product\/vedelal-kujul-aminohapped-taastumiseks-all-stars-amino-liquid\/#primaryimage"},"image":{"@id":"https:\/\/mybody5.ee.mybody.ee\/proov\/product\/vedelal-kujul-aminohapped-taastumiseks-all-stars-amino-liquid\/#primaryimage"},"thumbnailUrl":"https:\/\/mybody5.ee.mybody.ee\/proov\/wp-content\/uploads\/2019\/12\/amino-liquid-500.jpg","datePublished":"2019-12-09T22:25:42+00:00","description":"\u00a0 Amino liquid kompleks sisaldab vabal kujul aminohappeid, mis on","breadcrumb":{"@id":"https:\/\/mybody5.ee.mybody.ee\/proov\/product\/vedelal-kujul-aminohapped-taastumiseks-all-stars-amino-liquid\/#breadcrumb"},"inLanguage":"et","potentialAction":[{"@type":"ReadAction","target":["https:\/\/mybody5.ee.mybody.ee\/proov\/product\/vedelal-kujul-aminohapped-taastumiseks-all-stars-amino-liquid\/"]}]},{"@type":"ImageObject","inLanguage":"et","@id":"https:\/\/mybody5.ee.mybody.ee\/proov\/product\/vedelal-kujul-aminohapped-taastumiseks-all-stars-amino-liquid\/#primaryimage","url":"https:\/\/mybody5.ee.mybody.ee\/proov\/wp-content\/uploads\/2019\/12\/amino-liquid-500.jpg","contentUrl":"https:\/\/mybody5.ee.mybody.ee\/proov\/wp-content\/uploads\/2019\/12\/amino-liquid-500.jpg","width":232,"height":598,"caption":"Vedelal kujul aminohapped taastumiseks - All Stars Amino Liquid"},{"@type":"BreadcrumbList","@id":"https:\/\/mybody5.ee.mybody.ee\/proov\/product\/vedelal-kujul-aminohapped-taastumiseks-all-stars-amino-liquid\/#breadcrumb","itemListElement":[{"@type":"ListItem","position":1,"name":"Home","item":"https:\/\/mybody5.ee.mybody.ee\/proov\/"},{"@type":"ListItem","position":2,"name":"Shop","item":"https:\/\/mybody5.ee.mybody.ee\/proov\/shop\/"},{"@type":"ListItem","position":3,"name":"Vedelal kujul aminohapped taastumiseks &#8211; All Stars Amino Liquid"}]},{"@type":"WebSite","@id":"https:\/\/mybody5.ee.mybody.ee\/proov\/#website","url":"https:\/\/mybody5.ee.mybody.ee\/proov\/","name":"MyBody.ee - Toidulisandid ja sporditarvikud","description":"Just another WordPress site","publisher":{"@id":"https:\/\/mybody5.ee.mybody.ee\/proov\/#organization"},"potentialAction":[{"@type":"SearchAction","target":{"@type":"EntryPoint","urlTemplate":"https:\/\/mybody5.ee.mybody.ee\/proov\/?s={search_term_string}"},"query-input":{"@type":"PropertyValueSpecification","valueRequired":true,"valueName":"search_term_string"}}],"inLanguage":"et"},{"@type":"Organization","@id":"https:\/\/mybody5.ee.mybody.ee\/proov\/#organization","name":"MyBody.ee","url":"https:\/\/mybody5.ee.mybody.ee\/proov\/","logo":{"@type":"ImageObject","inLanguage":"et","@id":"https:\/\/mybody5.ee.mybody.ee\/proov\/#\/schema\/logo\/image\/","url":"https:\/\/mybody5.ee.mybody.ee\/proov\/wp-content\/uploads\/2023\/11\/mybody_logo_h65-2.png","contentUrl":"https:\/\/mybody5.ee.mybody.ee\/proov\/wp-content\/uploads\/2023\/11\/mybody_logo_h65-2.png","width":229,"height":65,"caption":"MyBody.ee"},"image":{"@id":"https:\/\/mybody5.ee.mybody.ee\/proov\/#\/schema\/logo\/image\/"},"sameAs":["https:\/\/facebook.com\/MyBody.ee\/"]}]}},"_links":{"self":[{"href":"https:\/\/mybody5.ee.mybody.ee\/proov\/wp-json\/wp\/v2\/product\/550","targetHints":{"allow":["GET"]}}],"collection":[{"href":"https:\/\/mybody5.ee.mybody.ee\/proov\/wp-json\/wp\/v2\/product"}],"about":[{"href":"https:\/\/mybody5.ee.mybody.ee\/proov\/wp-json\/wp\/v2\/types\/product"}],"replies":[{"embeddable":true,"href":"https:\/\/mybody5.ee.mybody.ee\/proov\/wp-json\/wp\/v2\/comments?post=550"}],"wp:featuredmedia":[{"embeddable":true,"href":"https:\/\/mybody5.ee.mybody.ee\/proov\/wp-json\/wp\/v2\/media\/549"}],"wp:attachment":[{"href":"https:\/\/mybody5.ee.mybody.ee\/proov\/wp-json\/wp\/v2\/media?parent=550"}],"wp:term":[{"taxonomy":"product_cat","embeddable":true,"href":"https:\/\/mybody5.ee.mybody.ee\/proov\/wp-json\/wp\/v2\/product_cat?post=550"},{"taxonomy":"product_tag","embeddable":true,"href":"https:\/\/mybody5.ee.mybody.ee\/proov\/wp-json\/wp\/v2\/product_tag?post=550"}],"curies":[{"name":"wp","href":"https:\/\/api.w.org\/{rel}","templated":true}]}}