{"id":560,"date":"2019-12-09T22:25:43","date_gmt":"2019-12-09T22:25:43","guid":{"rendered":"https:\/\/mybody5.ee.mybody.ee\/proov\/product\/pannkoogi-ja-vahvlisegu-self-protein-crepes\/"},"modified":"2019-12-09T22:25:43","modified_gmt":"2019-12-09T22:25:43","slug":"pannkoogi-ja-vahvlisegu-self-protein-crepes","status":"publish","type":"product","link":"https:\/\/mybody5.ee.mybody.ee\/proov\/product\/pannkoogi-ja-vahvlisegu-self-protein-crepes\/","title":{"rendered":"Pannkoogi- ja vahvlisegu &#8211;  SELF Protein Cr\u00e9pes"},"content":{"rendered":"<p><strong>SELF Protein Crepes \u0161okolaadimaitseline<\/strong> on k\u00f5rge valgusisaldusega,&nbsp; laktoosi -ja gluteenivaba,&nbsp; kiudainerikas proteiini jahu, millest on v\u00f5imalik teha tervislikke \u00fclepanni pannkooke. Koosneb vaid naturaalsetest ja toitainerikastest komponentidest ning ei ole lisatud suhkruid.<\/p>\n<ul>\n<li>K\u00f5rge valgusisaldusega<\/li>\n<li>Sisaldab kiudaineid<\/li>\n<li>Ei ole lisatud suhkruid<\/li>\n<li>Laktoosi- ja gluteenivaba<\/li>\n<\/ul>\n<h3>Kasutamine<\/h3>\n<p>40g pulbrile lisada 150-200ml vett v\u00f5i piima, segada \u00fchtlaseks. Valada 1 m\u00f5\u00f5dulusikat\u00e4is (umbes 50ml) taigent pannile ning k\u00fcpsetada m\u00f5lemalt poolt ligikaudu 1 minut.&nbsp;Ideaalsed n\u00e4dalavahetuse hommikus\u00f6\u00f6gilauale koos&nbsp;klaasi k\u00fclma piimaga v\u00f5i <a href=\"http:\/\/pood.mybody.ee\/valgurikas-sokolaadi-magustoit-self-protein-mousse?search=mous\">Protein Tiramisu<\/a> ja <a href=\"http:\/\/pood.mybody.ee\/valgurikas-sokolaadi-magustoit-self-protein-mousse?search=mous\">Protein Mousse <\/a>segudega.<\/p>\n<h3>Pakend: <span style=\"font-size:12px;\"><span style=\"font-family: arial,helvetica,sans-serif; line-height: 1.6em;\">240g<\/span><\/span><\/h3>\n<h3>Maitse: <font face=\"arial, helvetica, sans-serif\"><span style=\"font-size: 12px;\">\u0160okolaadi<\/span><\/font><\/h3>\n<table cellpadding=\"1\" cellspacing=\"1\" class=\"table table-bordered table-striped\" style=\"height:100px;width:500px;\">\n<tbody>\n<tr>\n<td><font face=\"arial, helvetica, sans-serif\"><b>Protein Cr\u00e9pes toitev\u00e4\u00e4rtus<\/b><\/font><\/td>\n<td style=\"text-align:justify\"><span style=\"font-family:arial,helvetica,sans-serif\"><strong>40g<\/strong><\/span><\/td>\n<td style=\"text-align:justify\"><span style=\"font-family:arial,helvetica,sans-serif\"><strong>100g<\/strong><\/span><\/td>\n<\/tr>\n<tr>\n<td style=\"text-align:justify\"><span style=\"font-family:arial,helvetica,sans-serif\">Energiat<\/span><\/td>\n<td style=\"text-align:justify\"><span style=\"font-family:arial,helvetica,sans-serif\">142kcal\/592kJ<\/span><\/td>\n<td style=\"text-align:justify\"><span style=\"font-family:arial,helvetica,sans-serif\">354kcal\/1548kJ<\/span><\/td>\n<\/tr>\n<tr>\n<td style=\"text-align:justify\"><span style=\"font-family:arial,helvetica,sans-serif\">Valgud<\/span><\/td>\n<td style=\"text-align:justify\"><span style=\"font-family:arial,helvetica,sans-serif\">19g<\/span><\/td>\n<td style=\"text-align:justify\"><span style=\"font-family:arial,helvetica,sans-serif\">37g<\/span><\/td>\n<\/tr>\n<tr>\n<td style=\"text-align:justify\"><span style=\"font-family:arial,helvetica,sans-serif\">S\u00fcsivesikud,<br \/> \t\t\tmillest suhkur<br \/> \t\t\tmillest laktoos<\/span><\/td>\n<td style=\"text-align:justify\"><span style=\"font-family:arial,helvetica,sans-serif\">9.6g<br \/> \t\t\t2.0g<br \/> \t\t\t0g<\/span><\/td>\n<td style=\"text-align:justify\"><span style=\"font-family:arial,helvetica,sans-serif\">37g<br \/> \t\t\t2g<br \/> \t\t\t0g<\/span><\/td>\n<\/tr>\n<tr>\n<td style=\"text-align:justify\"><span style=\"font-family:arial,helvetica,sans-serif\">Rasvad,<br \/> \t\t\tmillest k\u00fcllastunud<\/span><\/td>\n<td style=\"text-align:justify\"><span style=\"font-family:arial,helvetica,sans-serif\">2g<br \/> \t\t\t0.6g<\/span><\/p>\n<p> \t\t\t&nbsp;<\/td>\n<td style=\"text-align:justify\"><span style=\"font-family:arial,helvetica,sans-serif\">5g<br \/> \t\t\t1.5g<\/span><\/p>\n<p> \t\t\t&nbsp;<\/td>\n<\/tr>\n<tr>\n<td style=\"text-align:justify\"><span style=\"font-family:arial,helvetica,sans-serif\">Kiudained<\/span><\/td>\n<td style=\"text-align:justify\"><span style=\"font-family:arial,helvetica,sans-serif\">2g<\/span><\/td>\n<td style=\"text-align:justify\"><span style=\"font-family:arial,helvetica,sans-serif\">5g<\/span><\/td>\n<\/tr>\n<tr>\n<td style=\"text-align:justify\"><span style=\"font-family:arial,helvetica,sans-serif\">Naatrium<\/span><\/td>\n<td style=\"text-align:justify\"><span style=\"font-family:arial,helvetica,sans-serif\">0.48g<\/span><\/td>\n<td style=\"text-align:justify\"><span style=\"font-family:arial,helvetica,sans-serif\">1.2g<\/span><\/td>\n<\/tr>\n<tr>\n<td colspan=\"3\" style=\"text-align:justify\">\n<p style=\"text-align: left;\"><span style=\"font-size:10px;\">Koostis: Kaerajahu, munapulber, kakao, ps\u00fcllium ehk India teelehe seemnejahu, emulgaator (E322 p\u00e4evalille, soja), sool, sukraloos.<\/span><\/p>\n<\/td>\n<\/tr>\n<\/tbody>\n<\/table>\n<p style=\"text-align:justify\"><span style=\"font-family:arial,helvetica,sans-serif\">Protein Cr\u00e9pes&nbsp;kilohind on 53,75\u20ac<\/span><\/p>\n<h3>Konsultatsioon<\/h3>\n<ul>\n<li style=\"text-align:justify\"><span style=\"font-family:arial,helvetica,sans-serif\">Oled oodatud tasuta konsultatsioonile MYBODY Audentese kauplusesse,<\/span><\/li>\n<li style=\"text-align:justify\"><span style=\"font-family:arial,helvetica,sans-serif\">Asukoht: Audentese Spordikeskusesse, Tondi 84.<\/span><\/li>\n<li style=\"text-align:justify\"><span style=\"font-family:arial,helvetica,sans-serif\">Telefon EST\/RUS\/ENG +372&nbsp;523 1960<\/span><\/li>\n<li style=\"text-align:justify\"><span style=\"font-family:arial,helvetica,sans-serif\">Telefon EST\/ENG +372 56&nbsp;458&nbsp;688<\/span><\/li>\n<li style=\"text-align:justify\"><span style=\"font-family:arial,helvetica,sans-serif\"><a href=\"mailto:info@mybody.ee\">info@mybody.ee<\/a><\/span><\/li>\n<li style=\"text-align:justify\"><span style=\"font-family:arial,helvetica,sans-serif\"><a href=\"http:\/\/www.facebook.com\/mybody.ee\">www.facebook.com\/mybody.ee<\/a><\/span><\/li>\n<\/ul>\n","protected":false},"excerpt":{"rendered":"<p>SELF Protein Crepes \u0161okolaadimaitseline on k\u00f5rge valgusisaldusega,&nbsp; laktoosi -ja gluteenivaba,&nbsp; kiudainerikas proteiini jahu, millest on v\u00f5imalik teha tervislikke \u00fclepanni pannkooke. Koosneb vaid naturaalsetest ja toitainerikastest komponentidest ning ei ole lisatud suhkruid. K\u00f5rge valgusisaldusega Sisaldab kiudaineid Ei ole lisatud suhkruid Laktoosi- ja gluteenivaba Kasutamine 40g pulbrile lisada 150-200ml vett v\u00f5i piima, segada \u00fchtlaseks. Valada 1 m\u00f5\u00f5dulusikat\u00e4is [&hellip;]<\/p>\n","protected":false},"featured_media":559,"comment_status":"open","ping_status":"closed","template":"","meta":{"inline_featured_image":false},"product_cat":[19,25,43],"product_tag":[],"class_list":{"0":"post-560","1":"product","2":"type-product","3":"status-publish","4":"has-post-thumbnail","6":"product_cat-dieettooted","7":"product_cat-naturaalsed-toidulisandid","8":"product_cat-toidulisandid","9":"pa_kogusg-240g","10":"pa_kunakasutada-uldiselttugevdav","11":"pa_vorm-pulber","13":"first","14":"outofstock","15":"shipping-taxable","16":"purchasable","17":"product-type-simple"},"yoast_head":"<!-- This site is optimized with the Yoast SEO plugin v27.3 - https:\/\/yoast.com\/product\/yoast-seo-wordpress\/ -->\n<title>Pannkoogi- ja vahvlisegu - SELF Protein Cr\u00e9pes - MyBody.ee - Toidulisandid ja sporditarvikud<\/title>\n<meta name=\"description\" content=\"SELF Protein Crepes \u0161okolaadimaitseline on k\u00f5rge valgusisaldusega,\u00a0\" \/>\n<meta name=\"robots\" content=\"index, follow, max-snippet:-1, max-image-preview:large, max-video-preview:-1\" \/>\n<link rel=\"canonical\" href=\"https:\/\/mybody5.ee.mybody.ee\/proov\/product\/pannkoogi-ja-vahvlisegu-self-protein-crepes\/\" \/>\n<meta property=\"og:locale\" content=\"et_EE\" \/>\n<meta property=\"og:type\" content=\"article\" \/>\n<meta property=\"og:title\" content=\"Pannkoogi- ja vahvlisegu - SELF Protein Cr\u00e9pes - MyBody.ee - Toidulisandid ja sporditarvikud\" \/>\n<meta property=\"og:description\" content=\"SELF Protein Crepes \u0161okolaadimaitseline on k\u00f5rge valgusisaldusega,\u00a0\" \/>\n<meta property=\"og:url\" content=\"https:\/\/mybody5.ee.mybody.ee\/proov\/product\/pannkoogi-ja-vahvlisegu-self-protein-crepes\/\" \/>\n<meta property=\"og:site_name\" content=\"supplero\" \/>\n<meta property=\"article:publisher\" content=\"https:\/\/facebook.com\/MyBody.ee\/\" \/>\n<meta property=\"og:image\" content=\"https:\/\/mybody5.ee.mybody.ee\/proov\/wp-content\/uploads\/2019\/12\/SELF-omninutrition-crepes.png\" \/>\n\t<meta property=\"og:image:width\" content=\"406\" \/>\n\t<meta property=\"og:image:height\" content=\"533\" \/>\n\t<meta property=\"og:image:type\" content=\"image\/png\" \/>\n<meta name=\"twitter:card\" content=\"summary_large_image\" \/>\n<meta name=\"twitter:label1\" content=\"Est. reading time\" \/>\n\t<meta name=\"twitter:data1\" content=\"1 minut\" \/>\n<script type=\"application\/ld+json\" class=\"yoast-schema-graph\">{\"@context\":\"https:\\\/\\\/schema.org\",\"@graph\":[{\"@type\":\"WebPage\",\"@id\":\"https:\\\/\\\/mybody5.ee.mybody.ee\\\/proov\\\/product\\\/pannkoogi-ja-vahvlisegu-self-protein-crepes\\\/\",\"url\":\"https:\\\/\\\/mybody5.ee.mybody.ee\\\/proov\\\/product\\\/pannkoogi-ja-vahvlisegu-self-protein-crepes\\\/\",\"name\":\"Pannkoogi- ja vahvlisegu - SELF Protein Cr\u00e9pes - MyBody.ee - Toidulisandid ja sporditarvikud\",\"isPartOf\":{\"@id\":\"https:\\\/\\\/mybody5.ee.mybody.ee\\\/proov\\\/#website\"},\"primaryImageOfPage\":{\"@id\":\"https:\\\/\\\/mybody5.ee.mybody.ee\\\/proov\\\/product\\\/pannkoogi-ja-vahvlisegu-self-protein-crepes\\\/#primaryimage\"},\"image\":{\"@id\":\"https:\\\/\\\/mybody5.ee.mybody.ee\\\/proov\\\/product\\\/pannkoogi-ja-vahvlisegu-self-protein-crepes\\\/#primaryimage\"},\"thumbnailUrl\":\"https:\\\/\\\/mybody5.ee.mybody.ee\\\/proov\\\/wp-content\\\/uploads\\\/2019\\\/12\\\/SELF-omninutrition-crepes.png\",\"datePublished\":\"2019-12-09T22:25:43+00:00\",\"description\":\"SELF Protein Crepes \u0161okolaadimaitseline on k\u00f5rge valgusisaldusega,\u00a0\",\"breadcrumb\":{\"@id\":\"https:\\\/\\\/mybody5.ee.mybody.ee\\\/proov\\\/product\\\/pannkoogi-ja-vahvlisegu-self-protein-crepes\\\/#breadcrumb\"},\"inLanguage\":\"et\",\"potentialAction\":[{\"@type\":\"ReadAction\",\"target\":[\"https:\\\/\\\/mybody5.ee.mybody.ee\\\/proov\\\/product\\\/pannkoogi-ja-vahvlisegu-self-protein-crepes\\\/\"]}]},{\"@type\":\"ImageObject\",\"inLanguage\":\"et\",\"@id\":\"https:\\\/\\\/mybody5.ee.mybody.ee\\\/proov\\\/product\\\/pannkoogi-ja-vahvlisegu-self-protein-crepes\\\/#primaryimage\",\"url\":\"https:\\\/\\\/mybody5.ee.mybody.ee\\\/proov\\\/wp-content\\\/uploads\\\/2019\\\/12\\\/SELF-omninutrition-crepes.png\",\"contentUrl\":\"https:\\\/\\\/mybody5.ee.mybody.ee\\\/proov\\\/wp-content\\\/uploads\\\/2019\\\/12\\\/SELF-omninutrition-crepes.png\",\"width\":406,\"height\":533,\"caption\":\"Pannkoogi- ja vahvlisegu - SELF Protein Cr\u00e9pes\"},{\"@type\":\"BreadcrumbList\",\"@id\":\"https:\\\/\\\/mybody5.ee.mybody.ee\\\/proov\\\/product\\\/pannkoogi-ja-vahvlisegu-self-protein-crepes\\\/#breadcrumb\",\"itemListElement\":[{\"@type\":\"ListItem\",\"position\":1,\"name\":\"Home\",\"item\":\"https:\\\/\\\/mybody5.ee.mybody.ee\\\/proov\\\/\"},{\"@type\":\"ListItem\",\"position\":2,\"name\":\"Shop\",\"item\":\"https:\\\/\\\/mybody5.ee.mybody.ee\\\/proov\\\/shop\\\/\"},{\"@type\":\"ListItem\",\"position\":3,\"name\":\"Pannkoogi- ja vahvlisegu &#8211; SELF Protein Cr\u00e9pes\"}]},{\"@type\":\"WebSite\",\"@id\":\"https:\\\/\\\/mybody5.ee.mybody.ee\\\/proov\\\/#website\",\"url\":\"https:\\\/\\\/mybody5.ee.mybody.ee\\\/proov\\\/\",\"name\":\"MyBody.ee - Toidulisandid ja sporditarvikud\",\"description\":\"Just another WordPress site\",\"publisher\":{\"@id\":\"https:\\\/\\\/mybody5.ee.mybody.ee\\\/proov\\\/#organization\"},\"potentialAction\":[{\"@type\":\"SearchAction\",\"target\":{\"@type\":\"EntryPoint\",\"urlTemplate\":\"https:\\\/\\\/mybody5.ee.mybody.ee\\\/proov\\\/?s={search_term_string}\"},\"query-input\":{\"@type\":\"PropertyValueSpecification\",\"valueRequired\":true,\"valueName\":\"search_term_string\"}}],\"inLanguage\":\"et\"},{\"@type\":\"Organization\",\"@id\":\"https:\\\/\\\/mybody5.ee.mybody.ee\\\/proov\\\/#organization\",\"name\":\"MyBody.ee\",\"url\":\"https:\\\/\\\/mybody5.ee.mybody.ee\\\/proov\\\/\",\"logo\":{\"@type\":\"ImageObject\",\"inLanguage\":\"et\",\"@id\":\"https:\\\/\\\/mybody5.ee.mybody.ee\\\/proov\\\/#\\\/schema\\\/logo\\\/image\\\/\",\"url\":\"https:\\\/\\\/mybody5.ee.mybody.ee\\\/proov\\\/wp-content\\\/uploads\\\/2023\\\/11\\\/mybody_logo_h65-2.png\",\"contentUrl\":\"https:\\\/\\\/mybody5.ee.mybody.ee\\\/proov\\\/wp-content\\\/uploads\\\/2023\\\/11\\\/mybody_logo_h65-2.png\",\"width\":229,\"height\":65,\"caption\":\"MyBody.ee\"},\"image\":{\"@id\":\"https:\\\/\\\/mybody5.ee.mybody.ee\\\/proov\\\/#\\\/schema\\\/logo\\\/image\\\/\"},\"sameAs\":[\"https:\\\/\\\/facebook.com\\\/MyBody.ee\\\/\"]}]}<\/script>\n<!-- \/ Yoast SEO plugin. -->","yoast_head_json":{"title":"Pannkoogi- ja vahvlisegu - SELF Protein Cr\u00e9pes - MyBody.ee - Toidulisandid ja sporditarvikud","description":"SELF Protein Crepes \u0161okolaadimaitseline on k\u00f5rge valgusisaldusega,\u00a0","robots":{"index":"index","follow":"follow","max-snippet":"max-snippet:-1","max-image-preview":"max-image-preview:large","max-video-preview":"max-video-preview:-1"},"canonical":"https:\/\/mybody5.ee.mybody.ee\/proov\/product\/pannkoogi-ja-vahvlisegu-self-protein-crepes\/","og_locale":"et_EE","og_type":"article","og_title":"Pannkoogi- ja vahvlisegu - SELF Protein Cr\u00e9pes - MyBody.ee - Toidulisandid ja sporditarvikud","og_description":"SELF Protein Crepes \u0161okolaadimaitseline on k\u00f5rge valgusisaldusega,\u00a0","og_url":"https:\/\/mybody5.ee.mybody.ee\/proov\/product\/pannkoogi-ja-vahvlisegu-self-protein-crepes\/","og_site_name":"supplero","article_publisher":"https:\/\/facebook.com\/MyBody.ee\/","og_image":[{"width":406,"height":533,"url":"https:\/\/mybody5.ee.mybody.ee\/proov\/wp-content\/uploads\/2019\/12\/SELF-omninutrition-crepes.png","type":"image\/png"}],"twitter_card":"summary_large_image","twitter_misc":{"Est. reading time":"1 minut"},"schema":{"@context":"https:\/\/schema.org","@graph":[{"@type":"WebPage","@id":"https:\/\/mybody5.ee.mybody.ee\/proov\/product\/pannkoogi-ja-vahvlisegu-self-protein-crepes\/","url":"https:\/\/mybody5.ee.mybody.ee\/proov\/product\/pannkoogi-ja-vahvlisegu-self-protein-crepes\/","name":"Pannkoogi- ja vahvlisegu - SELF Protein Cr\u00e9pes - MyBody.ee - Toidulisandid ja sporditarvikud","isPartOf":{"@id":"https:\/\/mybody5.ee.mybody.ee\/proov\/#website"},"primaryImageOfPage":{"@id":"https:\/\/mybody5.ee.mybody.ee\/proov\/product\/pannkoogi-ja-vahvlisegu-self-protein-crepes\/#primaryimage"},"image":{"@id":"https:\/\/mybody5.ee.mybody.ee\/proov\/product\/pannkoogi-ja-vahvlisegu-self-protein-crepes\/#primaryimage"},"thumbnailUrl":"https:\/\/mybody5.ee.mybody.ee\/proov\/wp-content\/uploads\/2019\/12\/SELF-omninutrition-crepes.png","datePublished":"2019-12-09T22:25:43+00:00","description":"SELF Protein Crepes \u0161okolaadimaitseline on k\u00f5rge valgusisaldusega,\u00a0","breadcrumb":{"@id":"https:\/\/mybody5.ee.mybody.ee\/proov\/product\/pannkoogi-ja-vahvlisegu-self-protein-crepes\/#breadcrumb"},"inLanguage":"et","potentialAction":[{"@type":"ReadAction","target":["https:\/\/mybody5.ee.mybody.ee\/proov\/product\/pannkoogi-ja-vahvlisegu-self-protein-crepes\/"]}]},{"@type":"ImageObject","inLanguage":"et","@id":"https:\/\/mybody5.ee.mybody.ee\/proov\/product\/pannkoogi-ja-vahvlisegu-self-protein-crepes\/#primaryimage","url":"https:\/\/mybody5.ee.mybody.ee\/proov\/wp-content\/uploads\/2019\/12\/SELF-omninutrition-crepes.png","contentUrl":"https:\/\/mybody5.ee.mybody.ee\/proov\/wp-content\/uploads\/2019\/12\/SELF-omninutrition-crepes.png","width":406,"height":533,"caption":"Pannkoogi- ja vahvlisegu - SELF Protein Cr\u00e9pes"},{"@type":"BreadcrumbList","@id":"https:\/\/mybody5.ee.mybody.ee\/proov\/product\/pannkoogi-ja-vahvlisegu-self-protein-crepes\/#breadcrumb","itemListElement":[{"@type":"ListItem","position":1,"name":"Home","item":"https:\/\/mybody5.ee.mybody.ee\/proov\/"},{"@type":"ListItem","position":2,"name":"Shop","item":"https:\/\/mybody5.ee.mybody.ee\/proov\/shop\/"},{"@type":"ListItem","position":3,"name":"Pannkoogi- ja vahvlisegu &#8211; SELF Protein Cr\u00e9pes"}]},{"@type":"WebSite","@id":"https:\/\/mybody5.ee.mybody.ee\/proov\/#website","url":"https:\/\/mybody5.ee.mybody.ee\/proov\/","name":"MyBody.ee - Toidulisandid ja sporditarvikud","description":"Just another WordPress site","publisher":{"@id":"https:\/\/mybody5.ee.mybody.ee\/proov\/#organization"},"potentialAction":[{"@type":"SearchAction","target":{"@type":"EntryPoint","urlTemplate":"https:\/\/mybody5.ee.mybody.ee\/proov\/?s={search_term_string}"},"query-input":{"@type":"PropertyValueSpecification","valueRequired":true,"valueName":"search_term_string"}}],"inLanguage":"et"},{"@type":"Organization","@id":"https:\/\/mybody5.ee.mybody.ee\/proov\/#organization","name":"MyBody.ee","url":"https:\/\/mybody5.ee.mybody.ee\/proov\/","logo":{"@type":"ImageObject","inLanguage":"et","@id":"https:\/\/mybody5.ee.mybody.ee\/proov\/#\/schema\/logo\/image\/","url":"https:\/\/mybody5.ee.mybody.ee\/proov\/wp-content\/uploads\/2023\/11\/mybody_logo_h65-2.png","contentUrl":"https:\/\/mybody5.ee.mybody.ee\/proov\/wp-content\/uploads\/2023\/11\/mybody_logo_h65-2.png","width":229,"height":65,"caption":"MyBody.ee"},"image":{"@id":"https:\/\/mybody5.ee.mybody.ee\/proov\/#\/schema\/logo\/image\/"},"sameAs":["https:\/\/facebook.com\/MyBody.ee\/"]}]}},"_links":{"self":[{"href":"https:\/\/mybody5.ee.mybody.ee\/proov\/wp-json\/wp\/v2\/product\/560","targetHints":{"allow":["GET"]}}],"collection":[{"href":"https:\/\/mybody5.ee.mybody.ee\/proov\/wp-json\/wp\/v2\/product"}],"about":[{"href":"https:\/\/mybody5.ee.mybody.ee\/proov\/wp-json\/wp\/v2\/types\/product"}],"replies":[{"embeddable":true,"href":"https:\/\/mybody5.ee.mybody.ee\/proov\/wp-json\/wp\/v2\/comments?post=560"}],"wp:featuredmedia":[{"embeddable":true,"href":"https:\/\/mybody5.ee.mybody.ee\/proov\/wp-json\/wp\/v2\/media\/559"}],"wp:attachment":[{"href":"https:\/\/mybody5.ee.mybody.ee\/proov\/wp-json\/wp\/v2\/media?parent=560"}],"wp:term":[{"taxonomy":"product_cat","embeddable":true,"href":"https:\/\/mybody5.ee.mybody.ee\/proov\/wp-json\/wp\/v2\/product_cat?post=560"},{"taxonomy":"product_tag","embeddable":true,"href":"https:\/\/mybody5.ee.mybody.ee\/proov\/wp-json\/wp\/v2\/product_tag?post=560"}],"curies":[{"name":"wp","href":"https:\/\/api.w.org\/{rel}","templated":true}]}}