{"id":573,"date":"2019-12-09T22:25:43","date_gmt":"2019-12-09T22:25:43","guid":{"rendered":"https:\/\/mybody5.ee.mybody.ee\/proov\/product\/uued-pehmed-ja-maitsvad-sokolaadi-glasuuriga-proteiinibatoonid-all-stars-pro-plex-10tk\/"},"modified":"2019-12-09T22:25:43","modified_gmt":"2019-12-09T22:25:43","slug":"uued-pehmed-ja-maitsvad-sokolaadi-glasuuriga-proteiinibatoonid-all-stars-pro-plex-10tk","status":"publish","type":"product","link":"https:\/\/mybody5.ee.mybody.ee\/proov\/product\/uued-pehmed-ja-maitsvad-sokolaadi-glasuuriga-proteiinibatoonid-all-stars-pro-plex-10tk\/","title":{"rendered":"Uued pehmed ja maitsvad \u0161okolaadi glasuuriga proteiinibatoonid- All Stars Pro Plex 32tk"},"content":{"rendered":"<p>Uued maitsvad liikmed All Stars&#8217;i proteiinibatoonide perekonnas. Kookosemaitseline meeldib kindlasti neile kes soovivad, et proteiinibatoon oleks madala s\u00fcsivesikute sisaldusega ning ka v\u00e4ga madala suhkrusisaldusega, sest batoon sisaldab vaid 1.g suhkurt terve batooni kohta. Ning imeline k\u00fcpsisekreemi&nbsp;batoon on m\u00f5nusa kreemise&nbsp;matsega. M\u00f5lemad batoonid on kaetud pehme \u0161okolaadiglasuuriga. Sobivad kaasa v\u00f5tmiseks&nbsp;ideaalseks magusaks vahepalaks, \u0161okolaadi asemel kui ka enne ja peale trenni.<\/p>\n<ul>\n<li>Hea valkude ja s\u00fcsivesikute suhe<\/li>\n<li>Madal energiasisaldus<\/li>\n<li>Hea v\u00e4ike vahepala<\/li>\n<li>Parem kui \u0161okolaad<\/li>\n<\/ul>\n<h3>Kasutamine<\/h3>\n<p>Vastavalt vajadusele 1-3 batooni kerge vahepalana igal ajal p\u00e4eva jooksul, kui selleks tekib vajadus<\/p>\n<h3>Kellele sobib?<\/h3>\n<p>Sobib kasutamiseks k\u00f5igile, kes vajavad v\u00e4ikest maitsvat vahepala kohvi k\u00f5rvale v\u00f5i niisama magusaisu rahuldamiseks. V\u00f5ib kasutada enne treeninguid varustamaks keha toitainetega v\u00f5i treeningj\u00e4rgseks lahjaks kehakinnituseks.&nbsp;<strong style=\"line-height: 20.8px;\">All Pro Plex<\/strong>&nbsp;on parem kui komm.<\/p>\n<h3>Maitsed: <span style=\"font-size:12px;\">banaani-\u0161okolaadi<span style=\"font-family:arial,helvetica,sans-serif;\">, kookose<\/span><\/span><\/h3>\n<h3><span style=\"font-size:12px;\"><span style=\"font-family:arial,helvetica,sans-serif;\"><br \/><\/span><\/span><img decoding=\"async\" src=\"https:\/\/mybody5.ee.mybody.ee\/proov\/wp-content\/uploads\/2019\/12\/IMG_4577-2-scaled.jpg\" style=\"width: 50%;\"><img decoding=\"async\" src=\"https:\/\/mybody5.ee.mybody.ee\/proov\/wp-content\/uploads\/2019\/12\/IMG_4809-scaled.jpg\" style=\"width: 50%;\"><img decoding=\"async\" src=\"https:\/\/mybody5.ee.mybody.ee\/proov\/wp-content\/uploads\/2019\/12\/IMG_8192.JPG\" style=\"width: 50%;\"><img decoding=\"async\" src=\"https:\/\/mybody5.ee.mybody.ee\/proov\/wp-content\/uploads\/2019\/12\/IMG_8984-2-scaled.jpg\" style=\"width: 50%;\"><\/h3>\n<table border=\"1\" cellpadding=\"1\" cellspacing=\"1\" height=\"422\" style=\"height:100px;line-height:1.6em;width:600px;\" width=\"501\">\n<tbody>\n<tr>\n<td><strong style=\"line-height: 20.8px;\">Pro Plex k\u00fcpsisekreemi<\/strong><strong style=\"line-height: 20.8px;\">&nbsp;<\/strong><strong>toitev\u00e4\u00e4rtus <\/strong><\/td>\n<td><strong>35g<\/strong><\/td>\n<td><strong>100g<\/strong><\/td>\n<\/tr>\n<tr>\n<td>Energiat<\/td>\n<td>140kcal\/573kJ<\/td>\n<td>404kcal\/1693kJ<\/td>\n<\/tr>\n<tr>\n<td>Valke<\/td>\n<td>12 g<\/td>\n<td>34 g<\/td>\n<\/tr>\n<tr>\n<td>S\u00fcsivesikuid<br \/> \t\t\tmilles suhkrud<\/td>\n<td>12 g<br \/> \t\t\t7,3 g<\/td>\n<td>33 g<br \/> \t\t\t21 g<\/td>\n<\/tr>\n<tr>\n<td>Rasvu<br \/> \t\t\tmillest k\u00fcllastunud rasvu<\/td>\n<td>5,3 g<br \/> \t\t\t2,9 g<\/td>\n<td>15 g<br \/> \t\t\t8,4 g<\/td>\n<\/tr>\n<tr>\n<td>Soola<\/td>\n<td>0,07 g<\/td>\n<td>0.2 g<\/td>\n<\/tr>\n<tr>\n<td colspan=\"3\">\n<p><span style=\"font-size:9px;\">Koostis<\/span><span style=\"font-size:8px;\"><span style=\"font-size:9px;\">:<\/span>&nbsp;<strong>Piimavalk 27%<\/strong>, suhkrusiirup, <strong>piima\u0161okolaad<\/strong> (suhkur,<strong> kakaov\u00f5i<\/strong>, <strong>piimapulber<\/strong>,<strong> kakaomass<\/strong>, emulgaator (sojaletsitiin), l\u00f5hnaaine), fruktoosisiirup, h\u00fcdrol\u00fc\u00fcsitud kollageen ehk \u017eelatiin, dekstroossiirup, <strong>palmirasv<\/strong>, maitsetugevdaja, sool, <strong>munavalge pulber<\/strong>.<strong> V\u00f5ib sisaldada muna, seesami&nbsp; ja p\u00e4hklite j\u00e4\u00e4ke<\/strong>.<\/span><\/p>\n<p><strong><span style=\"font-size:10px;\">Allergeenid m\u00e4rgitud paksus kirjas.<\/span><\/strong><\/p>\n<\/td>\n<\/tr>\n<\/tbody>\n<\/table>\n<p><img decoding=\"async\" alt=\"\" src=\"https:\/\/pood.mybody.ee\/image\/data\/15.07\/pro plex k\u00fcpsise.jpg\" style=\"width: 326px; height: 127px;\"><\/p>\n<table border=\"1\" cellpadding=\"1\" cellspacing=\"1\" height=\"422\" style=\"line-height: 1.6em; height: 100px; width: 600px;\" width=\"501\">\n<tbody>\n<tr>\n<td><strong style=\"line-height: 20.8px;\">Pro Plex&nbsp;<\/strong><strong>kookose&nbsp;<\/strong><strong style=\"line-height: 20.8px;\">maitselise&nbsp;<\/strong><strong>toitev\u00e4\u00e4rtus<\/strong><\/td>\n<td><strong>35g<\/strong><\/td>\n<td><strong>100g<\/strong><\/td>\n<\/tr>\n<tr>\n<td>Energiat<\/td>\n<td>137kcal\/573kJ<\/td>\n<td>392kcal\/1636kJ<\/td>\n<\/tr>\n<tr>\n<td>Valke<\/td>\n<td>13 g<\/td>\n<td>36 g<\/td>\n<\/tr>\n<tr>\n<td>S\u00fcsivesikuid<br \/> \t\t\tmilles suhkrud<\/td>\n<td>11 g<br \/> \t\t\t1.1 g<\/td>\n<td>30 g<br \/> \t\t\t3 g<\/td>\n<\/tr>\n<tr>\n<td>Rasvu<br \/> \t\t\tmillest k\u00fcllastunud rasvu<\/td>\n<td>6.3 g<br \/> \t\t\t4.5 g<\/td>\n<td>18 g<br \/> \t\t\t13 g<\/td>\n<\/tr>\n<tr>\n<td>Soola<\/td>\n<td>0.05 g<\/td>\n<td>0.14 g<\/td>\n<\/tr>\n<tr>\n<td colspan=\"3\">\n<p><span style=\"font-size:8px;\">Koostis: Piimavalk 18%, ivertsuhkrusiirup, <strong>sojavalgu isolaat 7,6%,<\/strong> suhkrusiirup, suhkur<strong>, vadakuvalgu isolaat <\/strong><strong>6,1%<\/strong>, <strong>kakaomass<\/strong>, pol\u00fcdekstroossiirup (pol\u00fcdekstroos 70%, vesi), <strong>kakaov\u00f5i<\/strong>, <strong>palmirasv<\/strong>, <strong>l\u00f6ssipulber<\/strong>, oligofruktoosisiirup, <strong>piimapulber<\/strong>, <strong>mandlipasta, kakaopulber<\/strong> (rasvavaba), <strong>tapioki t\u00e4rklis<\/strong>, <strong>laktoos<\/strong>, emulgaator (sojaletsitiin, p\u00e4evalille letsitiin), madala rasvasisaldusega <strong>kakaoplulber<\/strong>. <strong>V\u00f5ib sisaldada muna, seesami&nbsp; ja p\u00e4hklite j\u00e4\u00e4ke<\/strong>.<\/span><\/p>\n<p><strong><span style=\"font-size:10px;\">Allergeenid m\u00e4rgitud paksus kirjas.<\/span><\/strong><\/p>\n<\/td>\n<\/tr>\n<\/tbody>\n<\/table>\n<h3><img decoding=\"async\" alt=\"\" src=\"https:\/\/pood.mybody.ee\/image\/data\/15.07\/pro plex kookose.jpg\" style=\"width: 326px; height: 123px;\"><\/h3>\n<h3>Konsultatsioon<\/h3>\n<ul>\n<li>Oled oodatud tasuta konsultatsioonile MYBODY Audentese kauplusesse,<\/li>\n<li>Asukoht: Audentese Spordikeskus, Tondi 84.<\/li>\n<li>Telefon EST\/RUS\/ENG +372&nbsp;523 1960<\/li>\n<li>Telefon EST\/ENG +372 56&nbsp;458&nbsp;688<\/li>\n<li><a href=\"mailto:info@mybody.ee\">info@mybody.ee<\/a><\/li>\n<li><a href=\"http:\/\/www.facebook.com\/mybody.ee\">www.facebook.com\/mybody.ee<\/a><\/li>\n<\/ul>\n<div id=\"__if72ru4sdfsdfrkjahiuyi_once\" style=\"display:none;\">&nbsp;<\/div>\n<div id=\"__hggasdgjhsagd_once\" style=\"display:none;\">&nbsp;<\/div>\n","protected":false},"excerpt":{"rendered":"<p>Uued maitsvad liikmed All Stars&#8217;i proteiinibatoonide perekonnas. Kookosemaitseline meeldib kindlasti neile kes soovivad, et proteiinibatoon oleks madala s\u00fcsivesikute sisaldusega ning ka v\u00e4ga madala suhkrusisaldusega, sest batoon sisaldab vaid 1.g suhkurt terve batooni kohta. Ning imeline k\u00fcpsisekreemi&nbsp;batoon on m\u00f5nusa kreemise&nbsp;matsega. M\u00f5lemad batoonid on kaetud pehme \u0161okolaadiglasuuriga. Sobivad kaasa v\u00f5tmiseks&nbsp;ideaalseks magusaks vahepalaks, \u0161okolaadi asemel kui ka enne [&hellip;]<\/p>\n","protected":false},"featured_media":567,"comment_status":"open","ping_status":"closed","template":"","meta":{"inline_featured_image":false},"product_cat":[61,29],"product_tag":[],"class_list":{"0":"post-573","1":"product","2":"type-product","3":"status-publish","4":"has-post-thumbnail","6":"product_cat-proteiinibatoonid","7":"product_cat-sooduspakkumised","8":"pa_maitse-cookieampcreamkreemikupsis","9":"pa_maitse-kookos","11":"first","12":"instock","13":"shipping-taxable","14":"purchasable","15":"product-type-variable"},"yoast_head":"<!-- This site is optimized with the Yoast SEO plugin v27.3 - https:\/\/yoast.com\/product\/yoast-seo-wordpress\/ -->\n<title>Uued pehmed ja maitsvad \u0161okolaadi glasuuriga proteiinibatoonid- All Stars Pro Plex 10tk - MyBody.ee - Toidulisandid ja sporditarvikud<\/title>\n<meta name=\"description\" content=\"Uued maitsvad liikmed All Stars&#039;i proteiinibatoonide perekonnas. Kookosemaitseline meeldib\" \/>\n<meta name=\"robots\" content=\"index, follow, max-snippet:-1, max-image-preview:large, max-video-preview:-1\" \/>\n<link rel=\"canonical\" href=\"https:\/\/mybody5.ee.mybody.ee\/proov\/product\/uued-pehmed-ja-maitsvad-sokolaadi-glasuuriga-proteiinibatoonid-all-stars-pro-plex-10tk\/\" \/>\n<meta property=\"og:locale\" content=\"et_EE\" \/>\n<meta property=\"og:type\" content=\"article\" \/>\n<meta property=\"og:title\" content=\"Uued pehmed ja maitsvad \u0161okolaadi glasuuriga proteiinibatoonid- All Stars Pro Plex 10tk - MyBody.ee - Toidulisandid ja sporditarvikud\" \/>\n<meta property=\"og:description\" content=\"Uued maitsvad liikmed All Stars&#039;i proteiinibatoonide perekonnas. Kookosemaitseline meeldib\" \/>\n<meta property=\"og:url\" content=\"https:\/\/mybody5.ee.mybody.ee\/proov\/product\/uued-pehmed-ja-maitsvad-sokolaadi-glasuuriga-proteiinibatoonid-all-stars-pro-plex-10tk\/\" \/>\n<meta property=\"og:site_name\" content=\"supplero\" \/>\n<meta property=\"article:publisher\" content=\"https:\/\/facebook.com\/MyBody.ee\/\" \/>\n<meta property=\"og:image\" content=\"https:\/\/mybody5.ee.mybody.ee\/proov\/wp-content\/uploads\/2019\/12\/pro-plex-kookose.jpg\" \/>\n\t<meta property=\"og:image:width\" content=\"326\" \/>\n\t<meta property=\"og:image:height\" content=\"123\" \/>\n\t<meta property=\"og:image:type\" content=\"image\/jpeg\" \/>\n<meta name=\"twitter:card\" content=\"summary_large_image\" \/>\n<meta name=\"twitter:label1\" content=\"Est. reading time\" \/>\n\t<meta name=\"twitter:data1\" content=\"2 minutit\" \/>\n<script type=\"application\/ld+json\" class=\"yoast-schema-graph\">{\"@context\":\"https:\\\/\\\/schema.org\",\"@graph\":[{\"@type\":\"WebPage\",\"@id\":\"https:\\\/\\\/mybody5.ee.mybody.ee\\\/proov\\\/product\\\/uued-pehmed-ja-maitsvad-sokolaadi-glasuuriga-proteiinibatoonid-all-stars-pro-plex-10tk\\\/\",\"url\":\"https:\\\/\\\/mybody5.ee.mybody.ee\\\/proov\\\/product\\\/uued-pehmed-ja-maitsvad-sokolaadi-glasuuriga-proteiinibatoonid-all-stars-pro-plex-10tk\\\/\",\"name\":\"Uued pehmed ja maitsvad \u0161okolaadi glasuuriga proteiinibatoonid- All Stars Pro Plex 10tk - MyBody.ee - Toidulisandid ja sporditarvikud\",\"isPartOf\":{\"@id\":\"https:\\\/\\\/mybody5.ee.mybody.ee\\\/proov\\\/#website\"},\"primaryImageOfPage\":{\"@id\":\"https:\\\/\\\/mybody5.ee.mybody.ee\\\/proov\\\/product\\\/uued-pehmed-ja-maitsvad-sokolaadi-glasuuriga-proteiinibatoonid-all-stars-pro-plex-10tk\\\/#primaryimage\"},\"image\":{\"@id\":\"https:\\\/\\\/mybody5.ee.mybody.ee\\\/proov\\\/product\\\/uued-pehmed-ja-maitsvad-sokolaadi-glasuuriga-proteiinibatoonid-all-stars-pro-plex-10tk\\\/#primaryimage\"},\"thumbnailUrl\":\"https:\\\/\\\/mybody5.ee.mybody.ee\\\/proov\\\/wp-content\\\/uploads\\\/2019\\\/12\\\/pro-plex-kookose.jpg\",\"datePublished\":\"2019-12-09T22:25:43+00:00\",\"description\":\"Uued maitsvad liikmed All Stars'i proteiinibatoonide perekonnas. Kookosemaitseline meeldib\",\"breadcrumb\":{\"@id\":\"https:\\\/\\\/mybody5.ee.mybody.ee\\\/proov\\\/product\\\/uued-pehmed-ja-maitsvad-sokolaadi-glasuuriga-proteiinibatoonid-all-stars-pro-plex-10tk\\\/#breadcrumb\"},\"inLanguage\":\"et\",\"potentialAction\":[{\"@type\":\"ReadAction\",\"target\":[\"https:\\\/\\\/mybody5.ee.mybody.ee\\\/proov\\\/product\\\/uued-pehmed-ja-maitsvad-sokolaadi-glasuuriga-proteiinibatoonid-all-stars-pro-plex-10tk\\\/\"]}]},{\"@type\":\"ImageObject\",\"inLanguage\":\"et\",\"@id\":\"https:\\\/\\\/mybody5.ee.mybody.ee\\\/proov\\\/product\\\/uued-pehmed-ja-maitsvad-sokolaadi-glasuuriga-proteiinibatoonid-all-stars-pro-plex-10tk\\\/#primaryimage\",\"url\":\"https:\\\/\\\/mybody5.ee.mybody.ee\\\/proov\\\/wp-content\\\/uploads\\\/2019\\\/12\\\/pro-plex-kookose.jpg\",\"contentUrl\":\"https:\\\/\\\/mybody5.ee.mybody.ee\\\/proov\\\/wp-content\\\/uploads\\\/2019\\\/12\\\/pro-plex-kookose.jpg\",\"width\":326,\"height\":123,\"caption\":\"Uued pehmed ja maitsvad \u0161okolaadi glasuuriga proteiinibatoonid- All Stars Pro Plex 32tk\"},{\"@type\":\"BreadcrumbList\",\"@id\":\"https:\\\/\\\/mybody5.ee.mybody.ee\\\/proov\\\/product\\\/uued-pehmed-ja-maitsvad-sokolaadi-glasuuriga-proteiinibatoonid-all-stars-pro-plex-10tk\\\/#breadcrumb\",\"itemListElement\":[{\"@type\":\"ListItem\",\"position\":1,\"name\":\"Home\",\"item\":\"https:\\\/\\\/mybody5.ee.mybody.ee\\\/proov\\\/\"},{\"@type\":\"ListItem\",\"position\":2,\"name\":\"Shop\",\"item\":\"https:\\\/\\\/mybody5.ee.mybody.ee\\\/proov\\\/shop\\\/\"},{\"@type\":\"ListItem\",\"position\":3,\"name\":\"Uued pehmed ja maitsvad \u0161okolaadi glasuuriga proteiinibatoonid- All Stars Pro Plex 32tk\"}]},{\"@type\":\"WebSite\",\"@id\":\"https:\\\/\\\/mybody5.ee.mybody.ee\\\/proov\\\/#website\",\"url\":\"https:\\\/\\\/mybody5.ee.mybody.ee\\\/proov\\\/\",\"name\":\"MyBody.ee - Toidulisandid ja sporditarvikud\",\"description\":\"Just another WordPress site\",\"publisher\":{\"@id\":\"https:\\\/\\\/mybody5.ee.mybody.ee\\\/proov\\\/#organization\"},\"potentialAction\":[{\"@type\":\"SearchAction\",\"target\":{\"@type\":\"EntryPoint\",\"urlTemplate\":\"https:\\\/\\\/mybody5.ee.mybody.ee\\\/proov\\\/?s={search_term_string}\"},\"query-input\":{\"@type\":\"PropertyValueSpecification\",\"valueRequired\":true,\"valueName\":\"search_term_string\"}}],\"inLanguage\":\"et\"},{\"@type\":\"Organization\",\"@id\":\"https:\\\/\\\/mybody5.ee.mybody.ee\\\/proov\\\/#organization\",\"name\":\"MyBody.ee\",\"url\":\"https:\\\/\\\/mybody5.ee.mybody.ee\\\/proov\\\/\",\"logo\":{\"@type\":\"ImageObject\",\"inLanguage\":\"et\",\"@id\":\"https:\\\/\\\/mybody5.ee.mybody.ee\\\/proov\\\/#\\\/schema\\\/logo\\\/image\\\/\",\"url\":\"https:\\\/\\\/mybody5.ee.mybody.ee\\\/proov\\\/wp-content\\\/uploads\\\/2023\\\/11\\\/mybody_logo_h65-2.png\",\"contentUrl\":\"https:\\\/\\\/mybody5.ee.mybody.ee\\\/proov\\\/wp-content\\\/uploads\\\/2023\\\/11\\\/mybody_logo_h65-2.png\",\"width\":229,\"height\":65,\"caption\":\"MyBody.ee\"},\"image\":{\"@id\":\"https:\\\/\\\/mybody5.ee.mybody.ee\\\/proov\\\/#\\\/schema\\\/logo\\\/image\\\/\"},\"sameAs\":[\"https:\\\/\\\/facebook.com\\\/MyBody.ee\\\/\"]}]}<\/script>\n<!-- \/ Yoast SEO plugin. -->","yoast_head_json":{"title":"Uued pehmed ja maitsvad \u0161okolaadi glasuuriga proteiinibatoonid- All Stars Pro Plex 10tk - MyBody.ee - Toidulisandid ja sporditarvikud","description":"Uued maitsvad liikmed All Stars'i proteiinibatoonide perekonnas. Kookosemaitseline meeldib","robots":{"index":"index","follow":"follow","max-snippet":"max-snippet:-1","max-image-preview":"max-image-preview:large","max-video-preview":"max-video-preview:-1"},"canonical":"https:\/\/mybody5.ee.mybody.ee\/proov\/product\/uued-pehmed-ja-maitsvad-sokolaadi-glasuuriga-proteiinibatoonid-all-stars-pro-plex-10tk\/","og_locale":"et_EE","og_type":"article","og_title":"Uued pehmed ja maitsvad \u0161okolaadi glasuuriga proteiinibatoonid- All Stars Pro Plex 10tk - MyBody.ee - Toidulisandid ja sporditarvikud","og_description":"Uued maitsvad liikmed All Stars'i proteiinibatoonide perekonnas. Kookosemaitseline meeldib","og_url":"https:\/\/mybody5.ee.mybody.ee\/proov\/product\/uued-pehmed-ja-maitsvad-sokolaadi-glasuuriga-proteiinibatoonid-all-stars-pro-plex-10tk\/","og_site_name":"supplero","article_publisher":"https:\/\/facebook.com\/MyBody.ee\/","og_image":[{"width":326,"height":123,"url":"https:\/\/mybody5.ee.mybody.ee\/proov\/wp-content\/uploads\/2019\/12\/pro-plex-kookose.jpg","type":"image\/jpeg"}],"twitter_card":"summary_large_image","twitter_misc":{"Est. reading time":"2 minutit"},"schema":{"@context":"https:\/\/schema.org","@graph":[{"@type":"WebPage","@id":"https:\/\/mybody5.ee.mybody.ee\/proov\/product\/uued-pehmed-ja-maitsvad-sokolaadi-glasuuriga-proteiinibatoonid-all-stars-pro-plex-10tk\/","url":"https:\/\/mybody5.ee.mybody.ee\/proov\/product\/uued-pehmed-ja-maitsvad-sokolaadi-glasuuriga-proteiinibatoonid-all-stars-pro-plex-10tk\/","name":"Uued pehmed ja maitsvad \u0161okolaadi glasuuriga proteiinibatoonid- All Stars Pro Plex 10tk - MyBody.ee - Toidulisandid ja sporditarvikud","isPartOf":{"@id":"https:\/\/mybody5.ee.mybody.ee\/proov\/#website"},"primaryImageOfPage":{"@id":"https:\/\/mybody5.ee.mybody.ee\/proov\/product\/uued-pehmed-ja-maitsvad-sokolaadi-glasuuriga-proteiinibatoonid-all-stars-pro-plex-10tk\/#primaryimage"},"image":{"@id":"https:\/\/mybody5.ee.mybody.ee\/proov\/product\/uued-pehmed-ja-maitsvad-sokolaadi-glasuuriga-proteiinibatoonid-all-stars-pro-plex-10tk\/#primaryimage"},"thumbnailUrl":"https:\/\/mybody5.ee.mybody.ee\/proov\/wp-content\/uploads\/2019\/12\/pro-plex-kookose.jpg","datePublished":"2019-12-09T22:25:43+00:00","description":"Uued maitsvad liikmed All Stars'i proteiinibatoonide perekonnas. Kookosemaitseline meeldib","breadcrumb":{"@id":"https:\/\/mybody5.ee.mybody.ee\/proov\/product\/uued-pehmed-ja-maitsvad-sokolaadi-glasuuriga-proteiinibatoonid-all-stars-pro-plex-10tk\/#breadcrumb"},"inLanguage":"et","potentialAction":[{"@type":"ReadAction","target":["https:\/\/mybody5.ee.mybody.ee\/proov\/product\/uued-pehmed-ja-maitsvad-sokolaadi-glasuuriga-proteiinibatoonid-all-stars-pro-plex-10tk\/"]}]},{"@type":"ImageObject","inLanguage":"et","@id":"https:\/\/mybody5.ee.mybody.ee\/proov\/product\/uued-pehmed-ja-maitsvad-sokolaadi-glasuuriga-proteiinibatoonid-all-stars-pro-plex-10tk\/#primaryimage","url":"https:\/\/mybody5.ee.mybody.ee\/proov\/wp-content\/uploads\/2019\/12\/pro-plex-kookose.jpg","contentUrl":"https:\/\/mybody5.ee.mybody.ee\/proov\/wp-content\/uploads\/2019\/12\/pro-plex-kookose.jpg","width":326,"height":123,"caption":"Uued pehmed ja maitsvad \u0161okolaadi glasuuriga proteiinibatoonid- All Stars Pro Plex 32tk"},{"@type":"BreadcrumbList","@id":"https:\/\/mybody5.ee.mybody.ee\/proov\/product\/uued-pehmed-ja-maitsvad-sokolaadi-glasuuriga-proteiinibatoonid-all-stars-pro-plex-10tk\/#breadcrumb","itemListElement":[{"@type":"ListItem","position":1,"name":"Home","item":"https:\/\/mybody5.ee.mybody.ee\/proov\/"},{"@type":"ListItem","position":2,"name":"Shop","item":"https:\/\/mybody5.ee.mybody.ee\/proov\/shop\/"},{"@type":"ListItem","position":3,"name":"Uued pehmed ja maitsvad \u0161okolaadi glasuuriga proteiinibatoonid- All Stars Pro Plex 32tk"}]},{"@type":"WebSite","@id":"https:\/\/mybody5.ee.mybody.ee\/proov\/#website","url":"https:\/\/mybody5.ee.mybody.ee\/proov\/","name":"MyBody.ee - Toidulisandid ja sporditarvikud","description":"Just another WordPress site","publisher":{"@id":"https:\/\/mybody5.ee.mybody.ee\/proov\/#organization"},"potentialAction":[{"@type":"SearchAction","target":{"@type":"EntryPoint","urlTemplate":"https:\/\/mybody5.ee.mybody.ee\/proov\/?s={search_term_string}"},"query-input":{"@type":"PropertyValueSpecification","valueRequired":true,"valueName":"search_term_string"}}],"inLanguage":"et"},{"@type":"Organization","@id":"https:\/\/mybody5.ee.mybody.ee\/proov\/#organization","name":"MyBody.ee","url":"https:\/\/mybody5.ee.mybody.ee\/proov\/","logo":{"@type":"ImageObject","inLanguage":"et","@id":"https:\/\/mybody5.ee.mybody.ee\/proov\/#\/schema\/logo\/image\/","url":"https:\/\/mybody5.ee.mybody.ee\/proov\/wp-content\/uploads\/2023\/11\/mybody_logo_h65-2.png","contentUrl":"https:\/\/mybody5.ee.mybody.ee\/proov\/wp-content\/uploads\/2023\/11\/mybody_logo_h65-2.png","width":229,"height":65,"caption":"MyBody.ee"},"image":{"@id":"https:\/\/mybody5.ee.mybody.ee\/proov\/#\/schema\/logo\/image\/"},"sameAs":["https:\/\/facebook.com\/MyBody.ee\/"]}]}},"_links":{"self":[{"href":"https:\/\/mybody5.ee.mybody.ee\/proov\/wp-json\/wp\/v2\/product\/573","targetHints":{"allow":["GET"]}}],"collection":[{"href":"https:\/\/mybody5.ee.mybody.ee\/proov\/wp-json\/wp\/v2\/product"}],"about":[{"href":"https:\/\/mybody5.ee.mybody.ee\/proov\/wp-json\/wp\/v2\/types\/product"}],"replies":[{"embeddable":true,"href":"https:\/\/mybody5.ee.mybody.ee\/proov\/wp-json\/wp\/v2\/comments?post=573"}],"wp:featuredmedia":[{"embeddable":true,"href":"https:\/\/mybody5.ee.mybody.ee\/proov\/wp-json\/wp\/v2\/media\/567"}],"wp:attachment":[{"href":"https:\/\/mybody5.ee.mybody.ee\/proov\/wp-json\/wp\/v2\/media?parent=573"}],"wp:term":[{"taxonomy":"product_cat","embeddable":true,"href":"https:\/\/mybody5.ee.mybody.ee\/proov\/wp-json\/wp\/v2\/product_cat?post=573"},{"taxonomy":"product_tag","embeddable":true,"href":"https:\/\/mybody5.ee.mybody.ee\/proov\/wp-json\/wp\/v2\/product_tag?post=573"}],"curies":[{"name":"wp","href":"https:\/\/api.w.org\/{rel}","templated":true}]}}