{"id":774,"date":"2019-12-12T13:27:37","date_gmt":"2019-12-12T13:27:37","guid":{"rendered":"https:\/\/mybody5.ee.mybody.ee\/proov\/product\/joulukombo-toeline-naine\/"},"modified":"2019-12-12T13:27:37","modified_gmt":"2019-12-12T13:27:37","slug":"joulukombo-toeline-naine","status":"publish","type":"product","link":"https:\/\/mybody5.ee.mybody.ee\/proov\/product\/joulukombo-toeline-naine\/","title":{"rendered":"T\u00f5eline Naine"},"content":{"rendered":"<h3>T\u00f5eline Naine<\/h3>\n<p><span style=\"text-align: center;\"><a href=\"https:\/\/mybody.ee\/index.php?route=product\/product&amp;product_id=752&amp;search=diet+meal\">SELF DIET MEAL &#8211; Parima maitsega toidukorra asendaja<\/a><\/span><\/p>\n<ul style=\"outline: 0px; margin-bottom: 10px;\">\n<li style=\"outline: 0px;\">Ainult 92&nbsp;kcal annuse kohta<\/li>\n<li style=\"outline: 0px;\">S\u00fcsivesikuid alla 2g<\/li>\n<li style=\"outline: 0px;\">Gluteeni- ja laktoosivaba<\/li>\n<li style=\"outline: 0px;\">P\u00e4ris \u0161okolaadiga<\/li>\n<li style=\"outline: 0px;\">Sisaldab vitamiine ja mineraalaineid<\/li>\n<li style=\"outline: 0px;\">Sisaldab seedimist soodustavad kiudaineid<\/li>\n<li style=\"outline: 0px;\">Aitab tervislikult kaalu langetada v\u00f5i hoida&nbsp;<\/li>\n<li style=\"outline: 0px;\">Suurep\u00e4rane vahepala, s\u00f6\u00f6gikorraasendaja v\u00f5i taastaja<\/li>\n<\/ul>\n<p style=\"outline: 0px;\"><span style=\"text-align: center;\"><a href=\"https:\/\/mybody.ee\/index.php?route=product\/product&amp;product_id=710&amp;search=pancake\">SELF PROTEIN PANCAKE &#8211;&nbsp;<\/a><\/span><span style=\"text-align: center;\"><a href=\"https:\/\/mybody.ee\/index.php?route=product\/product&amp;product_id=710&amp;search=pancake\">Pannkoogi- ja vahvlisegu<\/a><\/span><\/p>\n<ul style=\"outline: 0px; margin-bottom: 10px; color: rgb(76, 76, 76); font-family: Roboto; font-size: 14px;\">\n<li style=\"outline: 0px; text-align: justify;\"><span style=\"outline: 0px; font-family: arial, helvetica, sans-serif;\"><span style=\"outline: 0px; font-size: 12px;\">K\u00f5rge valgusisaldus<\/span><\/span><\/li>\n<li style=\"outline: 0px; text-align: justify;\"><span style=\"outline: 0px; font-family: arial, helvetica, sans-serif;\"><span style=\"outline: 0px; font-size: 12px;\">Lisatud omega-3 rasvhappeid<\/span><\/span><\/li>\n<li style=\"outline: 0px; text-align: justify;\"><span style=\"outline: 0px; font-family: arial, helvetica, sans-serif;\"><span style=\"outline: 0px; font-size: 12px;\">Sisaldab kiudaineid<\/span><\/span><\/li>\n<\/ul>\n<p style=\"outline: 0px;\"><span style=\"text-align: center;\"><a href=\"https:\/\/mybody.ee\/index.php?route=product\/product&amp;path=90_106&amp;product_id=850\">MYBODY LILLA \u0160EIKER &#8211; BPA-vaba ja k\u00fclmumiskindel<\/a><\/span><\/p>\n<ul style=\"outline: 0px; margin-bottom: 10px;\">\n<li style=\"outline: 0px;\">Varustatud m\u00f5\u00f5teskaalaga t\u00e4pseks doseerimiseks<\/li>\n<li style=\"outline: 0px;\">Keeratav kork,&nbsp;ei mingit trennikotis lekkimist<\/li>\n<li style=\"outline: 0px;\">Paremaks segunemiseks varustatud s\u00f5elaga<\/li>\n<li style=\"outline: 0px;\">Sobib nii spordijoogi kui taastusjoogi segamiseks<\/li>\n<li style=\"outline: 0px;\">BPA-vaba<\/li>\n<li style=\"outline: 0px;\">Pestav n\u00f5udepesumasinas<\/li>\n<li style=\"outline: 0px;\">K\u00fclmumiskindel<\/li>\n<li style=\"outline: 0px;\">100% veekindel<\/li>\n<\/ul>\n<h3 style=\"outline: 0px;\">Kasutamine<\/h3>\n<p style=\"outline: 0px;\"><a href=\"https:\/\/mybody.ee\/index.php?route=product\/product&amp;product_id=752&amp;search=diet+meal\" style=\"background-color: rgb(255, 255, 255); color: rgb(20, 98, 140); outline: 0px; text-align: center;\">SELF DIET MEAL<\/a>&nbsp;&#8211;&nbsp;Naudi DIET MEAL\u2019i kui maitsvat vahepala vastavalt vajadusele. Lisa 25g pulbrit (1 m\u00f5\u00f5dulusikat\u00e4is) ning 300ml vett v\u00f5i piima \u0161eikerisse ja raputa p\u00f5hjalikult umbes 30 sekundit kuni jook on \u00fchtlaselt segunenud. Parima tulemuse saamiseks kasuta&nbsp;spetsiaalset \u0161eikerit. Toode ei ole m\u00f5eldud asendama mitmek\u00fclgset ja tasakaalustatud toitumist. \u00c4rge \u00fcletage soovituslikku p\u00e4evast kogust!<\/p>\n<p style=\"outline: 0px;\"><a href=\"https:\/\/mybody.ee\/index.php?route=product\/product&amp;product_id=710&amp;search=pancake\" style=\"background-color: rgb(255, 255, 255); text-align: center;\">SELF PROTEIN PANCAKE<\/a>&nbsp;&#8211;&nbsp;Lisa 40g pulbrile 150-200ml vett v\u00f5i piima, sega \u00fchtlaseks massiks ja lase segul&nbsp;seista 3 minutit. Seej\u00e4rel \u00fcpseta taigen&nbsp;pannil v\u00f5i vahvlimasinal. Ideaalsed n\u00e4dalavahetuse hommikus\u00f6\u00f6gilauale koos&nbsp;klaasi k\u00fclma piimaga.<\/p>\n<p style=\"outline: 0px;\"><a href=\"https:\/\/mybody.ee\/index.php?route=product\/product&amp;path=90_106&amp;product_id=850\" style=\"background-color: rgb(255, 255, 255); text-align: center;\">MYBODY LILLA \u0160EIKER<\/a>&nbsp;&#8211;<span style=\"color: rgb(76, 76, 76); font-family: Roboto; font-size: 14px;\">&nbsp;<\/span>\u0161eikerit kasutatakse&nbsp;taastusjookide doseerimiseks, lahustamiseks ja kaasaskandmiseks. Tooteid doseerida vastavalt juhendile<\/p>\n","protected":false},"excerpt":{"rendered":"<p>T\u00f5eline Naine SELF DIET MEAL &#8211; Parima maitsega toidukorra asendaja Ainult 92&nbsp;kcal annuse kohta S\u00fcsivesikuid alla 2g Gluteeni- ja laktoosivaba P\u00e4ris \u0161okolaadiga Sisaldab vitamiine ja mineraalaineid Sisaldab seedimist soodustavad kiudaineid Aitab tervislikult kaalu langetada v\u00f5i hoida&nbsp; Suurep\u00e4rane vahepala, s\u00f6\u00f6gikorraasendaja v\u00f5i taastaja SELF PROTEIN PANCAKE &#8211;&nbsp;Pannkoogi- ja vahvlisegu K\u00f5rge valgusisaldus Lisatud omega-3 rasvhappeid Sisaldab kiudaineid MYBODY [&hellip;]<\/p>\n","protected":false},"featured_media":773,"comment_status":"open","ping_status":"closed","template":"","meta":{"inline_featured_image":false},"product_cat":[62],"product_tag":[],"class_list":{"0":"post-774","1":"product","2":"type-product","3":"status-publish","4":"has-post-thumbnail","6":"product_cat-lopumuuk","7":"pa_maitse-sokolaad","8":"pa_maitse-vanilje","10":"first","11":"instock","12":"shipping-taxable","13":"purchasable","14":"product-type-variable"},"yoast_head":"<!-- This site is optimized with the Yoast SEO plugin v27.3 - https:\/\/yoast.com\/product\/yoast-seo-wordpress\/ -->\n<title>T\u00f5eline Naine - MyBody.ee - Toidulisandid ja sporditarvikud<\/title>\n<meta name=\"description\" content=\"T\u00f5eline NaineSELF DIET MEAL - Parima maitsega toidukorra\" \/>\n<meta name=\"robots\" content=\"index, follow, max-snippet:-1, max-image-preview:large, max-video-preview:-1\" \/>\n<link rel=\"canonical\" href=\"https:\/\/mybody5.ee.mybody.ee\/proov\/product\/joulukombo-toeline-naine\/\" \/>\n<meta property=\"og:locale\" content=\"et_EE\" \/>\n<meta property=\"og:type\" content=\"article\" \/>\n<meta property=\"og:title\" content=\"T\u00f5eline Naine - MyBody.ee - Toidulisandid ja sporditarvikud\" \/>\n<meta property=\"og:description\" content=\"T\u00f5eline NaineSELF DIET MEAL - Parima maitsega toidukorra\" \/>\n<meta property=\"og:url\" content=\"https:\/\/mybody5.ee.mybody.ee\/proov\/product\/joulukombo-toeline-naine\/\" \/>\n<meta property=\"og:site_name\" content=\"supplero\" \/>\n<meta property=\"article:publisher\" content=\"https:\/\/facebook.com\/MyBody.ee\/\" \/>\n<meta property=\"og:image\" content=\"https:\/\/mybody5.ee.mybody.ee\/proov\/wp-content\/uploads\/2019\/12\/3.png\" \/>\n\t<meta property=\"og:image:width\" content=\"1080\" \/>\n\t<meta property=\"og:image:height\" content=\"1080\" \/>\n\t<meta property=\"og:image:type\" content=\"image\/png\" \/>\n<meta name=\"twitter:card\" content=\"summary_large_image\" \/>\n<meta name=\"twitter:label1\" content=\"Est. reading time\" \/>\n\t<meta name=\"twitter:data1\" content=\"1 minut\" \/>\n<script type=\"application\/ld+json\" class=\"yoast-schema-graph\">{\"@context\":\"https:\\\/\\\/schema.org\",\"@graph\":[{\"@type\":\"WebPage\",\"@id\":\"https:\\\/\\\/mybody5.ee.mybody.ee\\\/proov\\\/product\\\/joulukombo-toeline-naine\\\/\",\"url\":\"https:\\\/\\\/mybody5.ee.mybody.ee\\\/proov\\\/product\\\/joulukombo-toeline-naine\\\/\",\"name\":\"T\u00f5eline Naine - MyBody.ee - Toidulisandid ja sporditarvikud\",\"isPartOf\":{\"@id\":\"https:\\\/\\\/mybody5.ee.mybody.ee\\\/proov\\\/#website\"},\"primaryImageOfPage\":{\"@id\":\"https:\\\/\\\/mybody5.ee.mybody.ee\\\/proov\\\/product\\\/joulukombo-toeline-naine\\\/#primaryimage\"},\"image\":{\"@id\":\"https:\\\/\\\/mybody5.ee.mybody.ee\\\/proov\\\/product\\\/joulukombo-toeline-naine\\\/#primaryimage\"},\"thumbnailUrl\":\"https:\\\/\\\/mybody5.ee.mybody.ee\\\/proov\\\/wp-content\\\/uploads\\\/2019\\\/12\\\/3.png\",\"datePublished\":\"2019-12-12T13:27:37+00:00\",\"description\":\"T\u00f5eline NaineSELF DIET MEAL - Parima maitsega toidukorra\",\"breadcrumb\":{\"@id\":\"https:\\\/\\\/mybody5.ee.mybody.ee\\\/proov\\\/product\\\/joulukombo-toeline-naine\\\/#breadcrumb\"},\"inLanguage\":\"et\",\"potentialAction\":[{\"@type\":\"ReadAction\",\"target\":[\"https:\\\/\\\/mybody5.ee.mybody.ee\\\/proov\\\/product\\\/joulukombo-toeline-naine\\\/\"]}]},{\"@type\":\"ImageObject\",\"inLanguage\":\"et\",\"@id\":\"https:\\\/\\\/mybody5.ee.mybody.ee\\\/proov\\\/product\\\/joulukombo-toeline-naine\\\/#primaryimage\",\"url\":\"https:\\\/\\\/mybody5.ee.mybody.ee\\\/proov\\\/wp-content\\\/uploads\\\/2019\\\/12\\\/3.png\",\"contentUrl\":\"https:\\\/\\\/mybody5.ee.mybody.ee\\\/proov\\\/wp-content\\\/uploads\\\/2019\\\/12\\\/3.png\",\"width\":1080,\"height\":1080,\"caption\":\"T\u00f5eline Naine\"},{\"@type\":\"BreadcrumbList\",\"@id\":\"https:\\\/\\\/mybody5.ee.mybody.ee\\\/proov\\\/product\\\/joulukombo-toeline-naine\\\/#breadcrumb\",\"itemListElement\":[{\"@type\":\"ListItem\",\"position\":1,\"name\":\"Home\",\"item\":\"https:\\\/\\\/mybody5.ee.mybody.ee\\\/proov\\\/\"},{\"@type\":\"ListItem\",\"position\":2,\"name\":\"Shop\",\"item\":\"https:\\\/\\\/mybody5.ee.mybody.ee\\\/proov\\\/shop\\\/\"},{\"@type\":\"ListItem\",\"position\":3,\"name\":\"T\u00f5eline Naine\"}]},{\"@type\":\"WebSite\",\"@id\":\"https:\\\/\\\/mybody5.ee.mybody.ee\\\/proov\\\/#website\",\"url\":\"https:\\\/\\\/mybody5.ee.mybody.ee\\\/proov\\\/\",\"name\":\"MyBody.ee - Toidulisandid ja sporditarvikud\",\"description\":\"Just another WordPress site\",\"publisher\":{\"@id\":\"https:\\\/\\\/mybody5.ee.mybody.ee\\\/proov\\\/#organization\"},\"potentialAction\":[{\"@type\":\"SearchAction\",\"target\":{\"@type\":\"EntryPoint\",\"urlTemplate\":\"https:\\\/\\\/mybody5.ee.mybody.ee\\\/proov\\\/?s={search_term_string}\"},\"query-input\":{\"@type\":\"PropertyValueSpecification\",\"valueRequired\":true,\"valueName\":\"search_term_string\"}}],\"inLanguage\":\"et\"},{\"@type\":\"Organization\",\"@id\":\"https:\\\/\\\/mybody5.ee.mybody.ee\\\/proov\\\/#organization\",\"name\":\"MyBody.ee\",\"url\":\"https:\\\/\\\/mybody5.ee.mybody.ee\\\/proov\\\/\",\"logo\":{\"@type\":\"ImageObject\",\"inLanguage\":\"et\",\"@id\":\"https:\\\/\\\/mybody5.ee.mybody.ee\\\/proov\\\/#\\\/schema\\\/logo\\\/image\\\/\",\"url\":\"https:\\\/\\\/mybody5.ee.mybody.ee\\\/proov\\\/wp-content\\\/uploads\\\/2023\\\/11\\\/mybody_logo_h65-2.png\",\"contentUrl\":\"https:\\\/\\\/mybody5.ee.mybody.ee\\\/proov\\\/wp-content\\\/uploads\\\/2023\\\/11\\\/mybody_logo_h65-2.png\",\"width\":229,\"height\":65,\"caption\":\"MyBody.ee\"},\"image\":{\"@id\":\"https:\\\/\\\/mybody5.ee.mybody.ee\\\/proov\\\/#\\\/schema\\\/logo\\\/image\\\/\"},\"sameAs\":[\"https:\\\/\\\/facebook.com\\\/MyBody.ee\\\/\"]}]}<\/script>\n<!-- \/ Yoast SEO plugin. -->","yoast_head_json":{"title":"T\u00f5eline Naine - MyBody.ee - Toidulisandid ja sporditarvikud","description":"T\u00f5eline NaineSELF DIET MEAL - Parima maitsega toidukorra","robots":{"index":"index","follow":"follow","max-snippet":"max-snippet:-1","max-image-preview":"max-image-preview:large","max-video-preview":"max-video-preview:-1"},"canonical":"https:\/\/mybody5.ee.mybody.ee\/proov\/product\/joulukombo-toeline-naine\/","og_locale":"et_EE","og_type":"article","og_title":"T\u00f5eline Naine - MyBody.ee - Toidulisandid ja sporditarvikud","og_description":"T\u00f5eline NaineSELF DIET MEAL - Parima maitsega toidukorra","og_url":"https:\/\/mybody5.ee.mybody.ee\/proov\/product\/joulukombo-toeline-naine\/","og_site_name":"supplero","article_publisher":"https:\/\/facebook.com\/MyBody.ee\/","og_image":[{"width":1080,"height":1080,"url":"https:\/\/mybody5.ee.mybody.ee\/proov\/wp-content\/uploads\/2019\/12\/3.png","type":"image\/png"}],"twitter_card":"summary_large_image","twitter_misc":{"Est. reading time":"1 minut"},"schema":{"@context":"https:\/\/schema.org","@graph":[{"@type":"WebPage","@id":"https:\/\/mybody5.ee.mybody.ee\/proov\/product\/joulukombo-toeline-naine\/","url":"https:\/\/mybody5.ee.mybody.ee\/proov\/product\/joulukombo-toeline-naine\/","name":"T\u00f5eline Naine - MyBody.ee - Toidulisandid ja sporditarvikud","isPartOf":{"@id":"https:\/\/mybody5.ee.mybody.ee\/proov\/#website"},"primaryImageOfPage":{"@id":"https:\/\/mybody5.ee.mybody.ee\/proov\/product\/joulukombo-toeline-naine\/#primaryimage"},"image":{"@id":"https:\/\/mybody5.ee.mybody.ee\/proov\/product\/joulukombo-toeline-naine\/#primaryimage"},"thumbnailUrl":"https:\/\/mybody5.ee.mybody.ee\/proov\/wp-content\/uploads\/2019\/12\/3.png","datePublished":"2019-12-12T13:27:37+00:00","description":"T\u00f5eline NaineSELF DIET MEAL - Parima maitsega toidukorra","breadcrumb":{"@id":"https:\/\/mybody5.ee.mybody.ee\/proov\/product\/joulukombo-toeline-naine\/#breadcrumb"},"inLanguage":"et","potentialAction":[{"@type":"ReadAction","target":["https:\/\/mybody5.ee.mybody.ee\/proov\/product\/joulukombo-toeline-naine\/"]}]},{"@type":"ImageObject","inLanguage":"et","@id":"https:\/\/mybody5.ee.mybody.ee\/proov\/product\/joulukombo-toeline-naine\/#primaryimage","url":"https:\/\/mybody5.ee.mybody.ee\/proov\/wp-content\/uploads\/2019\/12\/3.png","contentUrl":"https:\/\/mybody5.ee.mybody.ee\/proov\/wp-content\/uploads\/2019\/12\/3.png","width":1080,"height":1080,"caption":"T\u00f5eline Naine"},{"@type":"BreadcrumbList","@id":"https:\/\/mybody5.ee.mybody.ee\/proov\/product\/joulukombo-toeline-naine\/#breadcrumb","itemListElement":[{"@type":"ListItem","position":1,"name":"Home","item":"https:\/\/mybody5.ee.mybody.ee\/proov\/"},{"@type":"ListItem","position":2,"name":"Shop","item":"https:\/\/mybody5.ee.mybody.ee\/proov\/shop\/"},{"@type":"ListItem","position":3,"name":"T\u00f5eline Naine"}]},{"@type":"WebSite","@id":"https:\/\/mybody5.ee.mybody.ee\/proov\/#website","url":"https:\/\/mybody5.ee.mybody.ee\/proov\/","name":"MyBody.ee - Toidulisandid ja sporditarvikud","description":"Just another WordPress site","publisher":{"@id":"https:\/\/mybody5.ee.mybody.ee\/proov\/#organization"},"potentialAction":[{"@type":"SearchAction","target":{"@type":"EntryPoint","urlTemplate":"https:\/\/mybody5.ee.mybody.ee\/proov\/?s={search_term_string}"},"query-input":{"@type":"PropertyValueSpecification","valueRequired":true,"valueName":"search_term_string"}}],"inLanguage":"et"},{"@type":"Organization","@id":"https:\/\/mybody5.ee.mybody.ee\/proov\/#organization","name":"MyBody.ee","url":"https:\/\/mybody5.ee.mybody.ee\/proov\/","logo":{"@type":"ImageObject","inLanguage":"et","@id":"https:\/\/mybody5.ee.mybody.ee\/proov\/#\/schema\/logo\/image\/","url":"https:\/\/mybody5.ee.mybody.ee\/proov\/wp-content\/uploads\/2023\/11\/mybody_logo_h65-2.png","contentUrl":"https:\/\/mybody5.ee.mybody.ee\/proov\/wp-content\/uploads\/2023\/11\/mybody_logo_h65-2.png","width":229,"height":65,"caption":"MyBody.ee"},"image":{"@id":"https:\/\/mybody5.ee.mybody.ee\/proov\/#\/schema\/logo\/image\/"},"sameAs":["https:\/\/facebook.com\/MyBody.ee\/"]}]}},"_links":{"self":[{"href":"https:\/\/mybody5.ee.mybody.ee\/proov\/wp-json\/wp\/v2\/product\/774","targetHints":{"allow":["GET"]}}],"collection":[{"href":"https:\/\/mybody5.ee.mybody.ee\/proov\/wp-json\/wp\/v2\/product"}],"about":[{"href":"https:\/\/mybody5.ee.mybody.ee\/proov\/wp-json\/wp\/v2\/types\/product"}],"replies":[{"embeddable":true,"href":"https:\/\/mybody5.ee.mybody.ee\/proov\/wp-json\/wp\/v2\/comments?post=774"}],"wp:featuredmedia":[{"embeddable":true,"href":"https:\/\/mybody5.ee.mybody.ee\/proov\/wp-json\/wp\/v2\/media\/773"}],"wp:attachment":[{"href":"https:\/\/mybody5.ee.mybody.ee\/proov\/wp-json\/wp\/v2\/media?parent=774"}],"wp:term":[{"taxonomy":"product_cat","embeddable":true,"href":"https:\/\/mybody5.ee.mybody.ee\/proov\/wp-json\/wp\/v2\/product_cat?post=774"},{"taxonomy":"product_tag","embeddable":true,"href":"https:\/\/mybody5.ee.mybody.ee\/proov\/wp-json\/wp\/v2\/product_tag?post=774"}],"curies":[{"name":"wp","href":"https:\/\/api.w.org\/{rel}","templated":true}]}}