{"id":799,"date":"2019-12-16T14:55:06","date_gmt":"2019-12-16T14:55:06","guid":{"rendered":"https:\/\/mybody5.ee.mybody.ee\/proov\/product\/hea-tuju-aminohape-self-amino-dlpa-dl-fenuulalaniin-ee\/"},"modified":"2019-12-16T14:55:06","modified_gmt":"2019-12-16T14:55:06","slug":"hea-tuju-aminohape-self-amino-dlpa-dl-fenuulalaniin-ee","status":"publish","type":"product","link":"https:\/\/mybody5.ee.mybody.ee\/proov\/product\/hea-tuju-aminohape-self-amino-dlpa-dl-fenuulalaniin-ee\/","title":{"rendered":"Hea tuju aminohape &#8211;  SELF AMINO DLPA (DL-fen\u00fc\u00fclalaniin)"},"content":{"rendered":"<p class=\"MsoNormal\"><b>SELF Amino DLPA<\/b> (DL-fen\u00fc\u00fclalaniin) on looduslik aminohape, mis t\u00e4idab kehas t\u00e4htsaid funktsioone. DLPA (DL-fen\u00fc\u00fclalaniin) aminohape tagab normaalse n\u00e4rvis\u00fcsteem talitluse ning erksuse. DLPA (DL-fen\u00fc\u00fclalaniin) aitab s\u00fcnteesida dopamiini kui ka endorfiini, mis aitavad v\u00e4hendada depressiooni ja suurendada \u00f5nnetunnet. DLPA (DL-fen\u00fc\u00fclalaniin) puudumisele v\u00f5ivad j\u00e4rgneda j\u00e4rgmised s\u00fcmptomid: v\u00e4simus, segadus, m\u00e4luprobleemid, v\u00e4henenud erksus.<\/p>\n<ul>\n<li>Parem tuju<\/li>\n<li>Parem ajut\u00f6\u00f6<\/li>\n<li>V\u00e4hendab isusid<\/li>\n<li>Rohkem energiat<\/li>\n<li>V\u00e4hendab depressiooni<\/li>\n<\/ul>\n<p class=\"MsoListParagraphCxSpLast\" style=\"\"><o:p><\/o:p><\/p>\n<h3>Kasutamine<\/h3>\n<p class=\"MsoNormal\"><o:p><\/o:p><\/p>\n<p class=\"MsoNormal\">P\u00e4evane annus 2g (1 kulp),&nbsp; segada 100ml veega ning manustada enne hommikus\u00f6\u00f6ki.<o:p><\/o:p><\/p>\n<h3>Kellele sobib?<\/h3>\n<p class=\"MsoNormal\"><o:p><\/o:p><\/p>\n<p class=\"MsoNormal\">DLPA (DL-fen\u00fc\u00fclalaniin) sobib k\u00f5igile, kes sooviv parandadad oma ajut\u00f6\u00f6d, meeleolu ja energiat. <o:p><\/o:p><\/p>\n<h3>Pakend: <span style=\"font-size: 14px;\">200g<\/span><\/h3>\n<p class=\"MsoNormal\"><o:p><\/o:p><\/p>\n<h3>Koostis: <span style=\"font-size: 14px;\">100% DL-fen\u00fc\u00fclalaniin (pulber)<\/span><\/h3>\n","protected":false},"excerpt":{"rendered":"<p>SELF Amino DLPA (DL-fen\u00fc\u00fclalaniin) on looduslik aminohape, mis t\u00e4idab kehas t\u00e4htsaid funktsioone. DLPA (DL-fen\u00fc\u00fclalaniin) aminohape tagab normaalse n\u00e4rvis\u00fcsteem talitluse ning erksuse. DLPA (DL-fen\u00fc\u00fclalaniin) aitab s\u00fcnteesida dopamiini kui ka endorfiini, mis aitavad v\u00e4hendada depressiooni ja suurendada \u00f5nnetunnet. DLPA (DL-fen\u00fc\u00fclalaniin) puudumisele v\u00f5ivad j\u00e4rgneda j\u00e4rgmised s\u00fcmptomid: v\u00e4simus, segadus, m\u00e4luprobleemid, v\u00e4henenud erksus. Parem tuju Parem ajut\u00f6\u00f6 V\u00e4hendab isusid Rohkem [&hellip;]<\/p>\n","protected":false},"featured_media":798,"comment_status":"open","ping_status":"closed","template":"","meta":{"inline_featured_image":false},"product_cat":[17,49,29],"product_tag":[],"class_list":{"0":"post-799","1":"product","2":"type-product","3":"status-publish","4":"has-post-thumbnail","6":"product_cat-aminohapped","7":"product_cat-puhtad-aminohapped","8":"product_cat-sooduspakkumised","10":"first","11":"instock","12":"shipping-taxable","13":"purchasable","14":"product-type-simple"},"yoast_head":"<!-- This site is optimized with the Yoast SEO plugin v27.3 - https:\/\/yoast.com\/product\/yoast-seo-wordpress\/ -->\n<title>Hea tuju aminohape - SELF AMINO DLPA (DL-fen\u00fc\u00fclalaniin) - MyBody.ee - Toidulisandid ja sporditarvikud<\/title>\n<meta name=\"description\" content=\"SELF Amino DLPA (DL-fen\u00fc\u00fclalaniin) on looduslik aminohape, mis t\u00e4idab kehas\" \/>\n<meta name=\"robots\" content=\"index, follow, max-snippet:-1, max-image-preview:large, max-video-preview:-1\" \/>\n<link rel=\"canonical\" href=\"https:\/\/mybody5.ee.mybody.ee\/proov\/product\/hea-tuju-aminohape-self-amino-dlpa-dl-fenuulalaniin-ee\/\" \/>\n<meta property=\"og:locale\" content=\"et_EE\" \/>\n<meta property=\"og:type\" content=\"article\" \/>\n<meta property=\"og:title\" content=\"Hea tuju aminohape - SELF AMINO DLPA (DL-fen\u00fc\u00fclalaniin) - MyBody.ee - Toidulisandid ja sporditarvikud\" \/>\n<meta property=\"og:description\" content=\"SELF Amino DLPA (DL-fen\u00fc\u00fclalaniin) on looduslik aminohape, mis t\u00e4idab kehas\" \/>\n<meta property=\"og:url\" content=\"https:\/\/mybody5.ee.mybody.ee\/proov\/product\/hea-tuju-aminohape-self-amino-dlpa-dl-fenuulalaniin-ee\/\" \/>\n<meta property=\"og:site_name\" content=\"supplero\" \/>\n<meta property=\"article:publisher\" content=\"https:\/\/facebook.com\/MyBody.ee\/\" \/>\n<meta property=\"og:image\" content=\"https:\/\/mybody5.ee.mybody.ee\/proov\/wp-content\/uploads\/2019\/12\/dlpa.png\" \/>\n\t<meta property=\"og:image:width\" content=\"305\" \/>\n\t<meta property=\"og:image:height\" content=\"339\" \/>\n\t<meta property=\"og:image:type\" content=\"image\/png\" \/>\n<meta name=\"twitter:card\" content=\"summary_large_image\" \/>\n<meta name=\"twitter:label1\" content=\"Est. reading time\" \/>\n\t<meta name=\"twitter:data1\" content=\"1 minut\" \/>\n<script type=\"application\/ld+json\" class=\"yoast-schema-graph\">{\"@context\":\"https:\\\/\\\/schema.org\",\"@graph\":[{\"@type\":\"WebPage\",\"@id\":\"https:\\\/\\\/mybody5.ee.mybody.ee\\\/proov\\\/product\\\/hea-tuju-aminohape-self-amino-dlpa-dl-fenuulalaniin-ee\\\/\",\"url\":\"https:\\\/\\\/mybody5.ee.mybody.ee\\\/proov\\\/product\\\/hea-tuju-aminohape-self-amino-dlpa-dl-fenuulalaniin-ee\\\/\",\"name\":\"Hea tuju aminohape - SELF AMINO DLPA (DL-fen\u00fc\u00fclalaniin) - MyBody.ee - Toidulisandid ja sporditarvikud\",\"isPartOf\":{\"@id\":\"https:\\\/\\\/mybody5.ee.mybody.ee\\\/proov\\\/#website\"},\"primaryImageOfPage\":{\"@id\":\"https:\\\/\\\/mybody5.ee.mybody.ee\\\/proov\\\/product\\\/hea-tuju-aminohape-self-amino-dlpa-dl-fenuulalaniin-ee\\\/#primaryimage\"},\"image\":{\"@id\":\"https:\\\/\\\/mybody5.ee.mybody.ee\\\/proov\\\/product\\\/hea-tuju-aminohape-self-amino-dlpa-dl-fenuulalaniin-ee\\\/#primaryimage\"},\"thumbnailUrl\":\"https:\\\/\\\/mybody5.ee.mybody.ee\\\/proov\\\/wp-content\\\/uploads\\\/2019\\\/12\\\/dlpa.png\",\"datePublished\":\"2019-12-16T14:55:06+00:00\",\"description\":\"SELF Amino DLPA (DL-fen\u00fc\u00fclalaniin) on looduslik aminohape, mis t\u00e4idab kehas\",\"breadcrumb\":{\"@id\":\"https:\\\/\\\/mybody5.ee.mybody.ee\\\/proov\\\/product\\\/hea-tuju-aminohape-self-amino-dlpa-dl-fenuulalaniin-ee\\\/#breadcrumb\"},\"inLanguage\":\"et\",\"potentialAction\":[{\"@type\":\"ReadAction\",\"target\":[\"https:\\\/\\\/mybody5.ee.mybody.ee\\\/proov\\\/product\\\/hea-tuju-aminohape-self-amino-dlpa-dl-fenuulalaniin-ee\\\/\"]}]},{\"@type\":\"ImageObject\",\"inLanguage\":\"et\",\"@id\":\"https:\\\/\\\/mybody5.ee.mybody.ee\\\/proov\\\/product\\\/hea-tuju-aminohape-self-amino-dlpa-dl-fenuulalaniin-ee\\\/#primaryimage\",\"url\":\"https:\\\/\\\/mybody5.ee.mybody.ee\\\/proov\\\/wp-content\\\/uploads\\\/2019\\\/12\\\/dlpa.png\",\"contentUrl\":\"https:\\\/\\\/mybody5.ee.mybody.ee\\\/proov\\\/wp-content\\\/uploads\\\/2019\\\/12\\\/dlpa.png\",\"width\":305,\"height\":339,\"caption\":\"Hea tuju aminohape - SELF AMINO DLPA (DL-fen\u00fc\u00fclalaniin)\"},{\"@type\":\"BreadcrumbList\",\"@id\":\"https:\\\/\\\/mybody5.ee.mybody.ee\\\/proov\\\/product\\\/hea-tuju-aminohape-self-amino-dlpa-dl-fenuulalaniin-ee\\\/#breadcrumb\",\"itemListElement\":[{\"@type\":\"ListItem\",\"position\":1,\"name\":\"Home\",\"item\":\"https:\\\/\\\/mybody5.ee.mybody.ee\\\/proov\\\/\"},{\"@type\":\"ListItem\",\"position\":2,\"name\":\"Shop\",\"item\":\"https:\\\/\\\/mybody5.ee.mybody.ee\\\/proov\\\/shop\\\/\"},{\"@type\":\"ListItem\",\"position\":3,\"name\":\"Hea tuju aminohape &#8211; SELF AMINO DLPA (DL-fen\u00fc\u00fclalaniin)\"}]},{\"@type\":\"WebSite\",\"@id\":\"https:\\\/\\\/mybody5.ee.mybody.ee\\\/proov\\\/#website\",\"url\":\"https:\\\/\\\/mybody5.ee.mybody.ee\\\/proov\\\/\",\"name\":\"MyBody.ee - Toidulisandid ja sporditarvikud\",\"description\":\"Just another WordPress site\",\"publisher\":{\"@id\":\"https:\\\/\\\/mybody5.ee.mybody.ee\\\/proov\\\/#organization\"},\"potentialAction\":[{\"@type\":\"SearchAction\",\"target\":{\"@type\":\"EntryPoint\",\"urlTemplate\":\"https:\\\/\\\/mybody5.ee.mybody.ee\\\/proov\\\/?s={search_term_string}\"},\"query-input\":{\"@type\":\"PropertyValueSpecification\",\"valueRequired\":true,\"valueName\":\"search_term_string\"}}],\"inLanguage\":\"et\"},{\"@type\":\"Organization\",\"@id\":\"https:\\\/\\\/mybody5.ee.mybody.ee\\\/proov\\\/#organization\",\"name\":\"MyBody.ee\",\"url\":\"https:\\\/\\\/mybody5.ee.mybody.ee\\\/proov\\\/\",\"logo\":{\"@type\":\"ImageObject\",\"inLanguage\":\"et\",\"@id\":\"https:\\\/\\\/mybody5.ee.mybody.ee\\\/proov\\\/#\\\/schema\\\/logo\\\/image\\\/\",\"url\":\"https:\\\/\\\/mybody5.ee.mybody.ee\\\/proov\\\/wp-content\\\/uploads\\\/2023\\\/11\\\/mybody_logo_h65-2.png\",\"contentUrl\":\"https:\\\/\\\/mybody5.ee.mybody.ee\\\/proov\\\/wp-content\\\/uploads\\\/2023\\\/11\\\/mybody_logo_h65-2.png\",\"width\":229,\"height\":65,\"caption\":\"MyBody.ee\"},\"image\":{\"@id\":\"https:\\\/\\\/mybody5.ee.mybody.ee\\\/proov\\\/#\\\/schema\\\/logo\\\/image\\\/\"},\"sameAs\":[\"https:\\\/\\\/facebook.com\\\/MyBody.ee\\\/\"]}]}<\/script>\n<!-- \/ Yoast SEO plugin. -->","yoast_head_json":{"title":"Hea tuju aminohape - SELF AMINO DLPA (DL-fen\u00fc\u00fclalaniin) - MyBody.ee - Toidulisandid ja sporditarvikud","description":"SELF Amino DLPA (DL-fen\u00fc\u00fclalaniin) on looduslik aminohape, mis t\u00e4idab kehas","robots":{"index":"index","follow":"follow","max-snippet":"max-snippet:-1","max-image-preview":"max-image-preview:large","max-video-preview":"max-video-preview:-1"},"canonical":"https:\/\/mybody5.ee.mybody.ee\/proov\/product\/hea-tuju-aminohape-self-amino-dlpa-dl-fenuulalaniin-ee\/","og_locale":"et_EE","og_type":"article","og_title":"Hea tuju aminohape - SELF AMINO DLPA (DL-fen\u00fc\u00fclalaniin) - MyBody.ee - Toidulisandid ja sporditarvikud","og_description":"SELF Amino DLPA (DL-fen\u00fc\u00fclalaniin) on looduslik aminohape, mis t\u00e4idab kehas","og_url":"https:\/\/mybody5.ee.mybody.ee\/proov\/product\/hea-tuju-aminohape-self-amino-dlpa-dl-fenuulalaniin-ee\/","og_site_name":"supplero","article_publisher":"https:\/\/facebook.com\/MyBody.ee\/","og_image":[{"width":305,"height":339,"url":"https:\/\/mybody5.ee.mybody.ee\/proov\/wp-content\/uploads\/2019\/12\/dlpa.png","type":"image\/png"}],"twitter_card":"summary_large_image","twitter_misc":{"Est. reading time":"1 minut"},"schema":{"@context":"https:\/\/schema.org","@graph":[{"@type":"WebPage","@id":"https:\/\/mybody5.ee.mybody.ee\/proov\/product\/hea-tuju-aminohape-self-amino-dlpa-dl-fenuulalaniin-ee\/","url":"https:\/\/mybody5.ee.mybody.ee\/proov\/product\/hea-tuju-aminohape-self-amino-dlpa-dl-fenuulalaniin-ee\/","name":"Hea tuju aminohape - SELF AMINO DLPA (DL-fen\u00fc\u00fclalaniin) - MyBody.ee - Toidulisandid ja sporditarvikud","isPartOf":{"@id":"https:\/\/mybody5.ee.mybody.ee\/proov\/#website"},"primaryImageOfPage":{"@id":"https:\/\/mybody5.ee.mybody.ee\/proov\/product\/hea-tuju-aminohape-self-amino-dlpa-dl-fenuulalaniin-ee\/#primaryimage"},"image":{"@id":"https:\/\/mybody5.ee.mybody.ee\/proov\/product\/hea-tuju-aminohape-self-amino-dlpa-dl-fenuulalaniin-ee\/#primaryimage"},"thumbnailUrl":"https:\/\/mybody5.ee.mybody.ee\/proov\/wp-content\/uploads\/2019\/12\/dlpa.png","datePublished":"2019-12-16T14:55:06+00:00","description":"SELF Amino DLPA (DL-fen\u00fc\u00fclalaniin) on looduslik aminohape, mis t\u00e4idab kehas","breadcrumb":{"@id":"https:\/\/mybody5.ee.mybody.ee\/proov\/product\/hea-tuju-aminohape-self-amino-dlpa-dl-fenuulalaniin-ee\/#breadcrumb"},"inLanguage":"et","potentialAction":[{"@type":"ReadAction","target":["https:\/\/mybody5.ee.mybody.ee\/proov\/product\/hea-tuju-aminohape-self-amino-dlpa-dl-fenuulalaniin-ee\/"]}]},{"@type":"ImageObject","inLanguage":"et","@id":"https:\/\/mybody5.ee.mybody.ee\/proov\/product\/hea-tuju-aminohape-self-amino-dlpa-dl-fenuulalaniin-ee\/#primaryimage","url":"https:\/\/mybody5.ee.mybody.ee\/proov\/wp-content\/uploads\/2019\/12\/dlpa.png","contentUrl":"https:\/\/mybody5.ee.mybody.ee\/proov\/wp-content\/uploads\/2019\/12\/dlpa.png","width":305,"height":339,"caption":"Hea tuju aminohape - SELF AMINO DLPA (DL-fen\u00fc\u00fclalaniin)"},{"@type":"BreadcrumbList","@id":"https:\/\/mybody5.ee.mybody.ee\/proov\/product\/hea-tuju-aminohape-self-amino-dlpa-dl-fenuulalaniin-ee\/#breadcrumb","itemListElement":[{"@type":"ListItem","position":1,"name":"Home","item":"https:\/\/mybody5.ee.mybody.ee\/proov\/"},{"@type":"ListItem","position":2,"name":"Shop","item":"https:\/\/mybody5.ee.mybody.ee\/proov\/shop\/"},{"@type":"ListItem","position":3,"name":"Hea tuju aminohape &#8211; SELF AMINO DLPA (DL-fen\u00fc\u00fclalaniin)"}]},{"@type":"WebSite","@id":"https:\/\/mybody5.ee.mybody.ee\/proov\/#website","url":"https:\/\/mybody5.ee.mybody.ee\/proov\/","name":"MyBody.ee - Toidulisandid ja sporditarvikud","description":"Just another WordPress site","publisher":{"@id":"https:\/\/mybody5.ee.mybody.ee\/proov\/#organization"},"potentialAction":[{"@type":"SearchAction","target":{"@type":"EntryPoint","urlTemplate":"https:\/\/mybody5.ee.mybody.ee\/proov\/?s={search_term_string}"},"query-input":{"@type":"PropertyValueSpecification","valueRequired":true,"valueName":"search_term_string"}}],"inLanguage":"et"},{"@type":"Organization","@id":"https:\/\/mybody5.ee.mybody.ee\/proov\/#organization","name":"MyBody.ee","url":"https:\/\/mybody5.ee.mybody.ee\/proov\/","logo":{"@type":"ImageObject","inLanguage":"et","@id":"https:\/\/mybody5.ee.mybody.ee\/proov\/#\/schema\/logo\/image\/","url":"https:\/\/mybody5.ee.mybody.ee\/proov\/wp-content\/uploads\/2023\/11\/mybody_logo_h65-2.png","contentUrl":"https:\/\/mybody5.ee.mybody.ee\/proov\/wp-content\/uploads\/2023\/11\/mybody_logo_h65-2.png","width":229,"height":65,"caption":"MyBody.ee"},"image":{"@id":"https:\/\/mybody5.ee.mybody.ee\/proov\/#\/schema\/logo\/image\/"},"sameAs":["https:\/\/facebook.com\/MyBody.ee\/"]}]}},"_links":{"self":[{"href":"https:\/\/mybody5.ee.mybody.ee\/proov\/wp-json\/wp\/v2\/product\/799","targetHints":{"allow":["GET"]}}],"collection":[{"href":"https:\/\/mybody5.ee.mybody.ee\/proov\/wp-json\/wp\/v2\/product"}],"about":[{"href":"https:\/\/mybody5.ee.mybody.ee\/proov\/wp-json\/wp\/v2\/types\/product"}],"replies":[{"embeddable":true,"href":"https:\/\/mybody5.ee.mybody.ee\/proov\/wp-json\/wp\/v2\/comments?post=799"}],"wp:featuredmedia":[{"embeddable":true,"href":"https:\/\/mybody5.ee.mybody.ee\/proov\/wp-json\/wp\/v2\/media\/798"}],"wp:attachment":[{"href":"https:\/\/mybody5.ee.mybody.ee\/proov\/wp-json\/wp\/v2\/media?parent=799"}],"wp:term":[{"taxonomy":"product_cat","embeddable":true,"href":"https:\/\/mybody5.ee.mybody.ee\/proov\/wp-json\/wp\/v2\/product_cat?post=799"},{"taxonomy":"product_tag","embeddable":true,"href":"https:\/\/mybody5.ee.mybody.ee\/proov\/wp-json\/wp\/v2\/product_tag?post=799"}],"curies":[{"name":"wp","href":"https:\/\/api.w.org\/{rel}","templated":true}]}}