{"id":810,"date":"2020-01-06T16:23:33","date_gmt":"2020-01-06T16:23:33","guid":{"rendered":"https:\/\/mybody5.ee.mybody.ee\/proov\/product\/paevane-annus-multivitamiine-90-kapslit-all-stars-multi-vitamin\/"},"modified":"2020-01-06T16:23:33","modified_gmt":"2020-01-06T16:23:33","slug":"paevane-annus-multivitamiine-90-kapslit-all-stars-multi-vitamin","status":"publish","type":"product","link":"https:\/\/mybody5.ee.mybody.ee\/proov\/product\/paevane-annus-multivitamiine-90-kapslit-all-stars-multi-vitamin\/","title":{"rendered":"P\u00e4evane annus multivitamiine 90 kapslit &#8211; All Stars Multi-Vitamin"},"content":{"rendered":"<p><strong>All Stars Multi-Vitamin&nbsp;<\/strong>on vitamiinide kompleks, mis sisaldab vesilahustuvaid ja rasvlahustuvaid vitamiine. \u00dcks kapsel sisaldab k\u00f5iki vitamiine soovitusliku p\u00e4evase koguse jagu. Toode ei sisalda mineraalaineid, mis annab v\u00f5imalusel ise juurde lisada k\u00f5ige olulisemiad mineraalaineid.<\/p>\n<p>Multivitamiinid on hea investeering, et t\u00e4iustada oma men\u00fc\u00fcd ja parandada sportlike saavutusi.&nbsp;Kui kehas on vitamiinide puuduj\u00e4\u00e4gid, v\u00f5ib see p\u00f5hjustada erinevaid terviseh\u00e4ireid. Ainu\u00fcksi toidust on e<span style=\"line-height: 1.6em;\">riti raske saada k\u00e4tte k\u00f5ike vajalike vitamiine ja mineraalaineid, olles piiratud kalorsusega dieedil.<\/span><\/p>\n<ul>\n<li><span style=\"line-height: 1.6em;\">13 vitamiini sealhulga D3 ja K2<\/span><\/li>\n<li>\u00dcks kapsel sisaldab 167% p\u00e4evasest vajadusest<\/li>\n<li>Ilma suhkruta ja ilma lisaaineteta<\/li>\n<li>Kapsel ilma \u017eelatiinita<\/li>\n<\/ul>\n<h3>Kasutamine<\/h3>\n<p>P\u00e4evane annus 1-3 kapslit. Kapsleid v\u00f5tta iga p\u00e4ev koos hommikus\u00f6\u00f6giga.<\/p>\n<h3>Kellele sobib?<\/h3>\n<p>Sobib h\u00e4sti neile, kes tunnevad pidevat v\u00e4simust ja energiapuudust; samuti neile, kel on suurenenud vitamiinide mineraalide vajadus.<\/p>\n<h3>Pakend: <span style=\"font-size: 14px;\">90 taimset kapslit<\/span><\/h3>\n<table border=\"1\" cellpadding=\"1\" cellspacing=\"1\" style=\"height:150px; width:438px\">\n<tbody>\n<tr>\n<td><strong>Multi-Vitamin<\/strong><strong>&nbsp;koostisosad<\/strong><\/td>\n<td><strong>1 kapsel 167-168% EU-RDA*<\/strong><\/td>\n<\/tr>\n<tr>\n<td>Vitamiin C<\/td>\n<td>133,6 mg<\/td>\n<\/tr>\n<tr>\n<td>Nikotiinamiid ehk niatsiin<\/td>\n<td>26,7 mg<\/td>\n<\/tr>\n<tr>\n<td>Vitamiin E<\/td>\n<td>20 mg<\/td>\n<\/tr>\n<tr>\n<td>Pantoteenhappe<\/td>\n<td>10 mg<\/td>\n<\/tr>\n<tr>\n<td>Vitamiin B2<\/td>\n<td>2,3 mg<\/td>\n<\/tr>\n<tr>\n<td>Vitamiin B6<\/td>\n<td>2,3 mg<\/td>\n<\/tr>\n<tr>\n<td>Vitamiin B1<\/td>\n<td>1,8 mg<\/td>\n<\/tr>\n<tr>\n<td>Vitamiin A<\/td>\n<td>1336 mcg<\/td>\n<\/tr>\n<tr>\n<td>Foolhape<\/td>\n<td>334 mcg<\/td>\n<\/tr>\n<tr>\n<td>Biotiin<\/td>\n<td>84,5 mcg<\/td>\n<\/tr>\n<tr>\n<td>Vitamiin K2<\/td>\n<td>34 mcg<\/td>\n<\/tr>\n<tr>\n<td>Vitamiin D3<\/td>\n<td>8,4 mcg<\/td>\n<\/tr>\n<tr>\n<td>Vitamiin B12<\/td>\n<td>4,2 mcg<\/td>\n<\/tr>\n<tr>\n<td colspan=\"2\"><span style=\"font-size: 10px;\">Koostis:&nbsp;<\/span><\/td>\n<\/tr>\n<\/tbody>\n<\/table>\n<p>Konsultatsioon<\/p>\n<ul>\n<li>Oled oodatud asuta konsultatsioonile MYBODY Audentese kauplusesse,<\/li>\n<li>Asukoht: Audentese Spordikeskus, Tondi 84.<\/li>\n<li>Telefon EST\/RUS\/ENG +372&nbsp;523 1960<\/li>\n<li>Telefon EST\/ENG +372 56&nbsp;458&nbsp;688<\/li>\n<li><a href=\"mailto:info@mybody.ee\">info@mybody.ee<\/a><\/li>\n<li><a href=\"http:\/\/www.facebook.com\/mybody.ee\">www.facebook.com\/mybody.ee<\/a><\/li>\n<\/ul>\n","protected":false},"excerpt":{"rendered":"<p>All Stars Multi-Vitamin&nbsp;on vitamiinide kompleks, mis sisaldab vesilahustuvaid ja rasvlahustuvaid vitamiine. \u00dcks kapsel sisaldab k\u00f5iki vitamiine soovitusliku p\u00e4evase koguse jagu. Toode ei sisalda mineraalaineid, mis annab v\u00f5imalusel ise juurde lisada k\u00f5ige olulisemiad mineraalaineid. Multivitamiinid on hea investeering, et t\u00e4iustada oma men\u00fc\u00fcd ja parandada sportlike saavutusi.&nbsp;Kui kehas on vitamiinide puuduj\u00e4\u00e4gid, v\u00f5ib see p\u00f5hjustada erinevaid terviseh\u00e4ireid. Ainu\u00fcksi [&hellip;]<\/p>\n","protected":false},"featured_media":809,"comment_status":"open","ping_status":"closed","template":"","meta":{"inline_featured_image":false},"product_cat":[50,32],"product_tag":[],"class_list":{"0":"post-810","1":"product","2":"type-product","3":"status-publish","4":"has-post-thumbnail","6":"product_cat-vitamiinid-ja-mineraalid","7":"product_cat-mikroelemendid","8":"pa_kogustablettikapslit-120tk","9":"pa_kunakasutada-uldiselttugevdav","10":"pa_vorm-tablettkapsel","12":"first","13":"instock","14":"shipping-taxable","15":"purchasable","16":"product-type-simple"},"yoast_head":"<!-- This site is optimized with the Yoast SEO plugin v27.3 - https:\/\/yoast.com\/product\/yoast-seo-wordpress\/ -->\n<title>P\u00e4evane annus multivitamiine 90 kapslit - All Stars Multi-Vitamin - MyBody.ee - Toidulisandid ja sporditarvikud<\/title>\n<meta name=\"description\" content=\"All Stars Multi-Vitamin\u00a0on vitamiinide kompleks, mis sisaldab vesilahustuvaid ja\" \/>\n<meta name=\"robots\" content=\"index, follow, max-snippet:-1, max-image-preview:large, max-video-preview:-1\" \/>\n<link rel=\"canonical\" href=\"https:\/\/mybody5.ee.mybody.ee\/proov\/product\/paevane-annus-multivitamiine-90-kapslit-all-stars-multi-vitamin\/\" \/>\n<meta property=\"og:locale\" content=\"et_EE\" \/>\n<meta property=\"og:type\" content=\"article\" \/>\n<meta property=\"og:title\" content=\"P\u00e4evane annus multivitamiine 90 kapslit - All Stars Multi-Vitamin - MyBody.ee - Toidulisandid ja sporditarvikud\" \/>\n<meta property=\"og:description\" content=\"All Stars Multi-Vitamin\u00a0on vitamiinide kompleks, mis sisaldab vesilahustuvaid ja\" \/>\n<meta property=\"og:url\" content=\"https:\/\/mybody5.ee.mybody.ee\/proov\/product\/paevane-annus-multivitamiine-90-kapslit-all-stars-multi-vitamin\/\" \/>\n<meta property=\"og:site_name\" content=\"supplero\" \/>\n<meta property=\"article:publisher\" content=\"https:\/\/facebook.com\/MyBody.ee\/\" \/>\n<meta property=\"og:image\" content=\"https:\/\/mybody5.ee.mybody.ee\/proov\/wp-content\/uploads\/2020\/01\/MultiVitamin_front.jpg\" \/>\n\t<meta property=\"og:image:width\" content=\"700\" \/>\n\t<meta property=\"og:image:height\" content=\"700\" \/>\n\t<meta property=\"og:image:type\" content=\"image\/jpeg\" \/>\n<meta name=\"twitter:card\" content=\"summary_large_image\" \/>\n<meta name=\"twitter:label1\" content=\"Est. reading time\" \/>\n\t<meta name=\"twitter:data1\" content=\"1 minut\" \/>\n<script type=\"application\/ld+json\" class=\"yoast-schema-graph\">{\"@context\":\"https:\\\/\\\/schema.org\",\"@graph\":[{\"@type\":\"WebPage\",\"@id\":\"https:\\\/\\\/mybody5.ee.mybody.ee\\\/proov\\\/product\\\/paevane-annus-multivitamiine-90-kapslit-all-stars-multi-vitamin\\\/\",\"url\":\"https:\\\/\\\/mybody5.ee.mybody.ee\\\/proov\\\/product\\\/paevane-annus-multivitamiine-90-kapslit-all-stars-multi-vitamin\\\/\",\"name\":\"P\u00e4evane annus multivitamiine 90 kapslit - All Stars Multi-Vitamin - MyBody.ee - Toidulisandid ja sporditarvikud\",\"isPartOf\":{\"@id\":\"https:\\\/\\\/mybody5.ee.mybody.ee\\\/proov\\\/#website\"},\"primaryImageOfPage\":{\"@id\":\"https:\\\/\\\/mybody5.ee.mybody.ee\\\/proov\\\/product\\\/paevane-annus-multivitamiine-90-kapslit-all-stars-multi-vitamin\\\/#primaryimage\"},\"image\":{\"@id\":\"https:\\\/\\\/mybody5.ee.mybody.ee\\\/proov\\\/product\\\/paevane-annus-multivitamiine-90-kapslit-all-stars-multi-vitamin\\\/#primaryimage\"},\"thumbnailUrl\":\"https:\\\/\\\/mybody5.ee.mybody.ee\\\/proov\\\/wp-content\\\/uploads\\\/2020\\\/01\\\/MultiVitamin_front.jpg\",\"datePublished\":\"2020-01-06T16:23:33+00:00\",\"description\":\"All Stars Multi-Vitamin\u00a0on vitamiinide kompleks, mis sisaldab vesilahustuvaid ja\",\"breadcrumb\":{\"@id\":\"https:\\\/\\\/mybody5.ee.mybody.ee\\\/proov\\\/product\\\/paevane-annus-multivitamiine-90-kapslit-all-stars-multi-vitamin\\\/#breadcrumb\"},\"inLanguage\":\"et\",\"potentialAction\":[{\"@type\":\"ReadAction\",\"target\":[\"https:\\\/\\\/mybody5.ee.mybody.ee\\\/proov\\\/product\\\/paevane-annus-multivitamiine-90-kapslit-all-stars-multi-vitamin\\\/\"]}]},{\"@type\":\"ImageObject\",\"inLanguage\":\"et\",\"@id\":\"https:\\\/\\\/mybody5.ee.mybody.ee\\\/proov\\\/product\\\/paevane-annus-multivitamiine-90-kapslit-all-stars-multi-vitamin\\\/#primaryimage\",\"url\":\"https:\\\/\\\/mybody5.ee.mybody.ee\\\/proov\\\/wp-content\\\/uploads\\\/2020\\\/01\\\/MultiVitamin_front.jpg\",\"contentUrl\":\"https:\\\/\\\/mybody5.ee.mybody.ee\\\/proov\\\/wp-content\\\/uploads\\\/2020\\\/01\\\/MultiVitamin_front.jpg\",\"width\":700,\"height\":700,\"caption\":\"P\u00e4evane annus multivitamiine 90 kapslit - All Stars Multi-Vitamin\"},{\"@type\":\"BreadcrumbList\",\"@id\":\"https:\\\/\\\/mybody5.ee.mybody.ee\\\/proov\\\/product\\\/paevane-annus-multivitamiine-90-kapslit-all-stars-multi-vitamin\\\/#breadcrumb\",\"itemListElement\":[{\"@type\":\"ListItem\",\"position\":1,\"name\":\"Home\",\"item\":\"https:\\\/\\\/mybody5.ee.mybody.ee\\\/proov\\\/\"},{\"@type\":\"ListItem\",\"position\":2,\"name\":\"Shop\",\"item\":\"https:\\\/\\\/mybody5.ee.mybody.ee\\\/proov\\\/shop\\\/\"},{\"@type\":\"ListItem\",\"position\":3,\"name\":\"P\u00e4evane annus multivitamiine 90 kapslit &#8211; All Stars Multi-Vitamin\"}]},{\"@type\":\"WebSite\",\"@id\":\"https:\\\/\\\/mybody5.ee.mybody.ee\\\/proov\\\/#website\",\"url\":\"https:\\\/\\\/mybody5.ee.mybody.ee\\\/proov\\\/\",\"name\":\"MyBody.ee - Toidulisandid ja sporditarvikud\",\"description\":\"Just another WordPress site\",\"publisher\":{\"@id\":\"https:\\\/\\\/mybody5.ee.mybody.ee\\\/proov\\\/#organization\"},\"potentialAction\":[{\"@type\":\"SearchAction\",\"target\":{\"@type\":\"EntryPoint\",\"urlTemplate\":\"https:\\\/\\\/mybody5.ee.mybody.ee\\\/proov\\\/?s={search_term_string}\"},\"query-input\":{\"@type\":\"PropertyValueSpecification\",\"valueRequired\":true,\"valueName\":\"search_term_string\"}}],\"inLanguage\":\"et\"},{\"@type\":\"Organization\",\"@id\":\"https:\\\/\\\/mybody5.ee.mybody.ee\\\/proov\\\/#organization\",\"name\":\"MyBody.ee\",\"url\":\"https:\\\/\\\/mybody5.ee.mybody.ee\\\/proov\\\/\",\"logo\":{\"@type\":\"ImageObject\",\"inLanguage\":\"et\",\"@id\":\"https:\\\/\\\/mybody5.ee.mybody.ee\\\/proov\\\/#\\\/schema\\\/logo\\\/image\\\/\",\"url\":\"https:\\\/\\\/mybody5.ee.mybody.ee\\\/proov\\\/wp-content\\\/uploads\\\/2023\\\/11\\\/mybody_logo_h65-2.png\",\"contentUrl\":\"https:\\\/\\\/mybody5.ee.mybody.ee\\\/proov\\\/wp-content\\\/uploads\\\/2023\\\/11\\\/mybody_logo_h65-2.png\",\"width\":229,\"height\":65,\"caption\":\"MyBody.ee\"},\"image\":{\"@id\":\"https:\\\/\\\/mybody5.ee.mybody.ee\\\/proov\\\/#\\\/schema\\\/logo\\\/image\\\/\"},\"sameAs\":[\"https:\\\/\\\/facebook.com\\\/MyBody.ee\\\/\"]}]}<\/script>\n<!-- \/ Yoast SEO plugin. -->","yoast_head_json":{"title":"P\u00e4evane annus multivitamiine 90 kapslit - All Stars Multi-Vitamin - MyBody.ee - Toidulisandid ja sporditarvikud","description":"All Stars Multi-Vitamin\u00a0on vitamiinide kompleks, mis sisaldab vesilahustuvaid ja","robots":{"index":"index","follow":"follow","max-snippet":"max-snippet:-1","max-image-preview":"max-image-preview:large","max-video-preview":"max-video-preview:-1"},"canonical":"https:\/\/mybody5.ee.mybody.ee\/proov\/product\/paevane-annus-multivitamiine-90-kapslit-all-stars-multi-vitamin\/","og_locale":"et_EE","og_type":"article","og_title":"P\u00e4evane annus multivitamiine 90 kapslit - All Stars Multi-Vitamin - MyBody.ee - Toidulisandid ja sporditarvikud","og_description":"All Stars Multi-Vitamin\u00a0on vitamiinide kompleks, mis sisaldab vesilahustuvaid ja","og_url":"https:\/\/mybody5.ee.mybody.ee\/proov\/product\/paevane-annus-multivitamiine-90-kapslit-all-stars-multi-vitamin\/","og_site_name":"supplero","article_publisher":"https:\/\/facebook.com\/MyBody.ee\/","og_image":[{"width":700,"height":700,"url":"https:\/\/mybody5.ee.mybody.ee\/proov\/wp-content\/uploads\/2020\/01\/MultiVitamin_front.jpg","type":"image\/jpeg"}],"twitter_card":"summary_large_image","twitter_misc":{"Est. reading time":"1 minut"},"schema":{"@context":"https:\/\/schema.org","@graph":[{"@type":"WebPage","@id":"https:\/\/mybody5.ee.mybody.ee\/proov\/product\/paevane-annus-multivitamiine-90-kapslit-all-stars-multi-vitamin\/","url":"https:\/\/mybody5.ee.mybody.ee\/proov\/product\/paevane-annus-multivitamiine-90-kapslit-all-stars-multi-vitamin\/","name":"P\u00e4evane annus multivitamiine 90 kapslit - All Stars Multi-Vitamin - MyBody.ee - Toidulisandid ja sporditarvikud","isPartOf":{"@id":"https:\/\/mybody5.ee.mybody.ee\/proov\/#website"},"primaryImageOfPage":{"@id":"https:\/\/mybody5.ee.mybody.ee\/proov\/product\/paevane-annus-multivitamiine-90-kapslit-all-stars-multi-vitamin\/#primaryimage"},"image":{"@id":"https:\/\/mybody5.ee.mybody.ee\/proov\/product\/paevane-annus-multivitamiine-90-kapslit-all-stars-multi-vitamin\/#primaryimage"},"thumbnailUrl":"https:\/\/mybody5.ee.mybody.ee\/proov\/wp-content\/uploads\/2020\/01\/MultiVitamin_front.jpg","datePublished":"2020-01-06T16:23:33+00:00","description":"All Stars Multi-Vitamin\u00a0on vitamiinide kompleks, mis sisaldab vesilahustuvaid ja","breadcrumb":{"@id":"https:\/\/mybody5.ee.mybody.ee\/proov\/product\/paevane-annus-multivitamiine-90-kapslit-all-stars-multi-vitamin\/#breadcrumb"},"inLanguage":"et","potentialAction":[{"@type":"ReadAction","target":["https:\/\/mybody5.ee.mybody.ee\/proov\/product\/paevane-annus-multivitamiine-90-kapslit-all-stars-multi-vitamin\/"]}]},{"@type":"ImageObject","inLanguage":"et","@id":"https:\/\/mybody5.ee.mybody.ee\/proov\/product\/paevane-annus-multivitamiine-90-kapslit-all-stars-multi-vitamin\/#primaryimage","url":"https:\/\/mybody5.ee.mybody.ee\/proov\/wp-content\/uploads\/2020\/01\/MultiVitamin_front.jpg","contentUrl":"https:\/\/mybody5.ee.mybody.ee\/proov\/wp-content\/uploads\/2020\/01\/MultiVitamin_front.jpg","width":700,"height":700,"caption":"P\u00e4evane annus multivitamiine 90 kapslit - All Stars Multi-Vitamin"},{"@type":"BreadcrumbList","@id":"https:\/\/mybody5.ee.mybody.ee\/proov\/product\/paevane-annus-multivitamiine-90-kapslit-all-stars-multi-vitamin\/#breadcrumb","itemListElement":[{"@type":"ListItem","position":1,"name":"Home","item":"https:\/\/mybody5.ee.mybody.ee\/proov\/"},{"@type":"ListItem","position":2,"name":"Shop","item":"https:\/\/mybody5.ee.mybody.ee\/proov\/shop\/"},{"@type":"ListItem","position":3,"name":"P\u00e4evane annus multivitamiine 90 kapslit &#8211; All Stars Multi-Vitamin"}]},{"@type":"WebSite","@id":"https:\/\/mybody5.ee.mybody.ee\/proov\/#website","url":"https:\/\/mybody5.ee.mybody.ee\/proov\/","name":"MyBody.ee - Toidulisandid ja sporditarvikud","description":"Just another WordPress site","publisher":{"@id":"https:\/\/mybody5.ee.mybody.ee\/proov\/#organization"},"potentialAction":[{"@type":"SearchAction","target":{"@type":"EntryPoint","urlTemplate":"https:\/\/mybody5.ee.mybody.ee\/proov\/?s={search_term_string}"},"query-input":{"@type":"PropertyValueSpecification","valueRequired":true,"valueName":"search_term_string"}}],"inLanguage":"et"},{"@type":"Organization","@id":"https:\/\/mybody5.ee.mybody.ee\/proov\/#organization","name":"MyBody.ee","url":"https:\/\/mybody5.ee.mybody.ee\/proov\/","logo":{"@type":"ImageObject","inLanguage":"et","@id":"https:\/\/mybody5.ee.mybody.ee\/proov\/#\/schema\/logo\/image\/","url":"https:\/\/mybody5.ee.mybody.ee\/proov\/wp-content\/uploads\/2023\/11\/mybody_logo_h65-2.png","contentUrl":"https:\/\/mybody5.ee.mybody.ee\/proov\/wp-content\/uploads\/2023\/11\/mybody_logo_h65-2.png","width":229,"height":65,"caption":"MyBody.ee"},"image":{"@id":"https:\/\/mybody5.ee.mybody.ee\/proov\/#\/schema\/logo\/image\/"},"sameAs":["https:\/\/facebook.com\/MyBody.ee\/"]}]}},"_links":{"self":[{"href":"https:\/\/mybody5.ee.mybody.ee\/proov\/wp-json\/wp\/v2\/product\/810","targetHints":{"allow":["GET"]}}],"collection":[{"href":"https:\/\/mybody5.ee.mybody.ee\/proov\/wp-json\/wp\/v2\/product"}],"about":[{"href":"https:\/\/mybody5.ee.mybody.ee\/proov\/wp-json\/wp\/v2\/types\/product"}],"replies":[{"embeddable":true,"href":"https:\/\/mybody5.ee.mybody.ee\/proov\/wp-json\/wp\/v2\/comments?post=810"}],"wp:featuredmedia":[{"embeddable":true,"href":"https:\/\/mybody5.ee.mybody.ee\/proov\/wp-json\/wp\/v2\/media\/809"}],"wp:attachment":[{"href":"https:\/\/mybody5.ee.mybody.ee\/proov\/wp-json\/wp\/v2\/media?parent=810"}],"wp:term":[{"taxonomy":"product_cat","embeddable":true,"href":"https:\/\/mybody5.ee.mybody.ee\/proov\/wp-json\/wp\/v2\/product_cat?post=810"},{"taxonomy":"product_tag","embeddable":true,"href":"https:\/\/mybody5.ee.mybody.ee\/proov\/wp-json\/wp\/v2\/product_tag?post=810"}],"curies":[{"name":"wp","href":"https:\/\/api.w.org\/{rel}","templated":true}]}}