{"id":820,"date":"2020-01-10T13:43:25","date_gmt":"2020-01-10T13:43:25","guid":{"rendered":"https:\/\/mybody5.ee.mybody.ee\/proov\/product\/365jp-energiageel\/"},"modified":"2020-01-10T13:43:25","modified_gmt":"2020-01-10T13:43:25","slug":"365jp-energiageel","status":"publish","type":"product","link":"https:\/\/mybody5.ee.mybody.ee\/proov\/product\/365jp-energiageel\/","title":{"rendered":"365JP energiageel"},"content":{"rendered":"<p class=\"MsoNormal\">Energiageel 40 g on s\u00fcsivesikuterikas energiageel, mis sobib kasutamiseks igale alale kus on vaja saada kiirelt lisaenergiat.<o:p><\/o:p><\/p>\n<p><\/p>\n<ul>\n<li>parandab sooritusv\u00f5imet ja sportimise efektiivsust<o:p><\/o:p><\/li>\n<li>varustab organismi lisaenergiaga<o:p><\/o:p><\/li>\n<li>ideaalne kasutamiseks treeningu v\u00e4ltel<o:p><\/o:p><\/li>\n<li>sobib suurep\u00e4raselt kestvusalade sportlastele, tagades organismi pideva energiaga varustamise.<o:p><\/o:p><\/li>\n<li>avaldab positiivset m\u00f5ju k\u00f5ikide alade sportlastele ja harrastajatele<o:p><\/o:p><\/li>\n<\/ul>\n<h3>Kasutamine: <\/h3>\n<p class=\"MsoNormal\">tarbida kuni 4 portsjonit \u00f6\u00f6p\u00e4evas. Soovitatav tarbida 2 portsjonit iga 45 minuti j\u00e4rel enne treeningut v\u00f5i selle ajal. P\u00e4rast geeli tarbimist juua vett v\u00f5i isotoonilist jooki. Hoida lastele k\u00e4ttesaamatus kohas.<\/p>\n<p class=\"MsoNormal\">Energiageel maasikas 40 g toitumisalane teave (100g):<br \/> \u2013 Energia 1162.8 kj \/ 273.6 kcal;<br \/> \u2013 Rasvad 0 g;<br \/> \u2013 S\u00fcsivesikud 68.4 g (sh suhkrud 27.1 g);<br \/> \u2013 Kiudained 0 g;<br \/> \u2013 Valgud 0 g;<br \/> \u2013 Sool 0,3 g;<o:p><\/o:p><\/p>\n<p style=\"margin-bottom: 24px;\">\n<p class=\"MsoNormal\"><span style=\"font-size: 10px;\">Koostis (maasikas): gl\u00fckoosisiirup, vesi, fruktoos, naatriumkloriid, happesuse regulaator (sidrunhape), s\u00e4ilitusaine (kaalimusorbaat), l\u00f5hna- ja maitseained, toiduv\u00e4rv (karmiin).<\/span><\/p>\n<p class=\"MsoNormal\"><o:p><\/o:p><\/p>\n<p class=\"MsoNormal\"><span style=\"font-size: 10px;\">Koostis (sidrunj):&nbsp;gl\u00fckoosisiirup, vesi, fruktoos, naatriumkloriid, happesuse regulaator (sidrunhape), s\u00e4ilitusaine (kaalimusorbaat), l\u00f5hna- ja maitseained, toiduv\u00e4rvid (beetakaroteen, kurkumiin).<\/span><\/p>\n","protected":false},"excerpt":{"rendered":"<p>Energiageel 40 g on s\u00fcsivesikuterikas energiageel, mis sobib kasutamiseks igale alale kus on vaja saada kiirelt lisaenergiat. parandab sooritusv\u00f5imet ja sportimise efektiivsust varustab organismi lisaenergiaga ideaalne kasutamiseks treeningu v\u00e4ltel sobib suurep\u00e4raselt kestvusalade sportlastele, tagades organismi pideva energiaga varustamise. avaldab positiivset m\u00f5ju k\u00f5ikide alade sportlastele ja harrastajatele Kasutamine: tarbida kuni 4 portsjonit \u00f6\u00f6p\u00e4evas. Soovitatav tarbida 2 [&hellip;]<\/p>\n","protected":false},"featured_media":818,"comment_status":"open","ping_status":"closed","template":"","meta":{"inline_featured_image":false},"product_cat":[20],"product_tag":[],"class_list":{"0":"post-820","1":"product","2":"type-product","3":"status-publish","4":"has-post-thumbnail","6":"product_cat-energia-vastupidavus","7":"pa_maitse-maasikas","8":"pa_maitse-sidrun","10":"first","11":"instock","12":"shipping-taxable","13":"purchasable","14":"product-type-variable"},"yoast_head":"<!-- This site is optimized with the Yoast SEO plugin v27.3 - https:\/\/yoast.com\/product\/yoast-seo-wordpress\/ -->\n<title>365JP energiageel - MyBody.ee - Toidulisandid ja sporditarvikud<\/title>\n<meta name=\"description\" content=\"Energiageel 40 g on s\u00fcsivesikuterikas energiageel, mis sobib kasutamiseks igale\" \/>\n<meta name=\"robots\" content=\"index, follow, max-snippet:-1, max-image-preview:large, max-video-preview:-1\" \/>\n<link rel=\"canonical\" href=\"https:\/\/mybody5.ee.mybody.ee\/proov\/product\/365jp-energiageel\/\" \/>\n<meta property=\"og:locale\" content=\"et_EE\" \/>\n<meta property=\"og:type\" content=\"article\" \/>\n<meta property=\"og:title\" content=\"365JP energiageel - MyBody.ee - Toidulisandid ja sporditarvikud\" \/>\n<meta property=\"og:description\" content=\"Energiageel 40 g on s\u00fcsivesikuterikas energiageel, mis sobib kasutamiseks igale\" \/>\n<meta property=\"og:url\" content=\"https:\/\/mybody5.ee.mybody.ee\/proov\/product\/365jp-energiageel\/\" \/>\n<meta property=\"og:site_name\" content=\"supplero\" \/>\n<meta property=\"article:publisher\" content=\"https:\/\/facebook.com\/MyBody.ee\/\" \/>\n<meta property=\"og:image\" content=\"https:\/\/mybody5.ee.mybody.ee\/proov\/wp-content\/uploads\/2020\/01\/Energy-gel_LEMON.gif\" \/>\n\t<meta property=\"og:image:width\" content=\"1200\" \/>\n\t<meta property=\"og:image:height\" content=\"577\" \/>\n\t<meta property=\"og:image:type\" content=\"image\/gif\" \/>\n<meta name=\"twitter:card\" content=\"summary_large_image\" \/>\n<meta name=\"twitter:label1\" content=\"Est. reading time\" \/>\n\t<meta name=\"twitter:data1\" content=\"1 minut\" \/>\n<script type=\"application\/ld+json\" class=\"yoast-schema-graph\">{\"@context\":\"https:\\\/\\\/schema.org\",\"@graph\":[{\"@type\":\"WebPage\",\"@id\":\"https:\\\/\\\/mybody5.ee.mybody.ee\\\/proov\\\/product\\\/365jp-energiageel\\\/\",\"url\":\"https:\\\/\\\/mybody5.ee.mybody.ee\\\/proov\\\/product\\\/365jp-energiageel\\\/\",\"name\":\"365JP energiageel - MyBody.ee - Toidulisandid ja sporditarvikud\",\"isPartOf\":{\"@id\":\"https:\\\/\\\/mybody5.ee.mybody.ee\\\/proov\\\/#website\"},\"primaryImageOfPage\":{\"@id\":\"https:\\\/\\\/mybody5.ee.mybody.ee\\\/proov\\\/product\\\/365jp-energiageel\\\/#primaryimage\"},\"image\":{\"@id\":\"https:\\\/\\\/mybody5.ee.mybody.ee\\\/proov\\\/product\\\/365jp-energiageel\\\/#primaryimage\"},\"thumbnailUrl\":\"https:\\\/\\\/mybody5.ee.mybody.ee\\\/proov\\\/wp-content\\\/uploads\\\/2020\\\/01\\\/Energy-gel_LEMON.gif\",\"datePublished\":\"2020-01-10T13:43:25+00:00\",\"description\":\"Energiageel 40 g on s\u00fcsivesikuterikas energiageel, mis sobib kasutamiseks igale\",\"breadcrumb\":{\"@id\":\"https:\\\/\\\/mybody5.ee.mybody.ee\\\/proov\\\/product\\\/365jp-energiageel\\\/#breadcrumb\"},\"inLanguage\":\"et\",\"potentialAction\":[{\"@type\":\"ReadAction\",\"target\":[\"https:\\\/\\\/mybody5.ee.mybody.ee\\\/proov\\\/product\\\/365jp-energiageel\\\/\"]}]},{\"@type\":\"ImageObject\",\"inLanguage\":\"et\",\"@id\":\"https:\\\/\\\/mybody5.ee.mybody.ee\\\/proov\\\/product\\\/365jp-energiageel\\\/#primaryimage\",\"url\":\"https:\\\/\\\/mybody5.ee.mybody.ee\\\/proov\\\/wp-content\\\/uploads\\\/2020\\\/01\\\/Energy-gel_LEMON.gif\",\"contentUrl\":\"https:\\\/\\\/mybody5.ee.mybody.ee\\\/proov\\\/wp-content\\\/uploads\\\/2020\\\/01\\\/Energy-gel_LEMON.gif\",\"width\":1200,\"height\":577,\"caption\":\"365JP energiageel\"},{\"@type\":\"BreadcrumbList\",\"@id\":\"https:\\\/\\\/mybody5.ee.mybody.ee\\\/proov\\\/product\\\/365jp-energiageel\\\/#breadcrumb\",\"itemListElement\":[{\"@type\":\"ListItem\",\"position\":1,\"name\":\"Home\",\"item\":\"https:\\\/\\\/mybody5.ee.mybody.ee\\\/proov\\\/\"},{\"@type\":\"ListItem\",\"position\":2,\"name\":\"Shop\",\"item\":\"https:\\\/\\\/mybody5.ee.mybody.ee\\\/proov\\\/shop\\\/\"},{\"@type\":\"ListItem\",\"position\":3,\"name\":\"365JP energiageel\"}]},{\"@type\":\"WebSite\",\"@id\":\"https:\\\/\\\/mybody5.ee.mybody.ee\\\/proov\\\/#website\",\"url\":\"https:\\\/\\\/mybody5.ee.mybody.ee\\\/proov\\\/\",\"name\":\"MyBody.ee - Toidulisandid ja sporditarvikud\",\"description\":\"Just another WordPress site\",\"publisher\":{\"@id\":\"https:\\\/\\\/mybody5.ee.mybody.ee\\\/proov\\\/#organization\"},\"potentialAction\":[{\"@type\":\"SearchAction\",\"target\":{\"@type\":\"EntryPoint\",\"urlTemplate\":\"https:\\\/\\\/mybody5.ee.mybody.ee\\\/proov\\\/?s={search_term_string}\"},\"query-input\":{\"@type\":\"PropertyValueSpecification\",\"valueRequired\":true,\"valueName\":\"search_term_string\"}}],\"inLanguage\":\"et\"},{\"@type\":\"Organization\",\"@id\":\"https:\\\/\\\/mybody5.ee.mybody.ee\\\/proov\\\/#organization\",\"name\":\"MyBody.ee\",\"url\":\"https:\\\/\\\/mybody5.ee.mybody.ee\\\/proov\\\/\",\"logo\":{\"@type\":\"ImageObject\",\"inLanguage\":\"et\",\"@id\":\"https:\\\/\\\/mybody5.ee.mybody.ee\\\/proov\\\/#\\\/schema\\\/logo\\\/image\\\/\",\"url\":\"https:\\\/\\\/mybody5.ee.mybody.ee\\\/proov\\\/wp-content\\\/uploads\\\/2023\\\/11\\\/mybody_logo_h65-2.png\",\"contentUrl\":\"https:\\\/\\\/mybody5.ee.mybody.ee\\\/proov\\\/wp-content\\\/uploads\\\/2023\\\/11\\\/mybody_logo_h65-2.png\",\"width\":229,\"height\":65,\"caption\":\"MyBody.ee\"},\"image\":{\"@id\":\"https:\\\/\\\/mybody5.ee.mybody.ee\\\/proov\\\/#\\\/schema\\\/logo\\\/image\\\/\"},\"sameAs\":[\"https:\\\/\\\/facebook.com\\\/MyBody.ee\\\/\"]}]}<\/script>\n<!-- \/ Yoast SEO plugin. -->","yoast_head_json":{"title":"365JP energiageel - MyBody.ee - Toidulisandid ja sporditarvikud","description":"Energiageel 40 g on s\u00fcsivesikuterikas energiageel, mis sobib kasutamiseks igale","robots":{"index":"index","follow":"follow","max-snippet":"max-snippet:-1","max-image-preview":"max-image-preview:large","max-video-preview":"max-video-preview:-1"},"canonical":"https:\/\/mybody5.ee.mybody.ee\/proov\/product\/365jp-energiageel\/","og_locale":"et_EE","og_type":"article","og_title":"365JP energiageel - MyBody.ee - Toidulisandid ja sporditarvikud","og_description":"Energiageel 40 g on s\u00fcsivesikuterikas energiageel, mis sobib kasutamiseks igale","og_url":"https:\/\/mybody5.ee.mybody.ee\/proov\/product\/365jp-energiageel\/","og_site_name":"supplero","article_publisher":"https:\/\/facebook.com\/MyBody.ee\/","og_image":[{"width":1200,"height":577,"url":"https:\/\/mybody5.ee.mybody.ee\/proov\/wp-content\/uploads\/2020\/01\/Energy-gel_LEMON.gif","type":"image\/gif"}],"twitter_card":"summary_large_image","twitter_misc":{"Est. reading time":"1 minut"},"schema":{"@context":"https:\/\/schema.org","@graph":[{"@type":"WebPage","@id":"https:\/\/mybody5.ee.mybody.ee\/proov\/product\/365jp-energiageel\/","url":"https:\/\/mybody5.ee.mybody.ee\/proov\/product\/365jp-energiageel\/","name":"365JP energiageel - MyBody.ee - Toidulisandid ja sporditarvikud","isPartOf":{"@id":"https:\/\/mybody5.ee.mybody.ee\/proov\/#website"},"primaryImageOfPage":{"@id":"https:\/\/mybody5.ee.mybody.ee\/proov\/product\/365jp-energiageel\/#primaryimage"},"image":{"@id":"https:\/\/mybody5.ee.mybody.ee\/proov\/product\/365jp-energiageel\/#primaryimage"},"thumbnailUrl":"https:\/\/mybody5.ee.mybody.ee\/proov\/wp-content\/uploads\/2020\/01\/Energy-gel_LEMON.gif","datePublished":"2020-01-10T13:43:25+00:00","description":"Energiageel 40 g on s\u00fcsivesikuterikas energiageel, mis sobib kasutamiseks igale","breadcrumb":{"@id":"https:\/\/mybody5.ee.mybody.ee\/proov\/product\/365jp-energiageel\/#breadcrumb"},"inLanguage":"et","potentialAction":[{"@type":"ReadAction","target":["https:\/\/mybody5.ee.mybody.ee\/proov\/product\/365jp-energiageel\/"]}]},{"@type":"ImageObject","inLanguage":"et","@id":"https:\/\/mybody5.ee.mybody.ee\/proov\/product\/365jp-energiageel\/#primaryimage","url":"https:\/\/mybody5.ee.mybody.ee\/proov\/wp-content\/uploads\/2020\/01\/Energy-gel_LEMON.gif","contentUrl":"https:\/\/mybody5.ee.mybody.ee\/proov\/wp-content\/uploads\/2020\/01\/Energy-gel_LEMON.gif","width":1200,"height":577,"caption":"365JP energiageel"},{"@type":"BreadcrumbList","@id":"https:\/\/mybody5.ee.mybody.ee\/proov\/product\/365jp-energiageel\/#breadcrumb","itemListElement":[{"@type":"ListItem","position":1,"name":"Home","item":"https:\/\/mybody5.ee.mybody.ee\/proov\/"},{"@type":"ListItem","position":2,"name":"Shop","item":"https:\/\/mybody5.ee.mybody.ee\/proov\/shop\/"},{"@type":"ListItem","position":3,"name":"365JP energiageel"}]},{"@type":"WebSite","@id":"https:\/\/mybody5.ee.mybody.ee\/proov\/#website","url":"https:\/\/mybody5.ee.mybody.ee\/proov\/","name":"MyBody.ee - Toidulisandid ja sporditarvikud","description":"Just another WordPress site","publisher":{"@id":"https:\/\/mybody5.ee.mybody.ee\/proov\/#organization"},"potentialAction":[{"@type":"SearchAction","target":{"@type":"EntryPoint","urlTemplate":"https:\/\/mybody5.ee.mybody.ee\/proov\/?s={search_term_string}"},"query-input":{"@type":"PropertyValueSpecification","valueRequired":true,"valueName":"search_term_string"}}],"inLanguage":"et"},{"@type":"Organization","@id":"https:\/\/mybody5.ee.mybody.ee\/proov\/#organization","name":"MyBody.ee","url":"https:\/\/mybody5.ee.mybody.ee\/proov\/","logo":{"@type":"ImageObject","inLanguage":"et","@id":"https:\/\/mybody5.ee.mybody.ee\/proov\/#\/schema\/logo\/image\/","url":"https:\/\/mybody5.ee.mybody.ee\/proov\/wp-content\/uploads\/2023\/11\/mybody_logo_h65-2.png","contentUrl":"https:\/\/mybody5.ee.mybody.ee\/proov\/wp-content\/uploads\/2023\/11\/mybody_logo_h65-2.png","width":229,"height":65,"caption":"MyBody.ee"},"image":{"@id":"https:\/\/mybody5.ee.mybody.ee\/proov\/#\/schema\/logo\/image\/"},"sameAs":["https:\/\/facebook.com\/MyBody.ee\/"]}]}},"_links":{"self":[{"href":"https:\/\/mybody5.ee.mybody.ee\/proov\/wp-json\/wp\/v2\/product\/820","targetHints":{"allow":["GET"]}}],"collection":[{"href":"https:\/\/mybody5.ee.mybody.ee\/proov\/wp-json\/wp\/v2\/product"}],"about":[{"href":"https:\/\/mybody5.ee.mybody.ee\/proov\/wp-json\/wp\/v2\/types\/product"}],"replies":[{"embeddable":true,"href":"https:\/\/mybody5.ee.mybody.ee\/proov\/wp-json\/wp\/v2\/comments?post=820"}],"wp:featuredmedia":[{"embeddable":true,"href":"https:\/\/mybody5.ee.mybody.ee\/proov\/wp-json\/wp\/v2\/media\/818"}],"wp:attachment":[{"href":"https:\/\/mybody5.ee.mybody.ee\/proov\/wp-json\/wp\/v2\/media?parent=820"}],"wp:term":[{"taxonomy":"product_cat","embeddable":true,"href":"https:\/\/mybody5.ee.mybody.ee\/proov\/wp-json\/wp\/v2\/product_cat?post=820"},{"taxonomy":"product_tag","embeddable":true,"href":"https:\/\/mybody5.ee.mybody.ee\/proov\/wp-json\/wp\/v2\/product_tag?post=820"}],"curies":[{"name":"wp","href":"https:\/\/api.w.org\/{rel}","templated":true}]}}