{"id":859,"date":"2020-02-19T13:05:05","date_gmt":"2020-02-19T13:05:05","guid":{"rendered":"https:\/\/mybody5.ee.mybody.ee\/proov\/product\/bcaa-aminohapped-tebletina-self-bcaa-211-vit-b6\/"},"modified":"2020-02-19T13:05:05","modified_gmt":"2020-02-19T13:05:05","slug":"bcaa-aminohapped-tebletina-self-bcaa-211-vit-b6","status":"publish","type":"product","link":"https:\/\/mybody5.ee.mybody.ee\/proov\/product\/bcaa-aminohapped-tebletina-self-bcaa-211-vit-b6\/","title":{"rendered":"BCAA aminohapped tebletina &#8211; SELF BCAA 211 + vit B6"},"content":{"rendered":"<p><b>SELF BCAA 211 + vit B6<\/b>&nbsp;on toidulisand, mis koosneb kolmest t\u00e4htsamast asendamatust aminohappest, mida organism ei suuda ise&nbsp;s\u00fcnteesida.&nbsp;<b>SELF BCAA 211 + vit B6<\/b>&nbsp;sisaldab neid \u00f5iges vahekorras ja optimaalses koguses treeningefekti suurendamiseks. Uuringutes on t\u00f5estatud, et hargnenud ahelaga aminohapped kiirendavad taastumist, stimuleerivad lihaskasvu ja parandavad sooritusv\u00f5imet. On m\u00e4rgatud, et need aminohapped suurendavad nii j\u00f5udu kui ka vastupidavust.&nbsp;Toode sobib seega h\u00e4sti nii j\u00f5u-, kiirus-,&nbsp;fitness&nbsp;kui ka vastupidavusalade harrastajatele. Hargnenud ahelaga aminohapped imenduvad kiiresti, seega sobib neid tarbida vahetult p\u00e4rast treeningut ja ka juba treeningu ajal. Kasutades BCAAd, aitad kehal s\u00e4ilitada optimaalset amihohapete taset, mis on eelduseks energiat andvate hormoonide tootmisele ja v\u00e4simust tekitavate mehhanismidele.<\/p>\n<h3 style=\"text-align: justify;\">Omadused<\/h3>\n<ul>\n<li style=\"text-align: justify;\">Kiirendab taastumist, v\u00e4hendab trennij\u00e4rgset lihasvalu ja kurnatust<\/li>\n<li style=\"text-align: justify;\">Stimuleerib valgus\u00fcnteesi (lihaskasvu)<\/li>\n<li style=\"text-align: justify;\">Kaitseb lihasmassi ja s\u00e4ilitab sooritusv\u00f5ime kaalulangetuse ajal<\/li>\n<li style=\"text-align: justify;\">Positiivne m\u00f5ju k\u00f5ikidele spordialadele!<\/li>\n<li style=\"text-align: justify;\">Rikastatud B6-vitamiiniga<\/li>\n<\/ul>\n<h3 style=\"text-align: justify;\">Kasutamine<\/h3>\n<p style=\"\">P\u00e4evane annus 5 tabletti. Soovituslik manustada enne treeningut rohke veega v\u00f5i jaotada \u00fcks annus \u00fcmber treeningu. Treeningvabal p\u00e4eval manustada 5 tabletti koos hommikus\u00f6\u00f6giga.<\/p>\n<h3 style=\"text-align: justify;\">Kellele sobib?<\/h3>\n<p style=\"text-align: justify;\"><b>SELF BCAA 211 + vit B6<\/b>&nbsp;sobib k\u00f5ikide&nbsp;alade esindajatele, sest omab positiivset efekti igasuguste f\u00fc\u00fcsiliste koormuste puhul.<\/p>\n<h3 style=\"text-align: justify;\">Pakend<span style=\"font-size:12px;\"><span style=\"font-family:arial,helvetica,sans-serif;\">:<span style=\"color:#000000;\">&nbsp;100 tabletti<\/span><\/span><\/span><\/h3>\n<p><\/p>\n<table class=\"MsoNormalTable\" border=\"1\" cellspacing=\"0\" cellpadding=\"0\" width=\"483\" style=\"width: 241.4pt;\">\n<tbody>\n<tr>\n<td width=\"313\" style=\"width:156.35pt;padding:0cm 0cm 0cm 0cm\">\n<p class=\"MsoNormal\" style=\"margin-bottom:0cm;margin-bottom:.0001pt;text-align:   justify;line-height:normal\"><b><span style=\"font-size: 10pt; font-family: Arial, sans-serif;\">BCAA 2:1:1<\/span><\/b><span style=\"font-size: 10pt; font-family: Arial, sans-serif;\"><o:p><\/o:p><\/span><\/p>\n<\/td>\n<td width=\"170\" style=\"width:3.0cm;padding:0cm 0cm 0cm 0cm\">\n<p class=\"MsoNormal\" style=\"margin-bottom:0cm;margin-bottom:.0001pt;text-align:   justify;line-height:normal\"><b><span style=\"font-size: 9pt; font-family: Arial, sans-serif;\">5 tabletti (5000mg)<\/span><\/b><span style=\"font-size: 10pt; font-family: Arial, sans-serif;\"><o:p><\/o:p><\/span><\/p>\n<\/td>\n<\/tr>\n<tr>\n<td width=\"313\" style=\"width:156.35pt;padding:0cm 0cm 0cm 0cm\">\n<p class=\"MsoNormal\" style=\"margin-bottom:0cm;margin-bottom:.0001pt;text-align:   justify;line-height:normal\"><span style=\"font-size: 10pt; font-family: Arial, sans-serif;\">L-leutsiin<o:p><\/o:p><\/span><\/p>\n<\/td>\n<td width=\"170\" style=\"width:3.0cm;padding:0cm 0cm 0cm 0cm\">\n<p class=\"MsoNormal\" style=\"margin-bottom:0cm;margin-bottom:.0001pt;text-align:   justify;line-height:normal\"><span style=\"font-size: 10pt; font-family: Arial, sans-serif;\">2500 mg<o:p><\/o:p><\/span><\/p>\n<\/td>\n<\/tr>\n<tr>\n<td width=\"313\" style=\"width:156.35pt;padding:0cm 0cm 0cm 0cm\">\n<p class=\"MsoNormal\" style=\"margin-bottom:0cm;margin-bottom:.0001pt;text-align:   justify;line-height:normal\"><span style=\"font-size: 10pt; font-family: Arial, sans-serif;\">L-valiin<o:p><\/o:p><\/span><\/p>\n<\/td>\n<td width=\"170\" style=\"width:3.0cm;padding:0cm 0cm 0cm 0cm\">\n<p class=\"MsoNormal\" style=\"margin-bottom:0cm;margin-bottom:.0001pt;text-align:   justify;line-height:normal\"><span style=\"font-size: 10pt; font-family: Arial, sans-serif;\">1250 mg<o:p><\/o:p><\/span><\/p>\n<\/td>\n<\/tr>\n<tr>\n<td width=\"313\" style=\"width:156.35pt;padding:0cm 0cm 0cm 0cm\">\n<p class=\"MsoNormal\" style=\"margin-bottom:0cm;margin-bottom:.0001pt;text-align:   justify;line-height:normal\"><span style=\"font-size: 10pt; font-family: Arial, sans-serif;\">L-isoleutsiin<o:p><\/o:p><\/span><\/p>\n<\/td>\n<td width=\"170\" style=\"width:3.0cm;padding:0cm 0cm 0cm 0cm\">\n<p class=\"MsoNormal\" style=\"margin-bottom:0cm;margin-bottom:.0001pt;text-align:   justify;line-height:normal\"><span style=\"font-size: 9pt; font-family: Arial, sans-serif;\">1250 mg<\/span><span style=\"font-size: 10pt; font-family: Arial, sans-serif;\"><o:p><\/o:p><\/span><\/p>\n<\/td>\n<\/tr>\n<tr>\n<td width=\"313\" style=\"width:156.35pt;padding:0cm 0cm 0cm 0cm\">\n<p class=\"MsoNormal\" style=\"margin-bottom:0cm;margin-bottom:.0001pt;text-align:   justify;line-height:normal\"><span style=\"font-size: 10pt; font-family: Arial, sans-serif;\">Vitamiin B6<o:p><\/o:p><\/span><\/p>\n<\/td>\n<td width=\"170\" style=\"width:3.0cm;padding:0cm 0cm 0cm 0cm\">\n<p class=\"MsoNormal\" style=\"margin-bottom:0cm;margin-bottom:.0001pt;text-align:   justify;line-height:normal\"><span style=\"font-size: 9pt; font-family: Arial, sans-serif;\">1,4 mg (300%)*<o:p><\/o:p><\/span><\/p>\n<\/td>\n<\/tr>\n<tr>\n<td width=\"483\" colspan=\"2\" style=\"width:241.4pt;padding:0cm 0cm 0cm 0cm\">\n<p class=\"MsoNormal\" style=\"margin-bottom:0cm;margin-bottom:.0001pt;text-align:   justify;line-height:normal\"><span style=\"font-size: 7.5pt; font-family: Arial, sans-serif;\">Koostis: stabilisaatorid (E460, taimne. E470b). %* (EU) Nr. 1169\/2011   p\u00e4evane referentsv\u00e4\u00e4rtus. 100% VEGAN.<\/span><span style=\"font-size: 10pt; font-family: Arial, sans-serif;\"><o:p><\/o:p><\/span><\/p>\n<\/td>\n<\/tr>\n<\/tbody>\n<\/table>\n<p style=\"text-align: justify;\"><\/p>\n<p style=\"text-align: justify;\">Konsultatsioon<\/p>\n<ul>\n<li style=\"text-align: justify;\"><span style=\"font-size:12px\"><span style=\"font-family:arial,helvetica,sans-serif\">Oled oodatud tasuta konsultatsioonile MYBODY Audentese kauplusesse,<\/span><\/span><\/li>\n<li style=\"text-align: justify;\"><span style=\"font-size:12px\"><span style=\"font-family:arial,helvetica,sans-serif\">Asukoht: Audentese Spordikeskus, Tondi 84.<\/span><\/span><\/li>\n<li style=\"text-align: justify;\"><span style=\"font-size:12px\"><span style=\"font-family:arial,helvetica,sans-serif\">Telefon EST\/RUS\/ENG +372&nbsp;523 1960<\/span><\/span><\/li>\n<li style=\"text-align: justify;\"><span style=\"font-size:12px\"><span style=\"font-family:arial,helvetica,sans-serif\">Telefon EST\/ENG +372 56&nbsp;458&nbsp;688<\/span><\/span><\/li>\n<li style=\"text-align: justify;\"><span style=\"font-size:12px\"><span style=\"font-family:arial,helvetica,sans-serif\"><a href=\"mailto:info@mybody.ee\">info@mybody.ee<\/a><\/span><\/span><\/li>\n<li style=\"text-align: justify;\"><span style=\"font-size:12px\"><span style=\"font-family:arial,helvetica,sans-serif\"><a href=\"http:\/\/www.facebook.com\/mybody.ee\">www.facebook.com\/mybody.ee<\/a><\/span><\/span><\/li>\n<\/ul>\n","protected":false},"excerpt":{"rendered":"<p>SELF BCAA 211 + vit B6&nbsp;on toidulisand, mis koosneb kolmest t\u00e4htsamast asendamatust aminohappest, mida organism ei suuda ise&nbsp;s\u00fcnteesida.&nbsp;SELF BCAA 211 + vit B6&nbsp;sisaldab neid \u00f5iges vahekorras ja optimaalses koguses treeningefekti suurendamiseks. Uuringutes on t\u00f5estatud, et hargnenud ahelaga aminohapped kiirendavad taastumist, stimuleerivad lihaskasvu ja parandavad sooritusv\u00f5imet. On m\u00e4rgatud, et need aminohapped suurendavad nii j\u00f5udu kui ka [&hellip;]<\/p>\n","protected":false},"featured_media":0,"comment_status":"open","ping_status":"closed","template":"","meta":{"inline_featured_image":false},"product_cat":[48,17,63,34],"product_tag":[394,389,385,392,393,396,359,390,391,395],"class_list":{"0":"post-859","1":"product","2":"type-product","3":"status-publish","5":"product_cat-aminohapete-segud","6":"product_cat-aminohapped","7":"product_cat-populaarsed-est","8":"product_cat-sportmangud","9":"product_tag-250g","10":"product_tag-aminohappeid","11":"product_tag-bcaa","12":"product_tag-drink","13":"product_tag-mix","14":"product_tag-pakkumised","15":"product_tag-self","16":"product_tag-sisaldav","17":"product_tag-spordijook","18":"product_tag-sunnipaevanadala","19":"pa_kogusg-500g","20":"pa_kunakasutada-trenniajal","21":"pa_vorm-pulber","23":"first","24":"instock","25":"shipping-taxable","26":"purchasable","27":"product-type-simple"},"yoast_head":"<!-- This site is optimized with the Yoast SEO plugin v27.3 - https:\/\/yoast.com\/product\/yoast-seo-wordpress\/ -->\n<title>BCAA aminohapped tebletina - SELF BCAA 211 + vit B6 - MyBody.ee - Toidulisandid ja sporditarvikud<\/title>\n<meta name=\"description\" content=\"SELF BCAA DRINK MIX on magustajaga toidulisand, mis koosneb kolmest\" \/>\n<meta name=\"robots\" content=\"index, follow, max-snippet:-1, max-image-preview:large, max-video-preview:-1\" \/>\n<link rel=\"canonical\" href=\"https:\/\/mybody5.ee.mybody.ee\/proov\/product\/bcaa-aminohapped-tebletina-self-bcaa-211-vit-b6\/\" \/>\n<meta property=\"og:locale\" content=\"et_EE\" \/>\n<meta property=\"og:type\" content=\"article\" \/>\n<meta property=\"og:title\" content=\"BCAA aminohapped tebletina - SELF BCAA 211 + vit B6 - MyBody.ee - Toidulisandid ja sporditarvikud\" \/>\n<meta property=\"og:description\" content=\"SELF BCAA DRINK MIX on magustajaga toidulisand, mis koosneb kolmest\" \/>\n<meta property=\"og:url\" content=\"https:\/\/mybody5.ee.mybody.ee\/proov\/product\/bcaa-aminohapped-tebletina-self-bcaa-211-vit-b6\/\" \/>\n<meta property=\"og:site_name\" content=\"supplero\" \/>\n<meta property=\"article:publisher\" content=\"https:\/\/facebook.com\/MyBody.ee\/\" \/>\n<meta property=\"og:image\" content=\"https:\/\/mybody5.ee.mybody.ee\/proov\/wp-content\/uploads\/2023\/11\/mybody_logo_h65.png\" \/>\n\t<meta property=\"og:image:width\" content=\"229\" \/>\n\t<meta property=\"og:image:height\" content=\"65\" \/>\n\t<meta property=\"og:image:type\" content=\"image\/png\" \/>\n<meta name=\"twitter:card\" content=\"summary_large_image\" \/>\n<meta name=\"twitter:label1\" content=\"Est. reading time\" \/>\n\t<meta name=\"twitter:data1\" content=\"1 minut\" \/>\n<script type=\"application\/ld+json\" class=\"yoast-schema-graph\">{\"@context\":\"https:\\\/\\\/schema.org\",\"@graph\":[{\"@type\":\"WebPage\",\"@id\":\"https:\\\/\\\/mybody5.ee.mybody.ee\\\/proov\\\/product\\\/bcaa-aminohapped-tebletina-self-bcaa-211-vit-b6\\\/\",\"url\":\"https:\\\/\\\/mybody5.ee.mybody.ee\\\/proov\\\/product\\\/bcaa-aminohapped-tebletina-self-bcaa-211-vit-b6\\\/\",\"name\":\"BCAA aminohapped tebletina - SELF BCAA 211 + vit B6 - MyBody.ee - Toidulisandid ja sporditarvikud\",\"isPartOf\":{\"@id\":\"https:\\\/\\\/mybody5.ee.mybody.ee\\\/proov\\\/#website\"},\"datePublished\":\"2020-02-19T13:05:05+00:00\",\"description\":\"SELF BCAA DRINK MIX on magustajaga toidulisand, mis koosneb kolmest\",\"breadcrumb\":{\"@id\":\"https:\\\/\\\/mybody5.ee.mybody.ee\\\/proov\\\/product\\\/bcaa-aminohapped-tebletina-self-bcaa-211-vit-b6\\\/#breadcrumb\"},\"inLanguage\":\"et\",\"potentialAction\":[{\"@type\":\"ReadAction\",\"target\":[\"https:\\\/\\\/mybody5.ee.mybody.ee\\\/proov\\\/product\\\/bcaa-aminohapped-tebletina-self-bcaa-211-vit-b6\\\/\"]}]},{\"@type\":\"BreadcrumbList\",\"@id\":\"https:\\\/\\\/mybody5.ee.mybody.ee\\\/proov\\\/product\\\/bcaa-aminohapped-tebletina-self-bcaa-211-vit-b6\\\/#breadcrumb\",\"itemListElement\":[{\"@type\":\"ListItem\",\"position\":1,\"name\":\"Home\",\"item\":\"https:\\\/\\\/mybody5.ee.mybody.ee\\\/proov\\\/\"},{\"@type\":\"ListItem\",\"position\":2,\"name\":\"Shop\",\"item\":\"https:\\\/\\\/mybody5.ee.mybody.ee\\\/proov\\\/shop\\\/\"},{\"@type\":\"ListItem\",\"position\":3,\"name\":\"BCAA aminohapped tebletina &#8211; SELF BCAA 211 + vit B6\"}]},{\"@type\":\"WebSite\",\"@id\":\"https:\\\/\\\/mybody5.ee.mybody.ee\\\/proov\\\/#website\",\"url\":\"https:\\\/\\\/mybody5.ee.mybody.ee\\\/proov\\\/\",\"name\":\"MyBody.ee - Toidulisandid ja sporditarvikud\",\"description\":\"Just another WordPress site\",\"publisher\":{\"@id\":\"https:\\\/\\\/mybody5.ee.mybody.ee\\\/proov\\\/#organization\"},\"potentialAction\":[{\"@type\":\"SearchAction\",\"target\":{\"@type\":\"EntryPoint\",\"urlTemplate\":\"https:\\\/\\\/mybody5.ee.mybody.ee\\\/proov\\\/?s={search_term_string}\"},\"query-input\":{\"@type\":\"PropertyValueSpecification\",\"valueRequired\":true,\"valueName\":\"search_term_string\"}}],\"inLanguage\":\"et\"},{\"@type\":\"Organization\",\"@id\":\"https:\\\/\\\/mybody5.ee.mybody.ee\\\/proov\\\/#organization\",\"name\":\"MyBody.ee\",\"url\":\"https:\\\/\\\/mybody5.ee.mybody.ee\\\/proov\\\/\",\"logo\":{\"@type\":\"ImageObject\",\"inLanguage\":\"et\",\"@id\":\"https:\\\/\\\/mybody5.ee.mybody.ee\\\/proov\\\/#\\\/schema\\\/logo\\\/image\\\/\",\"url\":\"https:\\\/\\\/mybody5.ee.mybody.ee\\\/proov\\\/wp-content\\\/uploads\\\/2023\\\/11\\\/mybody_logo_h65-2.png\",\"contentUrl\":\"https:\\\/\\\/mybody5.ee.mybody.ee\\\/proov\\\/wp-content\\\/uploads\\\/2023\\\/11\\\/mybody_logo_h65-2.png\",\"width\":229,\"height\":65,\"caption\":\"MyBody.ee\"},\"image\":{\"@id\":\"https:\\\/\\\/mybody5.ee.mybody.ee\\\/proov\\\/#\\\/schema\\\/logo\\\/image\\\/\"},\"sameAs\":[\"https:\\\/\\\/facebook.com\\\/MyBody.ee\\\/\"]}]}<\/script>\n<!-- \/ Yoast SEO plugin. -->","yoast_head_json":{"title":"BCAA aminohapped tebletina - SELF BCAA 211 + vit B6 - MyBody.ee - Toidulisandid ja sporditarvikud","description":"SELF BCAA DRINK MIX on magustajaga toidulisand, mis koosneb kolmest","robots":{"index":"index","follow":"follow","max-snippet":"max-snippet:-1","max-image-preview":"max-image-preview:large","max-video-preview":"max-video-preview:-1"},"canonical":"https:\/\/mybody5.ee.mybody.ee\/proov\/product\/bcaa-aminohapped-tebletina-self-bcaa-211-vit-b6\/","og_locale":"et_EE","og_type":"article","og_title":"BCAA aminohapped tebletina - SELF BCAA 211 + vit B6 - MyBody.ee - Toidulisandid ja sporditarvikud","og_description":"SELF BCAA DRINK MIX on magustajaga toidulisand, mis koosneb kolmest","og_url":"https:\/\/mybody5.ee.mybody.ee\/proov\/product\/bcaa-aminohapped-tebletina-self-bcaa-211-vit-b6\/","og_site_name":"supplero","article_publisher":"https:\/\/facebook.com\/MyBody.ee\/","og_image":[{"width":229,"height":65,"url":"https:\/\/mybody5.ee.mybody.ee\/proov\/wp-content\/uploads\/2023\/11\/mybody_logo_h65.png","type":"image\/png"}],"twitter_card":"summary_large_image","twitter_misc":{"Est. reading time":"1 minut"},"schema":{"@context":"https:\/\/schema.org","@graph":[{"@type":"WebPage","@id":"https:\/\/mybody5.ee.mybody.ee\/proov\/product\/bcaa-aminohapped-tebletina-self-bcaa-211-vit-b6\/","url":"https:\/\/mybody5.ee.mybody.ee\/proov\/product\/bcaa-aminohapped-tebletina-self-bcaa-211-vit-b6\/","name":"BCAA aminohapped tebletina - SELF BCAA 211 + vit B6 - MyBody.ee - Toidulisandid ja sporditarvikud","isPartOf":{"@id":"https:\/\/mybody5.ee.mybody.ee\/proov\/#website"},"datePublished":"2020-02-19T13:05:05+00:00","description":"SELF BCAA DRINK MIX on magustajaga toidulisand, mis koosneb kolmest","breadcrumb":{"@id":"https:\/\/mybody5.ee.mybody.ee\/proov\/product\/bcaa-aminohapped-tebletina-self-bcaa-211-vit-b6\/#breadcrumb"},"inLanguage":"et","potentialAction":[{"@type":"ReadAction","target":["https:\/\/mybody5.ee.mybody.ee\/proov\/product\/bcaa-aminohapped-tebletina-self-bcaa-211-vit-b6\/"]}]},{"@type":"BreadcrumbList","@id":"https:\/\/mybody5.ee.mybody.ee\/proov\/product\/bcaa-aminohapped-tebletina-self-bcaa-211-vit-b6\/#breadcrumb","itemListElement":[{"@type":"ListItem","position":1,"name":"Home","item":"https:\/\/mybody5.ee.mybody.ee\/proov\/"},{"@type":"ListItem","position":2,"name":"Shop","item":"https:\/\/mybody5.ee.mybody.ee\/proov\/shop\/"},{"@type":"ListItem","position":3,"name":"BCAA aminohapped tebletina &#8211; SELF BCAA 211 + vit B6"}]},{"@type":"WebSite","@id":"https:\/\/mybody5.ee.mybody.ee\/proov\/#website","url":"https:\/\/mybody5.ee.mybody.ee\/proov\/","name":"MyBody.ee - Toidulisandid ja sporditarvikud","description":"Just another WordPress site","publisher":{"@id":"https:\/\/mybody5.ee.mybody.ee\/proov\/#organization"},"potentialAction":[{"@type":"SearchAction","target":{"@type":"EntryPoint","urlTemplate":"https:\/\/mybody5.ee.mybody.ee\/proov\/?s={search_term_string}"},"query-input":{"@type":"PropertyValueSpecification","valueRequired":true,"valueName":"search_term_string"}}],"inLanguage":"et"},{"@type":"Organization","@id":"https:\/\/mybody5.ee.mybody.ee\/proov\/#organization","name":"MyBody.ee","url":"https:\/\/mybody5.ee.mybody.ee\/proov\/","logo":{"@type":"ImageObject","inLanguage":"et","@id":"https:\/\/mybody5.ee.mybody.ee\/proov\/#\/schema\/logo\/image\/","url":"https:\/\/mybody5.ee.mybody.ee\/proov\/wp-content\/uploads\/2023\/11\/mybody_logo_h65-2.png","contentUrl":"https:\/\/mybody5.ee.mybody.ee\/proov\/wp-content\/uploads\/2023\/11\/mybody_logo_h65-2.png","width":229,"height":65,"caption":"MyBody.ee"},"image":{"@id":"https:\/\/mybody5.ee.mybody.ee\/proov\/#\/schema\/logo\/image\/"},"sameAs":["https:\/\/facebook.com\/MyBody.ee\/"]}]}},"_links":{"self":[{"href":"https:\/\/mybody5.ee.mybody.ee\/proov\/wp-json\/wp\/v2\/product\/859","targetHints":{"allow":["GET"]}}],"collection":[{"href":"https:\/\/mybody5.ee.mybody.ee\/proov\/wp-json\/wp\/v2\/product"}],"about":[{"href":"https:\/\/mybody5.ee.mybody.ee\/proov\/wp-json\/wp\/v2\/types\/product"}],"replies":[{"embeddable":true,"href":"https:\/\/mybody5.ee.mybody.ee\/proov\/wp-json\/wp\/v2\/comments?post=859"}],"wp:attachment":[{"href":"https:\/\/mybody5.ee.mybody.ee\/proov\/wp-json\/wp\/v2\/media?parent=859"}],"wp:term":[{"taxonomy":"product_cat","embeddable":true,"href":"https:\/\/mybody5.ee.mybody.ee\/proov\/wp-json\/wp\/v2\/product_cat?post=859"},{"taxonomy":"product_tag","embeddable":true,"href":"https:\/\/mybody5.ee.mybody.ee\/proov\/wp-json\/wp\/v2\/product_tag?post=859"}],"curies":[{"name":"wp","href":"https:\/\/api.w.org\/{rel}","templated":true}]}}