{"id":963,"date":"2021-03-14T21:40:35","date_gmt":"2021-03-14T21:40:35","guid":{"rendered":"https:\/\/mybody5.ee.mybody.ee\/proov\/product\/iconfit-chaga-pulber-eesti-150g\/"},"modified":"2021-03-14T21:40:35","modified_gmt":"2021-03-14T21:40:35","slug":"iconfit-chaga-pulber-eesti-150g","status":"publish","type":"product","link":"https:\/\/mybody5.ee.mybody.ee\/proov\/product\/iconfit-chaga-pulber-eesti-150g\/","title":{"rendered":"ICONFIT Chaga Pulber, Eesti (150g)"},"content":{"rendered":"<ul>\n<ul class=\"fusion-checklist fusion-checklist-4\" style=\"list-style-type: none; padding: 0px; margin-top: 10px; margin-right: 0px; margin-left: 0px; caret-color: rgb(89, 95, 107); color: rgb(89, 95, 107); font-family: &quot;Open Sans&quot;, Arial, Helvetica, sans-serif; font-size: 14px; line-height: 23.8px;\">\n<li class=\"fusion-li-item\" style=\"padding: 0px 0px 5.5px; margin-left: 0px;\">\n<div class=\"fusion-li-item-content\" style=\"margin-left: 33.6px;\">\n<p style=\"margin-bottom: 20px; text-align: justify;\"><span style=\"font-weight: 700;\">ICONFIT Chaga ehk must p\u00e4ssik on rahvakeeli tuntud kui kasek\u00e4sn. P\u00e4rit Eesti metsadest!<\/span>&nbsp;Chaga on antioks\u00fcdatiivsete omadustega ning erakordne immuuns\u00fcsteemi tugevdaja. Looduslikult kasvab teda peamiselt Ida-Euroopa ja Venemaa metsades kuid ka P\u00f5hja-Ameerikas ning moodustab puut\u00fcvele musta k\u00e4sna.<\/p>\n<p style=\"margin-bottom: 20px;\">Chaga sisaldab suures koguses erinevaid B vitamiine, flavonoide, fenoole, mineraale ja ens\u00fc\u00fcme. B1 ja B2 vitamiinid aitavad kaasa n\u00e4rvis\u00fcsteemi normaalsele funktsioneerimisele. B2 vitamin aitab hoida nahka normaalsena. Pantoteenhape (vitamin B5) aitab v\u00e4hendada v\u00e4simust ja kurnatust. Lisaks on see \u00fcks maailma rikkalikumaid pantoteenhappe allikaid \u2013 vitamiin, mida vajatakse nii neerupealistes kui seedeorganites. Kasek\u00e4sn soodustab m\u00fcrgiste ainete v\u00e4ljutamist organismist.<\/p>\n<p style=\"margin-bottom: 20px;\"><span style=\"font-weight: 700; text-align: justify;\">KASUTAMINE<\/span><span style=\"text-align: justify;\">: 0,5-1 teelusikat\u00e4is pulbrit segada kuuma vee, lemmiktee v\u00f5i kohviga. Lase 5 minutit t\u00f5mmata, et kasulik toime tuleks esile. Pulbrit sobib lisada hommikus\u00f6\u00f6kidesse, putrudesse, smuutidesse v\u00f5i jogurtitesse. Taimeteesid tuleks tarbida iga p\u00e4ev 2-3 tassi kuni kolm n\u00e4dalat j\u00e4rjest, selleks et nende kasulik toime tuleks esile. Teesid \u00fcleliia tarvitada pole soovitatav. P\u00e4evaseks tarbimiseks soovitatud kogus on 1-3tl.<\/span><span style=\"font-weight: 700; text-align: justify;\">&nbsp;KOOSTISOSAD:<\/span><span style=\"text-align: justify;\">&nbsp;Chaga e. must p\u00e4ssik (<\/span><i style=\"text-align: justify;\">Inonotus obliquus<\/i><span style=\"text-align: justify;\">)<\/span><\/p>\n<p style=\"margin-bottom: 20px;\"><img decoding=\"async\" src=\"https:\/\/mybody.ee\/image\/catalog\/IconFit\/Screen Shot 2021-03-14 at 22.13.23.png\" style=\"width: 534px;\"><\/p>\n<\/div>\n<\/li>\n<\/ul>\n<li style=\"text-align: justify;\"><span style=\"font-size: 12px;\"><span style=\"font-family: arial, helvetica, sans-serif;\">Asukoht: Audentese Spordikeskus, Tondi 84.<\/span><\/span><\/li>\n<li style=\"text-align: justify;\"><span style=\"font-size: 12px;\"><span style=\"font-family: arial, helvetica, sans-serif;\">Telefon EST\/RUS\/ENG +372&nbsp;523 1960<\/span><\/span><\/li>\n<li style=\"text-align: justify;\"><span style=\"font-size: 12px;\"><span style=\"font-family: arial, helvetica, sans-serif;\">Telefon EST\/ENG +372 56&nbsp;458&nbsp;688<\/span><\/span><\/li>\n<li style=\"text-align: justify;\"><span style=\"font-size: 12px;\"><span style=\"font-family: arial, helvetica, sans-serif;\"><a href=\"mailto:info@mybody.ee\">info@mybody.ee<\/a><\/span><\/span><\/li>\n<li style=\"text-align: justify;\"><span style=\"font-size: 12px;\"><span style=\"font-family: arial, helvetica, sans-serif;\"><a href=\"http:\/\/www.facebook.com\/mybody.ee\">www.facebook.com\/mybody.ee<\/a><\/span><\/span><\/li>\n<\/ul>\n","protected":false},"excerpt":{"rendered":"<p>ICONFIT Chaga ehk must p\u00e4ssik on rahvakeeli tuntud kui kasek\u00e4sn. P\u00e4rit Eesti metsadest!&nbsp;Chaga on antioks\u00fcdatiivsete omadustega ning erakordne immuuns\u00fcsteemi tugevdaja. Looduslikult kasvab teda peamiselt Ida-Euroopa ja Venemaa metsades kuid ka P\u00f5hja-Ameerikas ning moodustab puut\u00fcvele musta k\u00e4sna. Chaga sisaldab suures koguses erinevaid B vitamiine, flavonoide, fenoole, mineraale ja ens\u00fc\u00fcme. B1 ja B2 vitamiinid aitavad kaasa n\u00e4rvis\u00fcsteemi [&hellip;]<\/p>\n","protected":false},"featured_media":0,"comment_status":"open","ping_status":"closed","template":"","meta":{"inline_featured_image":false},"product_cat":[25,29,30],"product_tag":[],"class_list":{"0":"post-963","1":"product","2":"type-product","3":"status-publish","5":"product_cat-naturaalsed-toidulisandid","6":"product_cat-sooduspakkumised","7":"product_cat-spetsiaal","9":"first","10":"instock","11":"shipping-taxable","12":"purchasable","13":"product-type-simple"},"yoast_head":"<!-- This site is optimized with the Yoast SEO plugin v27.3 - https:\/\/yoast.com\/product\/yoast-seo-wordpress\/ -->\n<title>ICONFIT Chaga Pulber, Eesti (150g)- MyBody.ee - Toidulisandid ja sporditarvikud<\/title>\n<meta name=\"robots\" content=\"index, follow, max-snippet:-1, max-image-preview:large, max-video-preview:-1\" \/>\n<link rel=\"canonical\" href=\"https:\/\/mybody5.ee.mybody.ee\/proov\/product\/iconfit-chaga-pulber-eesti-150g\/\" \/>\n<meta property=\"og:locale\" content=\"et_EE\" \/>\n<meta property=\"og:type\" content=\"article\" \/>\n<meta property=\"og:title\" content=\"ICONFIT Chaga Pulber, Eesti (150g)- MyBody.ee - Toidulisandid ja sporditarvikud\" \/>\n<meta property=\"og:description\" content=\"ICONFIT Chaga ehk must p\u00e4ssik on rahvakeeli tuntud kui kasek\u00e4sn. P\u00e4rit Eesti metsadest!&nbsp;Chaga on antioks\u00fcdatiivsete omadustega ning erakordne immuuns\u00fcsteemi tugevdaja. Looduslikult kasvab teda peamiselt Ida-Euroopa ja Venemaa metsades kuid ka P\u00f5hja-Ameerikas ning moodustab puut\u00fcvele musta k\u00e4sna. Chaga sisaldab suures koguses erinevaid B vitamiine, flavonoide, fenoole, mineraale ja ens\u00fc\u00fcme. B1 ja B2 vitamiinid aitavad kaasa n\u00e4rvis\u00fcsteemi [&hellip;]\" \/>\n<meta property=\"og:url\" content=\"https:\/\/mybody5.ee.mybody.ee\/proov\/product\/iconfit-chaga-pulber-eesti-150g\/\" \/>\n<meta property=\"og:site_name\" content=\"supplero\" \/>\n<meta property=\"article:publisher\" content=\"https:\/\/facebook.com\/MyBody.ee\/\" \/>\n<meta property=\"og:image\" content=\"https:\/\/mybody5.ee.mybody.ee\/proov\/wp-content\/uploads\/2023\/11\/mybody_logo_h65.png\" \/>\n\t<meta property=\"og:image:width\" content=\"229\" \/>\n\t<meta property=\"og:image:height\" content=\"65\" \/>\n\t<meta property=\"og:image:type\" content=\"image\/png\" \/>\n<meta name=\"twitter:card\" content=\"summary_large_image\" \/>\n<meta name=\"twitter:label1\" content=\"Est. reading time\" \/>\n\t<meta name=\"twitter:data1\" content=\"1 minut\" \/>\n<script type=\"application\/ld+json\" class=\"yoast-schema-graph\">{\"@context\":\"https:\\\/\\\/schema.org\",\"@graph\":[{\"@type\":\"WebPage\",\"@id\":\"https:\\\/\\\/mybody5.ee.mybody.ee\\\/proov\\\/product\\\/iconfit-chaga-pulber-eesti-150g\\\/\",\"url\":\"https:\\\/\\\/mybody5.ee.mybody.ee\\\/proov\\\/product\\\/iconfit-chaga-pulber-eesti-150g\\\/\",\"name\":\"ICONFIT Chaga Pulber, Eesti (150g)- MyBody.ee - Toidulisandid ja sporditarvikud\",\"isPartOf\":{\"@id\":\"https:\\\/\\\/mybody5.ee.mybody.ee\\\/proov\\\/#website\"},\"datePublished\":\"2021-03-14T21:40:35+00:00\",\"breadcrumb\":{\"@id\":\"https:\\\/\\\/mybody5.ee.mybody.ee\\\/proov\\\/product\\\/iconfit-chaga-pulber-eesti-150g\\\/#breadcrumb\"},\"inLanguage\":\"et\",\"potentialAction\":[{\"@type\":\"ReadAction\",\"target\":[\"https:\\\/\\\/mybody5.ee.mybody.ee\\\/proov\\\/product\\\/iconfit-chaga-pulber-eesti-150g\\\/\"]}]},{\"@type\":\"BreadcrumbList\",\"@id\":\"https:\\\/\\\/mybody5.ee.mybody.ee\\\/proov\\\/product\\\/iconfit-chaga-pulber-eesti-150g\\\/#breadcrumb\",\"itemListElement\":[{\"@type\":\"ListItem\",\"position\":1,\"name\":\"Home\",\"item\":\"https:\\\/\\\/mybody5.ee.mybody.ee\\\/proov\\\/\"},{\"@type\":\"ListItem\",\"position\":2,\"name\":\"Shop\",\"item\":\"https:\\\/\\\/mybody5.ee.mybody.ee\\\/proov\\\/shop\\\/\"},{\"@type\":\"ListItem\",\"position\":3,\"name\":\"ICONFIT Chaga Pulber, Eesti (150g)\"}]},{\"@type\":\"WebSite\",\"@id\":\"https:\\\/\\\/mybody5.ee.mybody.ee\\\/proov\\\/#website\",\"url\":\"https:\\\/\\\/mybody5.ee.mybody.ee\\\/proov\\\/\",\"name\":\"MyBody.ee - Toidulisandid ja sporditarvikud\",\"description\":\"Just another WordPress site\",\"publisher\":{\"@id\":\"https:\\\/\\\/mybody5.ee.mybody.ee\\\/proov\\\/#organization\"},\"potentialAction\":[{\"@type\":\"SearchAction\",\"target\":{\"@type\":\"EntryPoint\",\"urlTemplate\":\"https:\\\/\\\/mybody5.ee.mybody.ee\\\/proov\\\/?s={search_term_string}\"},\"query-input\":{\"@type\":\"PropertyValueSpecification\",\"valueRequired\":true,\"valueName\":\"search_term_string\"}}],\"inLanguage\":\"et\"},{\"@type\":\"Organization\",\"@id\":\"https:\\\/\\\/mybody5.ee.mybody.ee\\\/proov\\\/#organization\",\"name\":\"MyBody.ee\",\"url\":\"https:\\\/\\\/mybody5.ee.mybody.ee\\\/proov\\\/\",\"logo\":{\"@type\":\"ImageObject\",\"inLanguage\":\"et\",\"@id\":\"https:\\\/\\\/mybody5.ee.mybody.ee\\\/proov\\\/#\\\/schema\\\/logo\\\/image\\\/\",\"url\":\"https:\\\/\\\/mybody5.ee.mybody.ee\\\/proov\\\/wp-content\\\/uploads\\\/2023\\\/11\\\/mybody_logo_h65-2.png\",\"contentUrl\":\"https:\\\/\\\/mybody5.ee.mybody.ee\\\/proov\\\/wp-content\\\/uploads\\\/2023\\\/11\\\/mybody_logo_h65-2.png\",\"width\":229,\"height\":65,\"caption\":\"MyBody.ee\"},\"image\":{\"@id\":\"https:\\\/\\\/mybody5.ee.mybody.ee\\\/proov\\\/#\\\/schema\\\/logo\\\/image\\\/\"},\"sameAs\":[\"https:\\\/\\\/facebook.com\\\/MyBody.ee\\\/\"]}]}<\/script>\n<!-- \/ Yoast SEO plugin. -->","yoast_head_json":{"title":"ICONFIT Chaga Pulber, Eesti (150g)- MyBody.ee - Toidulisandid ja sporditarvikud","robots":{"index":"index","follow":"follow","max-snippet":"max-snippet:-1","max-image-preview":"max-image-preview:large","max-video-preview":"max-video-preview:-1"},"canonical":"https:\/\/mybody5.ee.mybody.ee\/proov\/product\/iconfit-chaga-pulber-eesti-150g\/","og_locale":"et_EE","og_type":"article","og_title":"ICONFIT Chaga Pulber, Eesti (150g)- MyBody.ee - Toidulisandid ja sporditarvikud","og_description":"ICONFIT Chaga ehk must p\u00e4ssik on rahvakeeli tuntud kui kasek\u00e4sn. P\u00e4rit Eesti metsadest!&nbsp;Chaga on antioks\u00fcdatiivsete omadustega ning erakordne immuuns\u00fcsteemi tugevdaja. Looduslikult kasvab teda peamiselt Ida-Euroopa ja Venemaa metsades kuid ka P\u00f5hja-Ameerikas ning moodustab puut\u00fcvele musta k\u00e4sna. Chaga sisaldab suures koguses erinevaid B vitamiine, flavonoide, fenoole, mineraale ja ens\u00fc\u00fcme. B1 ja B2 vitamiinid aitavad kaasa n\u00e4rvis\u00fcsteemi [&hellip;]","og_url":"https:\/\/mybody5.ee.mybody.ee\/proov\/product\/iconfit-chaga-pulber-eesti-150g\/","og_site_name":"supplero","article_publisher":"https:\/\/facebook.com\/MyBody.ee\/","og_image":[{"width":229,"height":65,"url":"https:\/\/mybody5.ee.mybody.ee\/proov\/wp-content\/uploads\/2023\/11\/mybody_logo_h65.png","type":"image\/png"}],"twitter_card":"summary_large_image","twitter_misc":{"Est. reading time":"1 minut"},"schema":{"@context":"https:\/\/schema.org","@graph":[{"@type":"WebPage","@id":"https:\/\/mybody5.ee.mybody.ee\/proov\/product\/iconfit-chaga-pulber-eesti-150g\/","url":"https:\/\/mybody5.ee.mybody.ee\/proov\/product\/iconfit-chaga-pulber-eesti-150g\/","name":"ICONFIT Chaga Pulber, Eesti (150g)- MyBody.ee - Toidulisandid ja sporditarvikud","isPartOf":{"@id":"https:\/\/mybody5.ee.mybody.ee\/proov\/#website"},"datePublished":"2021-03-14T21:40:35+00:00","breadcrumb":{"@id":"https:\/\/mybody5.ee.mybody.ee\/proov\/product\/iconfit-chaga-pulber-eesti-150g\/#breadcrumb"},"inLanguage":"et","potentialAction":[{"@type":"ReadAction","target":["https:\/\/mybody5.ee.mybody.ee\/proov\/product\/iconfit-chaga-pulber-eesti-150g\/"]}]},{"@type":"BreadcrumbList","@id":"https:\/\/mybody5.ee.mybody.ee\/proov\/product\/iconfit-chaga-pulber-eesti-150g\/#breadcrumb","itemListElement":[{"@type":"ListItem","position":1,"name":"Home","item":"https:\/\/mybody5.ee.mybody.ee\/proov\/"},{"@type":"ListItem","position":2,"name":"Shop","item":"https:\/\/mybody5.ee.mybody.ee\/proov\/shop\/"},{"@type":"ListItem","position":3,"name":"ICONFIT Chaga Pulber, Eesti (150g)"}]},{"@type":"WebSite","@id":"https:\/\/mybody5.ee.mybody.ee\/proov\/#website","url":"https:\/\/mybody5.ee.mybody.ee\/proov\/","name":"MyBody.ee - Toidulisandid ja sporditarvikud","description":"Just another WordPress site","publisher":{"@id":"https:\/\/mybody5.ee.mybody.ee\/proov\/#organization"},"potentialAction":[{"@type":"SearchAction","target":{"@type":"EntryPoint","urlTemplate":"https:\/\/mybody5.ee.mybody.ee\/proov\/?s={search_term_string}"},"query-input":{"@type":"PropertyValueSpecification","valueRequired":true,"valueName":"search_term_string"}}],"inLanguage":"et"},{"@type":"Organization","@id":"https:\/\/mybody5.ee.mybody.ee\/proov\/#organization","name":"MyBody.ee","url":"https:\/\/mybody5.ee.mybody.ee\/proov\/","logo":{"@type":"ImageObject","inLanguage":"et","@id":"https:\/\/mybody5.ee.mybody.ee\/proov\/#\/schema\/logo\/image\/","url":"https:\/\/mybody5.ee.mybody.ee\/proov\/wp-content\/uploads\/2023\/11\/mybody_logo_h65-2.png","contentUrl":"https:\/\/mybody5.ee.mybody.ee\/proov\/wp-content\/uploads\/2023\/11\/mybody_logo_h65-2.png","width":229,"height":65,"caption":"MyBody.ee"},"image":{"@id":"https:\/\/mybody5.ee.mybody.ee\/proov\/#\/schema\/logo\/image\/"},"sameAs":["https:\/\/facebook.com\/MyBody.ee\/"]}]}},"_links":{"self":[{"href":"https:\/\/mybody5.ee.mybody.ee\/proov\/wp-json\/wp\/v2\/product\/963","targetHints":{"allow":["GET"]}}],"collection":[{"href":"https:\/\/mybody5.ee.mybody.ee\/proov\/wp-json\/wp\/v2\/product"}],"about":[{"href":"https:\/\/mybody5.ee.mybody.ee\/proov\/wp-json\/wp\/v2\/types\/product"}],"replies":[{"embeddable":true,"href":"https:\/\/mybody5.ee.mybody.ee\/proov\/wp-json\/wp\/v2\/comments?post=963"}],"wp:attachment":[{"href":"https:\/\/mybody5.ee.mybody.ee\/proov\/wp-json\/wp\/v2\/media?parent=963"}],"wp:term":[{"taxonomy":"product_cat","embeddable":true,"href":"https:\/\/mybody5.ee.mybody.ee\/proov\/wp-json\/wp\/v2\/product_cat?post=963"},{"taxonomy":"product_tag","embeddable":true,"href":"https:\/\/mybody5.ee.mybody.ee\/proov\/wp-json\/wp\/v2\/product_tag?post=963"}],"curies":[{"name":"wp","href":"https:\/\/api.w.org\/{rel}","templated":true}]}}