{"id":967,"date":"2021-03-15T15:05:24","date_gmt":"2021-03-15T15:05:24","guid":{"rendered":"https:\/\/mybody5.ee.mybody.ee\/proov\/product\/iconfit-inulin-400g-kasulik-kiudaine\/"},"modified":"2021-03-15T15:05:24","modified_gmt":"2021-03-15T15:05:24","slug":"iconfit-inulin-400g-kasulik-kiudaine","status":"publish","type":"product","link":"https:\/\/mybody5.ee.mybody.ee\/proov\/product\/iconfit-inulin-400g-kasulik-kiudaine\/","title":{"rendered":"ICONFIT Inulin 400g (Kasulik Kiudaine)"},"content":{"rendered":"<p style=\"padding: 0px 0px 5.5px; margin-left: 0px;\"><\/p>\n<p style=\"margin-bottom: 20px; caret-color: rgb(89, 95, 107); color: rgb(89, 95, 107); font-family: &quot;Open Sans&quot;, Arial, Helvetica, sans-serif; font-size: 14px; text-align: justify;\"><span style=\"font-weight: 700;\">ICONFIT Inulin<\/span>&nbsp;on kasulik prebiootiline kiudaine mis on saadud hinnatud sigurijuurest. K\u00f5rge 85% kiudainesisaldus teeb inuliini heaks lisandiks igas toidus ja smuutis. Lisa iga p\u00e4ev 12g oma smuutile, toidule v\u00f5i spordijoogile.<\/p>\n<p style=\"margin-bottom: 20px; caret-color: rgb(89, 95, 107); color: rgb(89, 95, 107); font-family: &quot;Open Sans&quot;, Arial, Helvetica, sans-serif; font-size: 14px;\">Inuliini on kasulik tarbida sest see on abiks seedimisele ning aitab kehal paremini toidust omandada kaltsiumi. Kaltsium on \u00e4\u00e4rmiselt t\u00e4htis luude tugevusele. Lisaks kuna iniliin on 85% kiudaine siis aitab see v\u00e4ga h\u00e4sti k\u00f5htu t\u00e4is hoida ning seel\u00e4bi dieedi korral v\u00e4hendada p\u00e4evast tarvitavat kalorite kogust.<\/p>\n<table width=\"100%\" style=\"max-width: 100%; caret-color: rgb(89, 95, 107); color: rgb(89, 95, 107); font-family: &quot;Open Sans&quot;, Arial, Helvetica, sans-serif; font-size: 14px; height: 143px;\">\n<tbody>\n<tr>\n<td width=\"100\" style=\"border-color: rgb(224, 222, 222);\">&nbsp;<a href=\"https:\/\/iconfit.eu\/wp-content\/uploads\/2019\/01\/chicory-inulin.jpg\" data-caption=\"\" style=\"transition-property: color, background-color, border-color; transition-duration: 0.2s; transition-timing-function: linear; color: rgb(89, 95, 107);\"><img decoding=\"async\" class=\"alignleft wp-image-11385 size-full\" src=\"https:\/\/iconfit.eu\/wp-content\/uploads\/2019\/01\/chicory-inulin.jpg\" alt=\"\" width=\"100\" height=\"134\" style=\"border-style: none; vertical-align: top; max-width: 100%; height: auto; display: inline; float: left; margin-right: 15px;\"><\/a><\/td>\n<td width=\"72\" style=\"border-color: rgb(224, 222, 222);\">\n<ul>\n<li style=\"text-align: justify;\">Toodetud looduslikust sigurijuurest ning t\u00e4is kasulikke kiudaineid. Maitselt mahe ja kerge magususega (u 30% suhkruga v\u00f5rreldes)<\/li>\n<\/ul>\n<\/td>\n<\/tr>\n<tr>\n<td width=\"100\" style=\"border-color: rgb(224, 222, 222);\">&nbsp;<a href=\"https:\/\/iconfit.eu\/wp-content\/uploads\/2019\/01\/fibre.jpg\" data-caption=\"\" style=\"transition-property: color, background-color, border-color; transition-duration: 0.2s; transition-timing-function: linear; color: rgb(89, 95, 107);\"><img decoding=\"async\" class=\"alignleft wp-image-11383 size-full\" src=\"https:\/\/iconfit.eu\/wp-content\/uploads\/2019\/01\/fibre.jpg\" alt=\"\" width=\"100\" height=\"86\" style=\"border-style: none; vertical-align: top; max-width: 100%; height: auto; display: inline; float: left; margin-right: 15px;\"><\/a><\/td>\n<td width=\"72\" style=\"border-color: rgb(224, 222, 222);\">\n<ul>\n<li style=\"text-align: justify;\">Toitumisteadlased soovitavad p\u00e4evas tarbida v\u00e4hemalt 25g kiudaineid kuid paljud meist ei saa toidust niipalju k\u00e4tte. Siin on abiks ICONFIT inuliin mille 12g portsjonis on \u00fcle 10g kiudaineid.<\/li>\n<\/ul>\n<\/td>\n<\/tr>\n<\/tbody>\n<\/table>\n<p style=\"margin-bottom: 20px; caret-color: rgb(89, 95, 107); color: rgb(89, 95, 107); font-family: &quot;Open Sans&quot;, Arial, Helvetica, sans-serif; font-size: 14px;\">Koostisosad: Inuliin. P\u00e4ritoluriik Belgia, Pakendatud Eestis.<\/p>\n<p style=\"margin-bottom: 20px; caret-color: rgb(89, 95, 107); color: rgb(89, 95, 107); font-family: &quot;Open Sans&quot;, Arial, Helvetica, sans-serif; font-size: 14px;\"><img decoding=\"async\" src=\"https:\/\/mybody.ee\/image\/catalog\/IconFit\/Screen Shot 2021-03-15 at 15.10.39.png\" style=\"width: 529px;\"><\/p>\n<p style=\"margin-bottom: 20px; caret-color: rgb(89, 95, 107); color: rgb(89, 95, 107); font-family: &quot;Open Sans&quot;, Arial, Helvetica, sans-serif; font-size: 14px;\"><\/p>\n<p style=\"caret-color: rgb(89, 95, 107); color: rgb(89, 95, 107); font-family: &quot;Open Sans&quot;, Arial, Helvetica, sans-serif; font-size: 14px; margin-bottom: 20px; text-align: justify;\"><span style=\"color: rgb(0, 0, 0); font-family: arial, helvetica, sans-serif; font-size: 12px;\">Oled oodatud tasuta konsultatsioonile MYBODY Audentese kauplusesse,<\/span><\/p>\n<ul>\n<ul class=\"fusion-checklist fusion-checklist-4\" style=\"list-style-type: none; padding: 0px; margin-top: 10px; margin-right: 0px; margin-left: 0px; line-height: 23.8px;\">\n<li class=\"fusion-li-item\" style=\"padding: 0px 0px 5.5px; margin-left: 0px;\"><\/li>\n<\/ul>\n<li style=\"text-align: justify;\"><span style=\"font-size: 12px;\"><span style=\"font-family: arial, helvetica, sans-serif;\">Asukoht: Audentese Spordikeskus, Tondi 84.<\/span><\/span><\/li>\n<li style=\"text-align: justify;\"><span style=\"font-size: 12px;\"><span style=\"font-family: arial, helvetica, sans-serif;\">Telefon EST\/RUS\/ENG +372&nbsp;523 1960<\/span><\/span><\/li>\n<li style=\"text-align: justify;\"><span style=\"font-size: 12px;\"><span style=\"font-family: arial, helvetica, sans-serif;\">Telefon EST\/ENG +372 56&nbsp;458&nbsp;688<\/span><\/span><\/li>\n<li style=\"text-align: justify;\"><span style=\"font-size: 12px;\"><span style=\"font-family: arial, helvetica, sans-serif;\"><a href=\"mailto:info@mybody.ee\">info@mybody.ee<\/a><\/span><\/span><\/li>\n<li style=\"text-align: justify;\"><span style=\"font-size: 12px;\"><span style=\"font-family: arial, helvetica, sans-serif;\"><a href=\"http:\/\/www.facebook.com\/mybody.ee\">www.facebook.com\/mybody.ee<\/a><\/span><\/span><\/li>\n<\/ul>\n","protected":false},"excerpt":{"rendered":"<p>ICONFIT Inulin&nbsp;on kasulik prebiootiline kiudaine mis on saadud hinnatud sigurijuurest. K\u00f5rge 85% kiudainesisaldus teeb inuliini heaks lisandiks igas toidus ja smuutis. Lisa iga p\u00e4ev 12g oma smuutile, toidule v\u00f5i spordijoogile. Inuliini on kasulik tarbida sest see on abiks seedimisele ning aitab kehal paremini toidust omandada kaltsiumi. Kaltsium on \u00e4\u00e4rmiselt t\u00e4htis luude tugevusele. Lisaks kuna iniliin [&hellip;]<\/p>\n","protected":false},"featured_media":0,"comment_status":"open","ping_status":"closed","template":"","meta":{"inline_featured_image":false},"product_cat":[25],"product_tag":[],"class_list":{"0":"post-967","1":"product","2":"type-product","3":"status-publish","5":"product_cat-naturaalsed-toidulisandid","7":"first","8":"instock","9":"shipping-taxable","10":"purchasable","11":"product-type-simple"},"yoast_head":"<!-- This site is optimized with the Yoast SEO plugin v27.3 - https:\/\/yoast.com\/product\/yoast-seo-wordpress\/ -->\n<title>ICONFIT Inulin 400g (Kasulik Kiudaine)- MyBody.ee - Toidulisandid ja sporditarvikud<\/title>\n<meta name=\"robots\" content=\"index, follow, max-snippet:-1, max-image-preview:large, max-video-preview:-1\" \/>\n<link rel=\"canonical\" href=\"https:\/\/mybody5.ee.mybody.ee\/proov\/product\/iconfit-inulin-400g-kasulik-kiudaine\/\" \/>\n<meta property=\"og:locale\" content=\"et_EE\" \/>\n<meta property=\"og:type\" content=\"article\" \/>\n<meta property=\"og:title\" content=\"ICONFIT Inulin 400g (Kasulik Kiudaine)- MyBody.ee - Toidulisandid ja sporditarvikud\" \/>\n<meta property=\"og:description\" content=\"ICONFIT Inulin&nbsp;on kasulik prebiootiline kiudaine mis on saadud hinnatud sigurijuurest. K\u00f5rge 85% kiudainesisaldus teeb inuliini heaks lisandiks igas toidus ja smuutis. Lisa iga p\u00e4ev 12g oma smuutile, toidule v\u00f5i spordijoogile. Inuliini on kasulik tarbida sest see on abiks seedimisele ning aitab kehal paremini toidust omandada kaltsiumi. Kaltsium on \u00e4\u00e4rmiselt t\u00e4htis luude tugevusele. Lisaks kuna iniliin [&hellip;]\" \/>\n<meta property=\"og:url\" content=\"https:\/\/mybody5.ee.mybody.ee\/proov\/product\/iconfit-inulin-400g-kasulik-kiudaine\/\" \/>\n<meta property=\"og:site_name\" content=\"supplero\" \/>\n<meta property=\"article:publisher\" content=\"https:\/\/facebook.com\/MyBody.ee\/\" \/>\n<meta property=\"og:image\" content=\"https:\/\/iconfit.eu\/wp-content\/uploads\/2019\/01\/chicory-inulin.jpg\" \/>\n<meta name=\"twitter:card\" content=\"summary_large_image\" \/>\n<meta name=\"twitter:label1\" content=\"Est. reading time\" \/>\n\t<meta name=\"twitter:data1\" content=\"1 minut\" \/>\n<script type=\"application\/ld+json\" class=\"yoast-schema-graph\">{\"@context\":\"https:\\\/\\\/schema.org\",\"@graph\":[{\"@type\":\"WebPage\",\"@id\":\"https:\\\/\\\/mybody5.ee.mybody.ee\\\/proov\\\/product\\\/iconfit-inulin-400g-kasulik-kiudaine\\\/\",\"url\":\"https:\\\/\\\/mybody5.ee.mybody.ee\\\/proov\\\/product\\\/iconfit-inulin-400g-kasulik-kiudaine\\\/\",\"name\":\"ICONFIT Inulin 400g (Kasulik Kiudaine)- MyBody.ee - Toidulisandid ja sporditarvikud\",\"isPartOf\":{\"@id\":\"https:\\\/\\\/mybody5.ee.mybody.ee\\\/proov\\\/#website\"},\"primaryImageOfPage\":{\"@id\":\"https:\\\/\\\/mybody5.ee.mybody.ee\\\/proov\\\/product\\\/iconfit-inulin-400g-kasulik-kiudaine\\\/#primaryimage\"},\"image\":{\"@id\":\"https:\\\/\\\/mybody5.ee.mybody.ee\\\/proov\\\/product\\\/iconfit-inulin-400g-kasulik-kiudaine\\\/#primaryimage\"},\"thumbnailUrl\":\"https:\\\/\\\/iconfit.eu\\\/wp-content\\\/uploads\\\/2019\\\/01\\\/chicory-inulin.jpg\",\"datePublished\":\"2021-03-15T15:05:24+00:00\",\"breadcrumb\":{\"@id\":\"https:\\\/\\\/mybody5.ee.mybody.ee\\\/proov\\\/product\\\/iconfit-inulin-400g-kasulik-kiudaine\\\/#breadcrumb\"},\"inLanguage\":\"et\",\"potentialAction\":[{\"@type\":\"ReadAction\",\"target\":[\"https:\\\/\\\/mybody5.ee.mybody.ee\\\/proov\\\/product\\\/iconfit-inulin-400g-kasulik-kiudaine\\\/\"]}]},{\"@type\":\"ImageObject\",\"inLanguage\":\"et\",\"@id\":\"https:\\\/\\\/mybody5.ee.mybody.ee\\\/proov\\\/product\\\/iconfit-inulin-400g-kasulik-kiudaine\\\/#primaryimage\",\"url\":\"https:\\\/\\\/iconfit.eu\\\/wp-content\\\/uploads\\\/2019\\\/01\\\/chicory-inulin.jpg\",\"contentUrl\":\"https:\\\/\\\/iconfit.eu\\\/wp-content\\\/uploads\\\/2019\\\/01\\\/chicory-inulin.jpg\"},{\"@type\":\"BreadcrumbList\",\"@id\":\"https:\\\/\\\/mybody5.ee.mybody.ee\\\/proov\\\/product\\\/iconfit-inulin-400g-kasulik-kiudaine\\\/#breadcrumb\",\"itemListElement\":[{\"@type\":\"ListItem\",\"position\":1,\"name\":\"Home\",\"item\":\"https:\\\/\\\/mybody5.ee.mybody.ee\\\/proov\\\/\"},{\"@type\":\"ListItem\",\"position\":2,\"name\":\"Shop\",\"item\":\"https:\\\/\\\/mybody5.ee.mybody.ee\\\/proov\\\/shop\\\/\"},{\"@type\":\"ListItem\",\"position\":3,\"name\":\"ICONFIT Inulin 400g (Kasulik Kiudaine)\"}]},{\"@type\":\"WebSite\",\"@id\":\"https:\\\/\\\/mybody5.ee.mybody.ee\\\/proov\\\/#website\",\"url\":\"https:\\\/\\\/mybody5.ee.mybody.ee\\\/proov\\\/\",\"name\":\"MyBody.ee - Toidulisandid ja sporditarvikud\",\"description\":\"Just another WordPress site\",\"publisher\":{\"@id\":\"https:\\\/\\\/mybody5.ee.mybody.ee\\\/proov\\\/#organization\"},\"potentialAction\":[{\"@type\":\"SearchAction\",\"target\":{\"@type\":\"EntryPoint\",\"urlTemplate\":\"https:\\\/\\\/mybody5.ee.mybody.ee\\\/proov\\\/?s={search_term_string}\"},\"query-input\":{\"@type\":\"PropertyValueSpecification\",\"valueRequired\":true,\"valueName\":\"search_term_string\"}}],\"inLanguage\":\"et\"},{\"@type\":\"Organization\",\"@id\":\"https:\\\/\\\/mybody5.ee.mybody.ee\\\/proov\\\/#organization\",\"name\":\"MyBody.ee\",\"url\":\"https:\\\/\\\/mybody5.ee.mybody.ee\\\/proov\\\/\",\"logo\":{\"@type\":\"ImageObject\",\"inLanguage\":\"et\",\"@id\":\"https:\\\/\\\/mybody5.ee.mybody.ee\\\/proov\\\/#\\\/schema\\\/logo\\\/image\\\/\",\"url\":\"https:\\\/\\\/mybody5.ee.mybody.ee\\\/proov\\\/wp-content\\\/uploads\\\/2023\\\/11\\\/mybody_logo_h65-2.png\",\"contentUrl\":\"https:\\\/\\\/mybody5.ee.mybody.ee\\\/proov\\\/wp-content\\\/uploads\\\/2023\\\/11\\\/mybody_logo_h65-2.png\",\"width\":229,\"height\":65,\"caption\":\"MyBody.ee\"},\"image\":{\"@id\":\"https:\\\/\\\/mybody5.ee.mybody.ee\\\/proov\\\/#\\\/schema\\\/logo\\\/image\\\/\"},\"sameAs\":[\"https:\\\/\\\/facebook.com\\\/MyBody.ee\\\/\"]}]}<\/script>\n<!-- \/ Yoast SEO plugin. -->","yoast_head_json":{"title":"ICONFIT Inulin 400g (Kasulik Kiudaine)- MyBody.ee - Toidulisandid ja sporditarvikud","robots":{"index":"index","follow":"follow","max-snippet":"max-snippet:-1","max-image-preview":"max-image-preview:large","max-video-preview":"max-video-preview:-1"},"canonical":"https:\/\/mybody5.ee.mybody.ee\/proov\/product\/iconfit-inulin-400g-kasulik-kiudaine\/","og_locale":"et_EE","og_type":"article","og_title":"ICONFIT Inulin 400g (Kasulik Kiudaine)- MyBody.ee - Toidulisandid ja sporditarvikud","og_description":"ICONFIT Inulin&nbsp;on kasulik prebiootiline kiudaine mis on saadud hinnatud sigurijuurest. K\u00f5rge 85% kiudainesisaldus teeb inuliini heaks lisandiks igas toidus ja smuutis. Lisa iga p\u00e4ev 12g oma smuutile, toidule v\u00f5i spordijoogile. Inuliini on kasulik tarbida sest see on abiks seedimisele ning aitab kehal paremini toidust omandada kaltsiumi. Kaltsium on \u00e4\u00e4rmiselt t\u00e4htis luude tugevusele. Lisaks kuna iniliin [&hellip;]","og_url":"https:\/\/mybody5.ee.mybody.ee\/proov\/product\/iconfit-inulin-400g-kasulik-kiudaine\/","og_site_name":"supplero","article_publisher":"https:\/\/facebook.com\/MyBody.ee\/","og_image":[{"url":"https:\/\/iconfit.eu\/wp-content\/uploads\/2019\/01\/chicory-inulin.jpg","type":"","width":"","height":""}],"twitter_card":"summary_large_image","twitter_misc":{"Est. reading time":"1 minut"},"schema":{"@context":"https:\/\/schema.org","@graph":[{"@type":"WebPage","@id":"https:\/\/mybody5.ee.mybody.ee\/proov\/product\/iconfit-inulin-400g-kasulik-kiudaine\/","url":"https:\/\/mybody5.ee.mybody.ee\/proov\/product\/iconfit-inulin-400g-kasulik-kiudaine\/","name":"ICONFIT Inulin 400g (Kasulik Kiudaine)- MyBody.ee - Toidulisandid ja sporditarvikud","isPartOf":{"@id":"https:\/\/mybody5.ee.mybody.ee\/proov\/#website"},"primaryImageOfPage":{"@id":"https:\/\/mybody5.ee.mybody.ee\/proov\/product\/iconfit-inulin-400g-kasulik-kiudaine\/#primaryimage"},"image":{"@id":"https:\/\/mybody5.ee.mybody.ee\/proov\/product\/iconfit-inulin-400g-kasulik-kiudaine\/#primaryimage"},"thumbnailUrl":"https:\/\/iconfit.eu\/wp-content\/uploads\/2019\/01\/chicory-inulin.jpg","datePublished":"2021-03-15T15:05:24+00:00","breadcrumb":{"@id":"https:\/\/mybody5.ee.mybody.ee\/proov\/product\/iconfit-inulin-400g-kasulik-kiudaine\/#breadcrumb"},"inLanguage":"et","potentialAction":[{"@type":"ReadAction","target":["https:\/\/mybody5.ee.mybody.ee\/proov\/product\/iconfit-inulin-400g-kasulik-kiudaine\/"]}]},{"@type":"ImageObject","inLanguage":"et","@id":"https:\/\/mybody5.ee.mybody.ee\/proov\/product\/iconfit-inulin-400g-kasulik-kiudaine\/#primaryimage","url":"https:\/\/iconfit.eu\/wp-content\/uploads\/2019\/01\/chicory-inulin.jpg","contentUrl":"https:\/\/iconfit.eu\/wp-content\/uploads\/2019\/01\/chicory-inulin.jpg"},{"@type":"BreadcrumbList","@id":"https:\/\/mybody5.ee.mybody.ee\/proov\/product\/iconfit-inulin-400g-kasulik-kiudaine\/#breadcrumb","itemListElement":[{"@type":"ListItem","position":1,"name":"Home","item":"https:\/\/mybody5.ee.mybody.ee\/proov\/"},{"@type":"ListItem","position":2,"name":"Shop","item":"https:\/\/mybody5.ee.mybody.ee\/proov\/shop\/"},{"@type":"ListItem","position":3,"name":"ICONFIT Inulin 400g (Kasulik Kiudaine)"}]},{"@type":"WebSite","@id":"https:\/\/mybody5.ee.mybody.ee\/proov\/#website","url":"https:\/\/mybody5.ee.mybody.ee\/proov\/","name":"MyBody.ee - Toidulisandid ja sporditarvikud","description":"Just another WordPress site","publisher":{"@id":"https:\/\/mybody5.ee.mybody.ee\/proov\/#organization"},"potentialAction":[{"@type":"SearchAction","target":{"@type":"EntryPoint","urlTemplate":"https:\/\/mybody5.ee.mybody.ee\/proov\/?s={search_term_string}"},"query-input":{"@type":"PropertyValueSpecification","valueRequired":true,"valueName":"search_term_string"}}],"inLanguage":"et"},{"@type":"Organization","@id":"https:\/\/mybody5.ee.mybody.ee\/proov\/#organization","name":"MyBody.ee","url":"https:\/\/mybody5.ee.mybody.ee\/proov\/","logo":{"@type":"ImageObject","inLanguage":"et","@id":"https:\/\/mybody5.ee.mybody.ee\/proov\/#\/schema\/logo\/image\/","url":"https:\/\/mybody5.ee.mybody.ee\/proov\/wp-content\/uploads\/2023\/11\/mybody_logo_h65-2.png","contentUrl":"https:\/\/mybody5.ee.mybody.ee\/proov\/wp-content\/uploads\/2023\/11\/mybody_logo_h65-2.png","width":229,"height":65,"caption":"MyBody.ee"},"image":{"@id":"https:\/\/mybody5.ee.mybody.ee\/proov\/#\/schema\/logo\/image\/"},"sameAs":["https:\/\/facebook.com\/MyBody.ee\/"]}]}},"_links":{"self":[{"href":"https:\/\/mybody5.ee.mybody.ee\/proov\/wp-json\/wp\/v2\/product\/967","targetHints":{"allow":["GET"]}}],"collection":[{"href":"https:\/\/mybody5.ee.mybody.ee\/proov\/wp-json\/wp\/v2\/product"}],"about":[{"href":"https:\/\/mybody5.ee.mybody.ee\/proov\/wp-json\/wp\/v2\/types\/product"}],"replies":[{"embeddable":true,"href":"https:\/\/mybody5.ee.mybody.ee\/proov\/wp-json\/wp\/v2\/comments?post=967"}],"wp:attachment":[{"href":"https:\/\/mybody5.ee.mybody.ee\/proov\/wp-json\/wp\/v2\/media?parent=967"}],"wp:term":[{"taxonomy":"product_cat","embeddable":true,"href":"https:\/\/mybody5.ee.mybody.ee\/proov\/wp-json\/wp\/v2\/product_cat?post=967"},{"taxonomy":"product_tag","embeddable":true,"href":"https:\/\/mybody5.ee.mybody.ee\/proov\/wp-json\/wp\/v2\/product_tag?post=967"}],"curies":[{"name":"wp","href":"https:\/\/api.w.org\/{rel}","templated":true}]}}